{"id":14686,"date":"2025-02-26T19:01:43","date_gmt":"2025-02-26T19:01:43","guid":{"rendered":"https:\/\/edimeinter.com\/libreria\/?post_type=product&#038;p=14686"},"modified":"2025-03-28T20:09:15","modified_gmt":"2025-03-28T20:09:15","slug":"inhibidores-del-punto-de-control-inmunitario-en-oncologia-1a-edicion","status":"publish","type":"product","link":"https:\/\/edimeinter.com\/libreria\/product\/inhibidores-del-punto-de-control-inmunitario-en-oncologia-1a-edicion\/","title":{"rendered":"Inhibidores del punto de control inmunitario en oncolog\u00eda. 1\u00aa Edici\u00f3n"},"content":{"rendered":"\t\t<div data-elementor-type=\"wp-post\" data-elementor-id=\"14686\" class=\"elementor elementor-14686\">\n\t\t\t\t<div class=\"elementor-element elementor-element-2612b12 e-flex e-con-boxed e-con e-parent\" data-id=\"2612b12\" data-element_type=\"container\" data-e-type=\"container\">\n\t\t\t\t\t<div class=\"e-con-inner\">\n\t\t\n\t\t<div class=\"elementor-element elementor-element-498707ae elementor-widget elementor-widget-text-editor\" data-id=\"498707ae\" data-element_type=\"widget\" data-e-type=\"widget\" data-widget_type=\"text-editor.default\">\n\t\t\t\t<div class=\"elementor-widget-container\">\n\t\t\t\t\t\t\t\t\t<p>Pr\u00e1ctico t\u00edtulo que sintetiza la investigaci\u00f3n m\u00e1s actualizada y constituye una gu\u00eda pr\u00e1ctica sobre los inhibidores del punto de control inmunitario.<\/p><p>Manual que presenta la informaci\u00f3n organizada de forma asequible de f\u00e1cil lectura l\u00f3gica y organizada por \u00f3rganos.<\/p><p>Explica c\u00f3mo aprovechar mejor el sistema inmunitario contra diferentes tipos de c\u00e1ncer en diferentes etapas y ayuda a traducir la investigaci\u00f3n y la literatura actual en informaci\u00f3n pr\u00e1ctica para el ejercicio diario de la profesi\u00f3n.<\/p><p>Se presenta como una referencia pr\u00e1ctica para onc\u00f3logos en formaci\u00f3n y en ejercicio as\u00ed como para los investigadores.<\/p>\t\t\t\t\t\t\t\t<\/div>\n\t\t\t\t<\/div>\n\t\t\t\t\t<\/div>\n\t\t\t\t<\/div>\n\t\t\t\t<\/div>\n\t\t","protected":false},"excerpt":{"rendered":"<p><strong>Autores:<\/strong>\u00a0Fumito Ito &amp; Marc Ernstoff<br \/>\n<strong>ISBN:<\/strong>\u00a09788491136729<br \/>\n<strong>Editorial:<\/strong>\u00a0Elsevier<br \/>\n<strong>Edici\u00f3n:<\/strong>\u00a01\u00aa<br \/>\n<strong>Especialidad<\/strong>: Oncolog\u00eda<br \/>\n<strong>P\u00e1ginas<\/strong>: 272<br \/>\n\u00a9 2020<\/p>\n","protected":false},"featured_media":14687,"comment_status":"open","ping_status":"open","template":"","meta":{"_joinchat":[]},"product_cat":[77],"product_tag":[85,78],"class_list":{"0":"post-14686","1":"product","2":"type-product","3":"status-publish","4":"has-post-thumbnail","6":"product_cat-oncologia","7":"product_tag-elsevier","8":"product_tag-oncologia","10":"first","11":"instock","12":"featured","13":"purchasable","14":"product-type-simple"},"_links":{"self":[{"href":"https:\/\/edimeinter.com\/libreria\/wp-json\/wp\/v2\/product\/14686","targetHints":{"allow":["GET"]}}],"collection":[{"href":"https:\/\/edimeinter.com\/libreria\/wp-json\/wp\/v2\/product"}],"about":[{"href":"https:\/\/edimeinter.com\/libreria\/wp-json\/wp\/v2\/types\/product"}],"replies":[{"embeddable":true,"href":"https:\/\/edimeinter.com\/libreria\/wp-json\/wp\/v2\/comments?post=14686"}],"version-history":[{"count":4,"href":"https:\/\/edimeinter.com\/libreria\/wp-json\/wp\/v2\/product\/14686\/revisions"}],"predecessor-version":[{"id":14691,"href":"https:\/\/edimeinter.com\/libreria\/wp-json\/wp\/v2\/product\/14686\/revisions\/14691"}],"wp:featuredmedia":[{"embeddable":true,"href":"https:\/\/edimeinter.com\/libreria\/wp-json\/wp\/v2\/media\/14687"}],"wp:attachment":[{"href":"https:\/\/edimeinter.com\/libreria\/wp-json\/wp\/v2\/media?parent=14686"}],"wp:term":[{"taxonomy":"product_cat","embeddable":true,"href":"https:\/\/edimeinter.com\/libreria\/wp-json\/wp\/v2\/product_cat?post=14686"},{"taxonomy":"product_tag","embeddable":true,"href":"https:\/\/edimeinter.com\/libreria\/wp-json\/wp\/v2\/product_tag?post=14686"}],"curies":[{"name":"wp","href":"https:\/\/api.w.org\/{rel}","templated":true}]}}