{"id":14736,"date":"2025-02-26T19:45:32","date_gmt":"2025-02-26T19:45:32","guid":{"rendered":"https:\/\/edimeinter.com\/libreria\/?post_type=product&#038;p=14736"},"modified":"2025-03-28T20:08:07","modified_gmt":"2025-03-28T20:08:07","slug":"lenguaje-nic-para-el-aprendizaje-teorico-practico-en-enfermeria-2a-edicion","status":"publish","type":"product","link":"https:\/\/edimeinter.com\/libreria\/product\/lenguaje-nic-para-el-aprendizaje-teorico-practico-en-enfermeria-2a-edicion\/","title":{"rendered":"Lenguaje NIC para el aprendizaje te\u00f3rico-pr\u00e1ctico en enfermer\u00eda. 2\u00aa Edici\u00f3n"},"content":{"rendered":"\t\t<div data-elementor-type=\"wp-post\" data-elementor-id=\"14736\" class=\"elementor elementor-14736\">\n\t\t\t\t<div class=\"elementor-element elementor-element-2612b12 e-flex e-con-boxed e-con e-parent\" data-id=\"2612b12\" data-element_type=\"container\" data-e-type=\"container\">\n\t\t\t\t\t<div class=\"e-con-inner\">\n\t\t\n\t\t<div class=\"elementor-element elementor-element-498707ae elementor-widget elementor-widget-text-editor\" data-id=\"498707ae\" data-element_type=\"widget\" data-e-type=\"widget\" data-widget_type=\"text-editor.default\">\n\t\t\t\t<div class=\"elementor-widget-container\">\n\t\t\t\t\t\t\t\t\t<p>Nueva edici\u00f3n actualizada que recoge las intervenciones de la s\u00e9ptima edici\u00f3n de la Clasificaci\u00f3n de Intervenciones de Enfermer\u00eda (NIC).<\/p><p>Teniendo en cuenta las competencias de la profesi\u00f3n se han incluido las intervenciones enfermeras que hacen referencia no solo al \u00e1mbito asistencial sino tambi\u00e9n a la responsabilidad gestora la acci\u00f3n educativa y el compromiso investigador.<\/p><p>La obra consta de m\u00f3dulos que concuerdan con el nivel de competencia dentro del grado en Enfermer\u00eda por lo que constituye un valioso texto b\u00e1sico del aprendizaje te\u00f3rico-pr\u00e1ctivo para los estudiantes de Enfermer\u00eda. Los m\u00f3dulos han sido reformulados para reforzar la presentaci\u00f3n de los contenidos de forma coherente con los distintos \u00e1mbitos de la realidad asistencial favoreciendo los aprendizajes pr\u00e1cticos de los estudiantes a trav\u00e9s del lenguaje estandarizado como eje vertebrador en consonancia con las actuales demandas de salud.<\/p><p>Resulta de gran ayuda a los profesionales en activo teniendo en cuenta que se vinculan los procedimientos a las intervenciones NIC siguiendo el mismo esquema de los registros inform\u00e1ticos del \u00e1mbito asistencial en los cuales se asocian los protocolos a las intervenciones NIC para facilitar su implementaci\u00f3n.<\/p>\t\t\t\t\t\t\t\t<\/div>\n\t\t\t\t<\/div>\n\t\t\t\t\t<\/div>\n\t\t\t\t<\/div>\n\t\t\t\t<\/div>\n\t\t","protected":false},"excerpt":{"rendered":"<p><strong>Autores:<\/strong>\u00a0Rosa Rif\u00e0 Ros &amp; Cristina Oliv\u00e9 Adrados &amp; Montserrat Lamoglia Puig<br \/>\n<strong>ISBN:<\/strong>\u00a09788491135272<br \/>\n<strong>Editorial:<\/strong>\u00a0Elsevier<br \/>\n<strong>Edici\u00f3n:<\/strong>\u00a02\u00aa<br \/>\n<strong>Especialidad<\/strong>: Enfermer\u00eda<br \/>\n<strong>P\u00e1ginas<\/strong>: 552<br \/>\n\u00a9 2020<\/p>\n","protected":false},"featured_media":14737,"comment_status":"open","ping_status":"open","template":"","meta":{"_joinchat":[]},"product_cat":[115],"product_tag":[85,82],"class_list":{"0":"post-14736","1":"product","2":"type-product","3":"status-publish","4":"has-post-thumbnail","6":"product_cat-enfermeria","7":"product_tag-elsevier","8":"product_tag-enfermeria","10":"first","11":"instock","12":"featured","13":"purchasable","14":"product-type-simple"},"_links":{"self":[{"href":"https:\/\/edimeinter.com\/libreria\/wp-json\/wp\/v2\/product\/14736","targetHints":{"allow":["GET"]}}],"collection":[{"href":"https:\/\/edimeinter.com\/libreria\/wp-json\/wp\/v2\/product"}],"about":[{"href":"https:\/\/edimeinter.com\/libreria\/wp-json\/wp\/v2\/types\/product"}],"replies":[{"embeddable":true,"href":"https:\/\/edimeinter.com\/libreria\/wp-json\/wp\/v2\/comments?post=14736"}],"version-history":[{"count":4,"href":"https:\/\/edimeinter.com\/libreria\/wp-json\/wp\/v2\/product\/14736\/revisions"}],"predecessor-version":[{"id":14741,"href":"https:\/\/edimeinter.com\/libreria\/wp-json\/wp\/v2\/product\/14736\/revisions\/14741"}],"wp:featuredmedia":[{"embeddable":true,"href":"https:\/\/edimeinter.com\/libreria\/wp-json\/wp\/v2\/media\/14737"}],"wp:attachment":[{"href":"https:\/\/edimeinter.com\/libreria\/wp-json\/wp\/v2\/media?parent=14736"}],"wp:term":[{"taxonomy":"product_cat","embeddable":true,"href":"https:\/\/edimeinter.com\/libreria\/wp-json\/wp\/v2\/product_cat?post=14736"},{"taxonomy":"product_tag","embeddable":true,"href":"https:\/\/edimeinter.com\/libreria\/wp-json\/wp\/v2\/product_tag?post=14736"}],"curies":[{"name":"wp","href":"https:\/\/api.w.org\/{rel}","templated":true}]}}