{"id":14774,"date":"2025-02-26T20:06:18","date_gmt":"2025-02-26T20:06:18","guid":{"rendered":"https:\/\/edimeinter.com\/libreria\/?post_type=product&#038;p=14774"},"modified":"2025-03-28T20:07:16","modified_gmt":"2025-03-28T20:07:16","slug":"gestion-de-los-cuidados-enfermeros-y-liderazgo-6a-edicion","status":"publish","type":"product","link":"https:\/\/edimeinter.com\/libreria\/product\/gestion-de-los-cuidados-enfermeros-y-liderazgo-6a-edicion\/","title":{"rendered":"Gesti\u00f3n de los cuidados enfermeros y liderazgo. 6\u00aa Edici\u00f3n"},"content":{"rendered":"\t\t<div data-elementor-type=\"wp-post\" data-elementor-id=\"14774\" class=\"elementor elementor-14774\">\n\t\t\t\t<div class=\"elementor-element elementor-element-2612b12 e-flex e-con-boxed e-con e-parent\" data-id=\"2612b12\" data-element_type=\"container\" data-e-type=\"container\">\n\t\t\t\t\t<div class=\"e-con-inner\">\n\t\t\n\t\t<div class=\"elementor-element elementor-element-498707ae elementor-widget elementor-widget-text-editor\" data-id=\"498707ae\" data-element_type=\"widget\" data-e-type=\"widget\" data-widget_type=\"text-editor.default\">\n\t\t\t\t<div class=\"elementor-widget-container\">\n\t\t\t\t\t\t\t\t\t<p>Obra que proporciona tanto una introducci\u00f3n amplia a este campo as\u00ed como un resumen de la base de conocimiento y las habilidades relacionadas con el liderazgo y la gesti\u00f3n de enfermer\u00eda.<\/p><p>Presenta una fusi\u00f3n de pr\u00e1ctica y teor\u00eda que abre nuevas perspectivas mediante la explicaci\u00f3n de la intersecci\u00f3n de los cuidados de enfermer\u00eda con el liderazgo de las personas y la gesti\u00f3n de organizaciones y sistemas.<\/p><p>Tiene un doble objetivo que consiste en diferenciar con claridad las perspectivas tradicionales de liderazgo y gesti\u00f3n y relacionarlas de forma integrada con las tendencias actuales en enfermer\u00eda y las aplicaciones pr\u00e1cticas. El contenido de esta sexta edici\u00f3n se ha reorganizado y actualizado para integrar los temas de liderazgo y gesti\u00f3n con las competencias de liderazgo ejecutivo en enfermer\u00eda de la American Organization on Nurse Executives (AONE).<\/p><p>Esta dise\u00f1ada para cubrir las necesidades de los profesionales y estudiantes de enfermer\u00eda que busquen una base sobre los principios de liderazgo y coordinaci\u00f3n de los servicios de enfermer\u00eda en relaci\u00f3n con los cuidados de los pacientes los compa\u00f1eros los superiores y los subordinados.<\/p>\t\t\t\t\t\t\t\t<\/div>\n\t\t\t\t<\/div>\n\t\t\t\t\t<\/div>\n\t\t\t\t<\/div>\n\t\t\t\t<\/div>\n\t\t","protected":false},"excerpt":{"rendered":"<p><strong>Autores:<\/strong>\u00a0Diane Huber<br \/>\n<strong>ISBN:<\/strong>\u00a09788491135180<br \/>\n<strong>Editorial:<\/strong>\u00a0Elsevier<br \/>\n<strong>Edici\u00f3n:<\/strong>\u00a06\u00aa<br \/>\n<strong>Especialidad<\/strong>: Enfermer\u00eda<br \/>\n<strong>P\u00e1ginas<\/strong>: 544<br \/>\n\u00a9 2019<\/p>\n","protected":false},"featured_media":14775,"comment_status":"open","ping_status":"open","template":"","meta":{"_joinchat":[]},"product_cat":[115],"product_tag":[85,82],"class_list":{"0":"post-14774","1":"product","2":"type-product","3":"status-publish","4":"has-post-thumbnail","6":"product_cat-enfermeria","7":"product_tag-elsevier","8":"product_tag-enfermeria","10":"first","11":"instock","12":"featured","13":"purchasable","14":"product-type-simple"},"_links":{"self":[{"href":"https:\/\/edimeinter.com\/libreria\/wp-json\/wp\/v2\/product\/14774","targetHints":{"allow":["GET"]}}],"collection":[{"href":"https:\/\/edimeinter.com\/libreria\/wp-json\/wp\/v2\/product"}],"about":[{"href":"https:\/\/edimeinter.com\/libreria\/wp-json\/wp\/v2\/types\/product"}],"replies":[{"embeddable":true,"href":"https:\/\/edimeinter.com\/libreria\/wp-json\/wp\/v2\/comments?post=14774"}],"version-history":[{"count":4,"href":"https:\/\/edimeinter.com\/libreria\/wp-json\/wp\/v2\/product\/14774\/revisions"}],"predecessor-version":[{"id":14779,"href":"https:\/\/edimeinter.com\/libreria\/wp-json\/wp\/v2\/product\/14774\/revisions\/14779"}],"wp:featuredmedia":[{"embeddable":true,"href":"https:\/\/edimeinter.com\/libreria\/wp-json\/wp\/v2\/media\/14775"}],"wp:attachment":[{"href":"https:\/\/edimeinter.com\/libreria\/wp-json\/wp\/v2\/media?parent=14774"}],"wp:term":[{"taxonomy":"product_cat","embeddable":true,"href":"https:\/\/edimeinter.com\/libreria\/wp-json\/wp\/v2\/product_cat?post=14774"},{"taxonomy":"product_tag","embeddable":true,"href":"https:\/\/edimeinter.com\/libreria\/wp-json\/wp\/v2\/product_tag?post=14774"}],"curies":[{"name":"wp","href":"https:\/\/api.w.org\/{rel}","templated":true}]}}