{"id":14781,"date":"2025-02-26T20:10:19","date_gmt":"2025-02-26T20:10:19","guid":{"rendered":"https:\/\/edimeinter.com\/libreria\/?post_type=product&#038;p=14781"},"modified":"2025-03-28T20:07:09","modified_gmt":"2025-03-28T20:07:09","slug":"electrolisis-percutanea-musculoesqueletica-tendon-y-bursa-1a-edicion","status":"publish","type":"product","link":"https:\/\/edimeinter.com\/libreria\/product\/electrolisis-percutanea-musculoesqueletica-tendon-y-bursa-1a-edicion\/","title":{"rendered":"Electrolisis percut\u00e1nea musculoesquel\u00e9tica. Tend\u00f3n y bursa. 1\u00aa Edici\u00f3n"},"content":{"rendered":"\t\t<div data-elementor-type=\"wp-post\" data-elementor-id=\"14781\" class=\"elementor elementor-14781\">\n\t\t\t\t<div class=\"elementor-element elementor-element-2612b12 e-flex e-con-boxed e-con e-parent\" data-id=\"2612b12\" data-element_type=\"container\" data-e-type=\"container\">\n\t\t\t\t\t<div class=\"e-con-inner\">\n\t\t\n\t\t<div class=\"elementor-element elementor-element-498707ae elementor-widget elementor-widget-text-editor\" data-id=\"498707ae\" data-element_type=\"widget\" data-e-type=\"widget\" data-widget_type=\"text-editor.default\">\n\t\t\t\t<div class=\"elementor-widget-container\">\n\t\t\t\t\t\t\t\t\t<p>Obra pionera que aborda la aplicaci\u00f3n de la electrolisis percut\u00e1nea en las principales tendinopat\u00edas y lesiones bursales a trav\u00e9s de una metodolog\u00eda creada desarrollada y validada por los autores que se fundamenta en el razonamiento cl\u00ednico y que integra la experiencia cl\u00ednica con la evidencia cient\u00edfica para establecer procedimientos originales basados en criterios de seguridad efectividad y dificultad t\u00e9cnica.<\/p><p>Estructurada en tres partes la primera expone cuestiones generales; la segunda aborda las lesiones de tendones y bursas m\u00e1s habituales mediante una descripci\u00f3n detallada y siguiendo el Modelo APT -\u00c1reas anat\u00f3micas cl\u00ednicamente relevantes Patrones ecogr\u00e1ficos de afectaci\u00f3n m\u00e1s frecuentes y T\u00e9cnica de aplicaci\u00f3n de forma ecoguiada- y la tercera se centra en el ejercicio terap\u00e9utico como punto final del proceso de recuperaci\u00f3n funcional.<\/p><p>Enriquecida con la inclusi\u00f3n de protocolos cl\u00ednicos de actuaci\u00f3n y algoritmos para facilitar la toma de decisiones a partir de un razonamiento cl\u00ednico.<\/p><p>Recoge todo el conocimiento actual sobre la electrolisis percut\u00e1nea por lo que constituye el texto de referencia indispensable sobre esta t\u00e9cnica para los fisioterapeutas pero tambi\u00e9n ser\u00e1 de utilidad para todos aquellos profesionales de la salud interesados en ella.<\/p>\t\t\t\t\t\t\t\t<\/div>\n\t\t\t\t<\/div>\n\t\t\t\t\t<\/div>\n\t\t\t\t<\/div>\n\t\t\t\t<\/div>\n\t\t","protected":false},"excerpt":{"rendered":"<p><strong>Autores:<\/strong>\u00a0Ferm\u00edn Valera Garrido &amp; Francisco Minaya Mu\u00f1oz<br \/>\n<strong>ISBN:<\/strong>\u00a09788491130161<br \/>\n<strong>Editorial:<\/strong>\u00a0Elsevier<br \/>\n<strong>Edici\u00f3n:<\/strong>\u00a01\u00aa<br \/>\n<strong>Especialidad<\/strong>: Ortopedia y Traumatolog\u00eda<br \/>\n<strong>P\u00e1ginas<\/strong>: 326<br \/>\n\u00a9 2020<\/p>\n","protected":false},"featured_media":14782,"comment_status":"open","ping_status":"open","template":"","meta":{"_joinchat":[]},"product_cat":[97],"product_tag":[85,98],"class_list":{"0":"post-14781","1":"product","2":"type-product","3":"status-publish","4":"has-post-thumbnail","6":"product_cat-ortopedia-y-traumatologia","7":"product_tag-elsevier","8":"product_tag-ortopedia-y-traumatologia","10":"first","11":"instock","12":"featured","13":"purchasable","14":"product-type-simple"},"_links":{"self":[{"href":"https:\/\/edimeinter.com\/libreria\/wp-json\/wp\/v2\/product\/14781","targetHints":{"allow":["GET"]}}],"collection":[{"href":"https:\/\/edimeinter.com\/libreria\/wp-json\/wp\/v2\/product"}],"about":[{"href":"https:\/\/edimeinter.com\/libreria\/wp-json\/wp\/v2\/types\/product"}],"replies":[{"embeddable":true,"href":"https:\/\/edimeinter.com\/libreria\/wp-json\/wp\/v2\/comments?post=14781"}],"version-history":[{"count":4,"href":"https:\/\/edimeinter.com\/libreria\/wp-json\/wp\/v2\/product\/14781\/revisions"}],"predecessor-version":[{"id":14786,"href":"https:\/\/edimeinter.com\/libreria\/wp-json\/wp\/v2\/product\/14781\/revisions\/14786"}],"wp:featuredmedia":[{"embeddable":true,"href":"https:\/\/edimeinter.com\/libreria\/wp-json\/wp\/v2\/media\/14782"}],"wp:attachment":[{"href":"https:\/\/edimeinter.com\/libreria\/wp-json\/wp\/v2\/media?parent=14781"}],"wp:term":[{"taxonomy":"product_cat","embeddable":true,"href":"https:\/\/edimeinter.com\/libreria\/wp-json\/wp\/v2\/product_cat?post=14781"},{"taxonomy":"product_tag","embeddable":true,"href":"https:\/\/edimeinter.com\/libreria\/wp-json\/wp\/v2\/product_tag?post=14781"}],"curies":[{"name":"wp","href":"https:\/\/api.w.org\/{rel}","templated":true}]}}