{"id":14790,"date":"2025-02-26T20:15:13","date_gmt":"2025-02-26T20:15:13","guid":{"rendered":"https:\/\/edimeinter.com\/libreria\/?post_type=product&#038;p=14790"},"modified":"2025-03-28T20:07:01","modified_gmt":"2025-03-28T20:07:01","slug":"terapias-biologicas-en-cirugia-ortopedica","status":"publish","type":"product","link":"https:\/\/edimeinter.com\/libreria\/product\/terapias-biologicas-en-cirugia-ortopedica\/","title":{"rendered":"Terapias biol\u00f3gicas en cirug\u00eda ortop\u00e9dica"},"content":{"rendered":"\t\t<div data-elementor-type=\"wp-post\" data-elementor-id=\"14790\" class=\"elementor elementor-14790\">\n\t\t\t\t<div class=\"elementor-element elementor-element-2612b12 e-flex e-con-boxed e-con e-parent\" data-id=\"2612b12\" data-element_type=\"container\" data-e-type=\"container\">\n\t\t\t\t\t<div class=\"e-con-inner\">\n\t\t\n\t\t<div class=\"elementor-element elementor-element-498707ae elementor-widget elementor-widget-text-editor\" data-id=\"498707ae\" data-element_type=\"widget\" data-e-type=\"widget\" data-widget_type=\"text-editor.default\">\n\t\t\t\t<div class=\"elementor-widget-container\">\n\t\t\t\t\t\t\t\t\t<p>Libro que acorta la brecha entre la investigaci\u00f3n y el entorno cl\u00ednico y que proporciona consejos pr\u00e1cticos sobre el uso de los descubrimientos recientes en la pr\u00e1ctica real.<\/p><p>Repasa la ciencia b\u00e1sica que avala el uso de productos biol\u00f3gicos en traumatolog\u00eda y en cirug\u00eda ortop\u00e9dica.<\/p><p>Demuestra los \u00e9xitos y los fracasos de los tratamientos biol\u00f3gicos en las diferentes subespecialidades de la medicina ortop\u00e9dica.<\/p><p>Expone al lector el trabajo con mayor potencial para los pacientes abordando temas clave como la osteoartritis la ingenier\u00eda regenerativa en cirug\u00eda ortop\u00e9dica o las aplicaciones en oncolog\u00eda musculoesquel\u00e9tica.<\/p>\t\t\t\t\t\t\t\t<\/div>\n\t\t\t\t<\/div>\n\t\t\t\t\t<\/div>\n\t\t\t\t<\/div>\n\t\t\t\t<\/div>\n\t\t","protected":false},"excerpt":{"rendered":"<p><strong>Autores:<\/strong>\u00a0Augustus D Mazzocca &amp; Augustus D Mazzocca<br \/>\n<strong>ISBN:<\/strong>\u00a09788491137184<br \/>\n<strong>Editorial:<\/strong>\u00a0Elsevier<br \/>\n<strong>Edici\u00f3n:<\/strong>\u00a01\u00aa<br \/>\n<strong>Especialidad<\/strong>: Ortopedia y Traumatolog\u00eda<br \/>\n<strong>P\u00e1ginas<\/strong>: 240<br \/>\n\u00a9 2020<\/p>\n","protected":false},"featured_media":14791,"comment_status":"open","ping_status":"open","template":"","meta":{"_joinchat":[]},"product_cat":[97],"product_tag":[85,98],"class_list":{"0":"post-14790","1":"product","2":"type-product","3":"status-publish","4":"has-post-thumbnail","6":"product_cat-ortopedia-y-traumatologia","7":"product_tag-elsevier","8":"product_tag-ortopedia-y-traumatologia","10":"first","11":"instock","12":"featured","13":"purchasable","14":"product-type-simple"},"_links":{"self":[{"href":"https:\/\/edimeinter.com\/libreria\/wp-json\/wp\/v2\/product\/14790","targetHints":{"allow":["GET"]}}],"collection":[{"href":"https:\/\/edimeinter.com\/libreria\/wp-json\/wp\/v2\/product"}],"about":[{"href":"https:\/\/edimeinter.com\/libreria\/wp-json\/wp\/v2\/types\/product"}],"replies":[{"embeddable":true,"href":"https:\/\/edimeinter.com\/libreria\/wp-json\/wp\/v2\/comments?post=14790"}],"version-history":[{"count":4,"href":"https:\/\/edimeinter.com\/libreria\/wp-json\/wp\/v2\/product\/14790\/revisions"}],"predecessor-version":[{"id":14795,"href":"https:\/\/edimeinter.com\/libreria\/wp-json\/wp\/v2\/product\/14790\/revisions\/14795"}],"wp:featuredmedia":[{"embeddable":true,"href":"https:\/\/edimeinter.com\/libreria\/wp-json\/wp\/v2\/media\/14791"}],"wp:attachment":[{"href":"https:\/\/edimeinter.com\/libreria\/wp-json\/wp\/v2\/media?parent=14790"}],"wp:term":[{"taxonomy":"product_cat","embeddable":true,"href":"https:\/\/edimeinter.com\/libreria\/wp-json\/wp\/v2\/product_cat?post=14790"},{"taxonomy":"product_tag","embeddable":true,"href":"https:\/\/edimeinter.com\/libreria\/wp-json\/wp\/v2\/product_tag?post=14790"}],"curies":[{"name":"wp","href":"https:\/\/api.w.org\/{rel}","templated":true}]}}