{"id":14823,"date":"2025-02-26T20:29:10","date_gmt":"2025-02-26T20:29:10","guid":{"rendered":"https:\/\/edimeinter.com\/libreria\/?post_type=product&#038;p=14823"},"modified":"2025-03-28T20:06:36","modified_gmt":"2025-03-28T20:06:36","slug":"traumatologia-y-ortopedia-1a-edicion","status":"publish","type":"product","link":"https:\/\/edimeinter.com\/libreria\/product\/traumatologia-y-ortopedia-1a-edicion\/","title":{"rendered":"Traumatolog\u00eda y Ortopedia. 1\u00aa Edici\u00f3n"},"content":{"rendered":"\t\t<div data-elementor-type=\"wp-post\" data-elementor-id=\"14823\" class=\"elementor elementor-14823\">\n\t\t\t\t\n<div class=\"elementor-element elementor-element-2612b12 e-flex e-con-boxed e-con e-parent\" data-id=\"2612b12\" data-element_type=\"container\" data-e-type=\"container\">\n\t\t\t\t\t<div class=\"e-con-inner\">\n\t\t\t\t<div class=\"elementor-element elementor-element-498707ae elementor-widget elementor-widget-text-editor\" data-id=\"498707ae\" data-element_type=\"widget\" data-e-type=\"widget\" data-widget_type=\"text-editor.default\">\n\t\t\t\t<div class=\"elementor-widget-container\">\n\t\t\t\t\t\t\t\t\t<p>Tratado que aborda todo el contenido necesario para la formaci\u00f3n del cirujano ortop\u00e9dico y el traumat\u00f3logo en sus distintas etapas profesionales.<\/p><p>Este t\u00edtulo que incluye un total de 48 cap\u00edtulos es el primero de los cuatro vol\u00famenes que constituir\u00e1n el Tratado de SECOT. El volumen Traumatolog\u00eda y ortopedia. Generalidades recoge todos aquellos temas m\u00e1s gen\u00e9ricos de la especialidad convirti\u00e9ndose as\u00ed en el t\u00edtulo m\u00e1s transversal del tratado.<\/p><p>Participan en esta obra destacados expertos de la especialidad que han sido seleccionados de manera cuidadosa por la SECOT para convertir este Tratado en una de las obras de referencia de la especialidad de Cirug\u00eda ortop\u00e9dica y traumatolog\u00eda.<\/p><p>El objetivo de esta obra de referencia es proporcionar una cobertura completa de los temas de la especialidad empezando por aquellos temas m\u00e1s gen\u00e9ricos recogidos en este primer volumen y continuando con cuestiones m\u00e1s espec\u00edficas como la traumatolog\u00eda del miembro inferior y raquis miembor superior y traumatolog\u00eda pedi\u00e1trica que ser\u00e1n abordadas en los pr\u00f3ximos vol\u00famenes del Tratado SECOT.<\/p>\t\t\t\t\t\t\t\t<\/div>\n\t\t\t\t<\/div>\n\t\t\t\t\t<\/div>\n\t\t\t\t<\/div>\n\t\t\t\t<\/div>\n\t\t","protected":false},"excerpt":{"rendered":"<p><strong>Autores:<\/strong>\u00a0Enrique G\u00f3mez Barrena &amp; Jos\u00e9 Cordero Ampuero<br \/>\n<strong>ISBN:<\/strong>\u00a09788491131571<br \/>\n<strong>Editorial:<\/strong>\u00a0Elsevier<br \/>\n<strong>Edici\u00f3n:<\/strong>\u00a01\u00aa<br \/>\n<strong>Especialidad<\/strong>: Ortopedia y Traumatolog\u00eda<br \/>\n<strong>P\u00e1ginas<\/strong>: 584<br \/>\n\u00a9 2019<\/p>\n","protected":false},"featured_media":14824,"comment_status":"open","ping_status":"open","template":"","meta":{"_joinchat":[]},"product_cat":[97],"product_tag":[85,98],"class_list":{"0":"post-14823","1":"product","2":"type-product","3":"status-publish","4":"has-post-thumbnail","6":"product_cat-ortopedia-y-traumatologia","7":"product_tag-elsevier","8":"product_tag-ortopedia-y-traumatologia","10":"first","11":"instock","12":"featured","13":"purchasable","14":"product-type-simple"},"_links":{"self":[{"href":"https:\/\/edimeinter.com\/libreria\/wp-json\/wp\/v2\/product\/14823","targetHints":{"allow":["GET"]}}],"collection":[{"href":"https:\/\/edimeinter.com\/libreria\/wp-json\/wp\/v2\/product"}],"about":[{"href":"https:\/\/edimeinter.com\/libreria\/wp-json\/wp\/v2\/types\/product"}],"replies":[{"embeddable":true,"href":"https:\/\/edimeinter.com\/libreria\/wp-json\/wp\/v2\/comments?post=14823"}],"version-history":[{"count":4,"href":"https:\/\/edimeinter.com\/libreria\/wp-json\/wp\/v2\/product\/14823\/revisions"}],"predecessor-version":[{"id":14828,"href":"https:\/\/edimeinter.com\/libreria\/wp-json\/wp\/v2\/product\/14823\/revisions\/14828"}],"wp:featuredmedia":[{"embeddable":true,"href":"https:\/\/edimeinter.com\/libreria\/wp-json\/wp\/v2\/media\/14824"}],"wp:attachment":[{"href":"https:\/\/edimeinter.com\/libreria\/wp-json\/wp\/v2\/media?parent=14823"}],"wp:term":[{"taxonomy":"product_cat","embeddable":true,"href":"https:\/\/edimeinter.com\/libreria\/wp-json\/wp\/v2\/product_cat?post=14823"},{"taxonomy":"product_tag","embeddable":true,"href":"https:\/\/edimeinter.com\/libreria\/wp-json\/wp\/v2\/product_tag?post=14823"}],"curies":[{"name":"wp","href":"https:\/\/api.w.org\/{rel}","templated":true}]}}

Traumatología y Ortopedia. 1ª Edición

<div data-elementor-type="wp-post" data-elementor-id="14823" class="elementor elementor-14823">
				
<div class="elementor-element elementor-element-2612b12 e-flex e-con-boxed e-con e-parent" data-id="2612b12" data-element_type="container" data-e-type="container">
					<div class="e-con-inner">
				<div class="elementor-element elementor-element-498707ae elementor-widget elementor-widget-text-editor" data-id="498707ae" data-element_type="widget" data-e-type="widget" data-widget_type="text-editor.default">
				<div class="elementor-widget-container">
									<p>Tratado que aborda todo el contenido necesario para la formación del cirujano ortopédico y el traumatólogo en sus distintas etapas profesionales.</p><p>Este título que incluye un total de 48 capítulos es el primero de los cuatro volúmenes que constituirán el Tratado de SECOT. El volumen Traumatología y ortopedia. Generalidades recoge todos aquellos temas más genéricos de la especialidad convirtiéndose así en el título más transversal del tratado.</p><p>Participan en esta obra destacados expertos de la especialidad que han sido seleccionados de manera cuidadosa por la SECOT para convertir este Tratado en una de las obras de referencia de la especialidad de Cirugía ortopédica y traumatología.</p><p>El objetivo de esta obra de referencia es proporcionar una cobertura completa de los temas de la especialidad empezando por aquellos temas más genéricos recogidos en este primer volumen y continuando con cuestiones más específicas como la traumatología del miembro inferior y raquis miembor superior y traumatología pediátrica que serán abordadas en los próximos volúmenes del Tratado SECOT.</p>								</div>
				</div>
					</div>
				</div>
				</div>

<p><strong>Autores:</strong> Enrique Gómez Barrena &amp; José Cordero Ampuero<br />
<strong>ISBN:</strong> 9788491131571<br />
<strong>Editorial:</strong> Elsevier<br />
<strong>Edición:</strong> 1ª<br />
<strong>Especialidad</strong>: Ortopedia y Traumatología<br />
<strong>Páginas</strong>: 584<br />
© 2019</p>
