{"id":15568,"date":"2025-03-05T17:45:04","date_gmt":"2025-03-05T17:45:04","guid":{"rendered":"https:\/\/edimeinter.com\/libreria\/?post_type=product&#038;p=15568"},"modified":"2026-03-06T19:32:39","modified_gmt":"2026-03-06T19:32:39","slug":"embriologia-humana-y-biologia-del-desarrollo-6a-edicion","status":"publish","type":"product","link":"https:\/\/edimeinter.com\/libreria\/product\/embriologia-humana-y-biologia-del-desarrollo-6a-edicion\/","title":{"rendered":"Embriolog\u00eda humana y biolog\u00eda del desarrollo. 6\u00aa Edici\u00f3n"},"content":{"rendered":"\t\t<div data-elementor-type=\"wp-post\" data-elementor-id=\"15568\" class=\"elementor elementor-15568\">\n\t\t\t\t<div class=\"elementor-element elementor-element-2612b12 e-flex e-con-boxed e-con e-parent\" data-id=\"2612b12\" data-element_type=\"container\" data-e-type=\"container\">\n\t\t\t\t\t<div class=\"e-con-inner\">\n\t\t\n\t\t<div class=\"elementor-element elementor-element-498707ae elementor-widget elementor-widget-text-editor\" data-id=\"498707ae\" data-element_type=\"widget\" data-e-type=\"widget\" data-widget_type=\"text-editor.default\">\n\t\t\t\t<div class=\"elementor-widget-container\">\n\t\t\t\t\t\t\t\t\t<p>Nueva edici\u00f3n exhaustivamente actualizada que ayudar\u00e1 a dominar los m\u00e1s complejos aspectos del desarrollo humano, tanto normal como patol\u00f3gico.<\/p><p>De la mano del Dr. Bruce Carlson se podr\u00e1 acceder a la informaci\u00f3n clara y fiable acerca de los \u00faltimos avances cient\u00edficos en esta disciplina siempre en r\u00e1pida evoluci\u00f3n y mantiene al d\u00eda todos los conocimientos necesarios para trabajos de clase, ex\u00e1menes y pr\u00e1ctica cl\u00ednica.<\/p><p>Incluye numerosas ilustraciones en color de las cuales, 50 son nuevas para esta edici\u00f3n. Presenta la informaci\u00f3n de manera integrada y f\u00e1cil de comprender. Cuenta con abundantes fotograf\u00edas nuevas de malformaciones cong\u00e9nitas, Ayuda a asimilar bases moleculares de embriolog\u00eda y presenta cuadros de casos cl\u00ednicos y de correlaciones cl\u00ednicas.<\/p><p>Ofrece acceso a Student\u00c7Consult.com, que incluye los siguientes materiales, todos ello en ingl\u00e9s; acceso al ebook completo, animaciones que ilustran los procesos embriol\u00f3gicos m\u00e1s complejos, cuestionarios de autoevaluaci\u00f3n, bibliograf\u00eda actualizada etc.<\/p>\t\t\t\t\t\t\t\t<\/div>\n\t\t\t\t<\/div>\n\t\t\t\t\t<\/div>\n\t\t\t\t<\/div>\n\t\t\t\t<\/div>\n\t\t","protected":false},"excerpt":{"rendered":"<p><strong>Autores:<\/strong>\u00a0Bruce M. Carlson, MD, PhD<br \/>\n<strong>ISBN:<\/strong>\u00a09788491135265<br \/>\n<strong>Editorial:<\/strong>\u00a0Elsevier<br \/>\n<strong>Edici\u00f3n:<\/strong>\u00a06\u00aa<br \/>\n<strong>Especialidad<\/strong>: Embriolog\u00eda<br \/>\n<strong>P\u00e1ginas<\/strong>: 496<br \/>\n\u00a9 2019<\/p>\n","protected":false},"featured_media":15569,"comment_status":"open","ping_status":"closed","template":"","meta":{"_joinchat":[]},"product_cat":[216],"product_tag":[85,217],"class_list":{"0":"post-15568","1":"product","2":"type-product","3":"status-publish","4":"has-post-thumbnail","6":"product_cat-embriologia","7":"product_tag-elsevier","8":"product_tag-embriologia","10":"first","11":"outofstock","12":"featured","13":"purchasable","14":"product-type-simple"},"_links":{"self":[{"href":"https:\/\/edimeinter.com\/libreria\/wp-json\/wp\/v2\/product\/15568","targetHints":{"allow":["GET"]}}],"collection":[{"href":"https:\/\/edimeinter.com\/libreria\/wp-json\/wp\/v2\/product"}],"about":[{"href":"https:\/\/edimeinter.com\/libreria\/wp-json\/wp\/v2\/types\/product"}],"replies":[{"embeddable":true,"href":"https:\/\/edimeinter.com\/libreria\/wp-json\/wp\/v2\/comments?post=15568"}],"version-history":[{"count":5,"href":"https:\/\/edimeinter.com\/libreria\/wp-json\/wp\/v2\/product\/15568\/revisions"}],"predecessor-version":[{"id":16132,"href":"https:\/\/edimeinter.com\/libreria\/wp-json\/wp\/v2\/product\/15568\/revisions\/16132"}],"wp:featuredmedia":[{"embeddable":true,"href":"https:\/\/edimeinter.com\/libreria\/wp-json\/wp\/v2\/media\/15569"}],"wp:attachment":[{"href":"https:\/\/edimeinter.com\/libreria\/wp-json\/wp\/v2\/media?parent=15568"}],"wp:term":[{"taxonomy":"product_cat","embeddable":true,"href":"https:\/\/edimeinter.com\/libreria\/wp-json\/wp\/v2\/product_cat?post=15568"},{"taxonomy":"product_tag","embeddable":true,"href":"https:\/\/edimeinter.com\/libreria\/wp-json\/wp\/v2\/product_tag?post=15568"}],"curies":[{"name":"wp","href":"https:\/\/api.w.org\/{rel}","templated":true}]}}