{"id":15654,"date":"2025-03-05T19:27:06","date_gmt":"2025-03-05T19:27:06","guid":{"rendered":"https:\/\/edimeinter.com\/libreria\/?post_type=product&#038;p=15654"},"modified":"2025-03-28T20:03:02","modified_gmt":"2025-03-28T20:03:02","slug":"neuropsicologia-humana-7a-edicion","status":"publish","type":"product","link":"https:\/\/edimeinter.com\/libreria\/product\/neuropsicologia-humana-7a-edicion\/","title":{"rendered":"Neuropsicolog\u00eda Humana. 7\u00aa Edici\u00f3n"},"content":{"rendered":"\t\t<div data-elementor-type=\"wp-post\" data-elementor-id=\"15654\" class=\"elementor elementor-15654\">\n\t\t\t\t<div class=\"elementor-element elementor-element-2612b12 e-flex e-con-boxed e-con e-parent\" data-id=\"2612b12\" data-element_type=\"container\" data-e-type=\"container\">\n\t\t\t\t\t<div class=\"e-con-inner\">\n\t\t\n\t\t<div class=\"elementor-element elementor-element-498707ae elementor-widget elementor-widget-text-editor\" data-id=\"498707ae\" data-element_type=\"widget\" data-e-type=\"widget\" data-widget_type=\"text-editor.default\">\n\t\t\t\t<div class=\"elementor-widget-container\">\n\t\t\t\t\t\t\t\t\t<p>Si regresamos a 1980, cuando apareci\u00f3 la primera edici\u00f3n de Neuropsicolog\u00eda Humana, recordamos que en la d\u00e9cada de 1970 la neuropsicolog\u00eda no exist\u00eda como cuerpo unificado de conocimiento sobre el cerebro humano. El campo se hab\u00eda reunido alrededor de intuiciones e inferencias basadas en estudios de laboratorio en monos, gatos y ratas, y de estudios aislados de seres humanos con determinadas lesiones cerebrales. En los \u00faltimos cuarenta a\u00f1os, a medida que se extend\u00eda la neuropsicolog\u00eda, surgi\u00f3 como disciplina la neurociencia cognitiva y social. Los adelantos en los estudios de las neuroim\u00e1genes no invasivas, su uso cada vez m\u00e1s incisivo y las abundantes innovaciones en investigaci\u00f3n han mejorado nuestro conocimiento de la anatom\u00eda cerebral.<\/p><p>Los estudios de las especies no humanas siguen siendo fundamentales para los principios centrales de la neuropsicolog\u00eda, sobre todo para comprender la estructura y la conectividad del cerebro de los primates, pero se centran m\u00e1s en los mecanismos que en los fen\u00f3menos conductuales. Muchos investigadores comparten la idea de que los estudios de neuroim\u00e1genes funcionales pueden reemplazar el estudio de los seres humanos y los animales de laboratorio afectados por lesiones cerebrales. A otros, esto les parece poco probable, dadas la complejidad de los procesos cerebrales y la naturaleza de los m\u00e9todos de sustracci\u00f3n utilizados para obtener las im\u00e1genes. Los dos enfoques se han vuelto complementarios y esta s\u00e9ptima edici\u00f3n refleja su evoluci\u00f3n intelectual:<\/p><ul><li>Los estudios de neuroim\u00e1genes han conducido al renacimiento de la comprensi\u00f3n de las redes nerviosas y a la apreciaci\u00f3n del conectoma cerebral. En esta edici\u00f3n, hemos extendido el Cap\u00edtulo 7, \u201cEstudios por im\u00e1genes de la actividad cerebral\u201d, para incluir nuevos m\u00e9todos y tambi\u00e9n para considerar las ventajas y desventajas de las diferentes t\u00e9cnicas a la luz de sus usos y costos relevantes (v\u00e9ase la Secci\u00f3n 7.5). En todo el libro aparece una cobertura de las redes nerviosas din\u00e1micas, sobre todo en los Cap\u00edtulos 10, 16 a 22 y 27.<\/li><li>La epigen\u00e9tica explica el modo en que nuestras conductas cambian nuestro cerebro. Introdujimos principios gen\u00e9ticos y epigen\u00e9ticos b\u00e1sicos en la Secci\u00f3n 2.3, y destacamos ambos factores en todo el texto para reflejar el \u00e9nfasis cada vez mayor en la epigen\u00e9tica como factor de la organizaci\u00f3n cerebral.<\/li><li>El examen neuropsicol\u00f3gico es fundamental para evaluar a los pacientes que presentan lesiones cerebrales focales. Una consecuencia inesperada de la revoluci\u00f3n en neurociencia cognitiva es la apreciaci\u00f3n decreciente por la teor\u00eda neuropsicol\u00f3gica y el enfoque cl\u00ednico. En esta nueva edici\u00f3n, empleamos el venerable laberinto como un \u00edcono gr\u00e1fico (que se muestra a la derecha) para que el lector identifique explicaciones, casos, cuadros y figuras particulares que vinculan la teor\u00eda y la evaluaci\u00f3n en todo el libro.<\/li><\/ul>\t\t\t\t\t\t\t\t<\/div>\n\t\t\t\t<\/div>\n\t\t\t\t\t<\/div>\n\t\t\t\t<\/div>\n\t\t\t\t<\/div>\n\t\t","protected":false},"excerpt":{"rendered":"<p><strong>Autores:<\/strong>\u00a0Bryan Kolb, Ian Q. Whishaw<br \/>\n<strong>ISBN:<\/strong>\u00a09789500694971<br \/>\n<strong>Editorial:<\/strong>\u00a0Panamericana<br \/>\n<strong>Edici\u00f3n:<\/strong>\u00a07\u00aa<br \/>\n<strong>Especialidad<\/strong>: Psicolog\u00eda<br \/>\n<strong>P\u00e1ginas:\u00a0<\/strong>904<br \/>\n\u00a9 2017<\/p>\n","protected":false},"featured_media":15655,"comment_status":"open","ping_status":"open","template":"","meta":{"_joinchat":[]},"product_cat":[88],"product_tag":[70,89],"class_list":{"0":"post-15654","1":"product","2":"type-product","3":"status-publish","4":"has-post-thumbnail","6":"product_cat-psicologia","7":"product_tag-panamericana","8":"product_tag-psicologia","10":"first","11":"instock","12":"featured","13":"purchasable","14":"product-type-simple"},"_links":{"self":[{"href":"https:\/\/edimeinter.com\/libreria\/wp-json\/wp\/v2\/product\/15654","targetHints":{"allow":["GET"]}}],"collection":[{"href":"https:\/\/edimeinter.com\/libreria\/wp-json\/wp\/v2\/product"}],"about":[{"href":"https:\/\/edimeinter.com\/libreria\/wp-json\/wp\/v2\/types\/product"}],"replies":[{"embeddable":true,"href":"https:\/\/edimeinter.com\/libreria\/wp-json\/wp\/v2\/comments?post=15654"}],"version-history":[{"count":4,"href":"https:\/\/edimeinter.com\/libreria\/wp-json\/wp\/v2\/product\/15654\/revisions"}],"predecessor-version":[{"id":15659,"href":"https:\/\/edimeinter.com\/libreria\/wp-json\/wp\/v2\/product\/15654\/revisions\/15659"}],"wp:featuredmedia":[{"embeddable":true,"href":"https:\/\/edimeinter.com\/libreria\/wp-json\/wp\/v2\/media\/15655"}],"wp:attachment":[{"href":"https:\/\/edimeinter.com\/libreria\/wp-json\/wp\/v2\/media?parent=15654"}],"wp:term":[{"taxonomy":"product_cat","embeddable":true,"href":"https:\/\/edimeinter.com\/libreria\/wp-json\/wp\/v2\/product_cat?post=15654"},{"taxonomy":"product_tag","embeddable":true,"href":"https:\/\/edimeinter.com\/libreria\/wp-json\/wp\/v2\/product_tag?post=15654"}],"curies":[{"name":"wp","href":"https:\/\/api.w.org\/{rel}","templated":true}]}}