{"id":15727,"date":"2025-03-05T22:13:27","date_gmt":"2025-03-05T22:13:27","guid":{"rendered":"https:\/\/edimeinter.com\/libreria\/?post_type=product&#038;p=15727"},"modified":"2025-05-27T21:41:49","modified_gmt":"2025-05-27T21:41:49","slug":"ortodoncia-atlas-color-y-conceptos-fundamentales-de-tratamiento-1a-edicion","status":"publish","type":"product","link":"https:\/\/edimeinter.com\/libreria\/product\/ortodoncia-atlas-color-y-conceptos-fundamentales-de-tratamiento-1a-edicion\/","title":{"rendered":"Ortodoncia. Atlas color y conceptos fundamentales de tratamiento. 1\u00aa Edici\u00f3n"},"content":{"rendered":"\t\t<div data-elementor-type=\"wp-post\" data-elementor-id=\"15727\" class=\"elementor elementor-15727\">\n\t\t\t\t<div class=\"elementor-element elementor-element-2612b12 e-flex e-con-boxed e-con e-parent\" data-id=\"2612b12\" data-element_type=\"container\" data-e-type=\"container\">\n\t\t\t\t\t<div class=\"e-con-inner\">\n\t\t\n\t\t<div class=\"elementor-element elementor-element-498707ae elementor-widget elementor-widget-text-editor\" data-id=\"498707ae\" data-element_type=\"widget\" data-e-type=\"widget\" data-widget_type=\"text-editor.default\">\n\t\t\t\t<div class=\"elementor-widget-container\">\n\t\t\t\t\t\t\t\t\t<p>La transferencia de la ciencia a la pr\u00e1ctica fue lo que motiv\u00f3 a los autores para escribir esta fant\u00e1stica obra. Ortodoncia, Atlas color y conceptos fundamentales de tratamiento aborda, de manera clara y estructurada, cada una de las patolog\u00edas de la especialidad y ofrece soluciones terap\u00e9uticas tanto de ortodoncia fija como de aparatolog\u00eda funcional, adem\u00e1s de tratamientos combinados \u2013como la cirug\u00eda ortogn\u00e1tica- que requieren un enfoque multidisciplinar. Entre sus caracter\u00edsticas se destacan:<\/p><ul><li>El repaso ordenado de los principios de biolog\u00eda, mec\u00e1nica y biomec\u00e1nica necesarios para cualquier intervenci\u00f3n ortod\u00f3ntica.<\/li><\/ul><ul><li>La descripci\u00f3n detallada de los tratamientos comprobados t\u00e9cnica y cient\u00edficamente, con casos cl\u00ednicos reales y su seguimiento en el tiempo.<\/li><\/ul><ul><li>El ordenamiento de los temas en anomal\u00edas sagitales, transversales y verticales, que ofrece una orientaci\u00f3n clara para planificar cada intervenci\u00f3n.<\/li><\/ul><ul><li>Su brillante iconograf\u00eda, con casi 4000 im\u00e1genes cl\u00ednicas que enriquecen la lectura y facilitan la comprensi\u00f3n del texto.<\/li><\/ul><p>Una obra de referencia en el campo de la ortodoncia que refleja los a\u00f1os de investigaci\u00f3n, pr\u00e1ctica y formaci\u00f3n continua de sus directores y que resultar\u00e1 de utilidad tanto para los estudiantes de odontolog\u00eda como para los ortodoncistas en formaci\u00f3n o en actividad, y los cirujanos maxilofaciales.<\/p>\t\t\t\t\t\t\t\t<\/div>\n\t\t\t\t<\/div>\n\t\t\t\t\t<\/div>\n\t\t\t\t<\/div>\n\t\t\t\t<\/div>\n\t\t","protected":false},"excerpt":{"rendered":"<p><strong>Autores<\/strong>: Andrea Wichelhaus<br \/>\n<strong>ISBN<\/strong>: 9786079356880<br \/>\n<strong>Edici\u00f3n<\/strong>: 1\u00aa<br \/>\n<strong>Especialidad<\/strong>: Odontolog\u00eda<br \/>\n<strong>P\u00e1ginas<\/strong>: 584<br \/>\n\u00a9 2016<\/p>\n","protected":false},"featured_media":15728,"comment_status":"open","ping_status":"closed","template":"","meta":{"_joinchat":[]},"product_cat":[140],"product_tag":[141,174,70],"class_list":{"0":"post-15727","1":"product","2":"type-product","3":"status-publish","4":"has-post-thumbnail","6":"product_cat-odontologia-y-ortodoncia","7":"product_tag-odontologia-y-ortodoncia","8":"product_tag-outlet","9":"product_tag-panamericana","11":"first","12":"instock","13":"sale","14":"featured","15":"purchasable","16":"product-type-simple"},"_links":{"self":[{"href":"https:\/\/edimeinter.com\/libreria\/wp-json\/wp\/v2\/product\/15727","targetHints":{"allow":["GET"]}}],"collection":[{"href":"https:\/\/edimeinter.com\/libreria\/wp-json\/wp\/v2\/product"}],"about":[{"href":"https:\/\/edimeinter.com\/libreria\/wp-json\/wp\/v2\/types\/product"}],"replies":[{"embeddable":true,"href":"https:\/\/edimeinter.com\/libreria\/wp-json\/wp\/v2\/comments?post=15727"}],"version-history":[{"count":5,"href":"https:\/\/edimeinter.com\/libreria\/wp-json\/wp\/v2\/product\/15727\/revisions"}],"predecessor-version":[{"id":16861,"href":"https:\/\/edimeinter.com\/libreria\/wp-json\/wp\/v2\/product\/15727\/revisions\/16861"}],"wp:featuredmedia":[{"embeddable":true,"href":"https:\/\/edimeinter.com\/libreria\/wp-json\/wp\/v2\/media\/15728"}],"wp:attachment":[{"href":"https:\/\/edimeinter.com\/libreria\/wp-json\/wp\/v2\/media?parent=15727"}],"wp:term":[{"taxonomy":"product_cat","embeddable":true,"href":"https:\/\/edimeinter.com\/libreria\/wp-json\/wp\/v2\/product_cat?post=15727"},{"taxonomy":"product_tag","embeddable":true,"href":"https:\/\/edimeinter.com\/libreria\/wp-json\/wp\/v2\/product_tag?post=15727"}],"curies":[{"name":"wp","href":"https:\/\/api.w.org\/{rel}","templated":true}]}}