{"id":15741,"date":"2025-03-06T16:39:48","date_gmt":"2025-03-06T16:39:48","guid":{"rendered":"https:\/\/edimeinter.com\/libreria\/?post_type=product&#038;p=15741"},"modified":"2025-03-26T23:21:32","modified_gmt":"2025-03-26T23:21:32","slug":"enfermeria-en-la-unidad-de-cuidados-intensivos-neonatal-5a-edicion","status":"publish","type":"product","link":"https:\/\/edimeinter.com\/libreria\/product\/enfermeria-en-la-unidad-de-cuidados-intensivos-neonatal-5a-edicion\/","title":{"rendered":"Enfermer\u00eda en la Unidad de Cuidados Intensivos Neonatal. 5\u00aa Edici\u00f3n"},"content":{"rendered":"\t\t<div data-elementor-type=\"wp-post\" data-elementor-id=\"15741\" class=\"elementor elementor-15741\">\n\t\t\t\t<div class=\"elementor-element elementor-element-2612b12 e-flex e-con-boxed e-con e-parent\" data-id=\"2612b12\" data-element_type=\"container\" data-e-type=\"container\">\n\t\t\t\t\t<div class=\"e-con-inner\">\n\t\t\n\t\t<div class=\"elementor-element elementor-element-498707ae elementor-widget elementor-widget-text-editor\" data-id=\"498707ae\" data-element_type=\"widget\" data-e-type=\"widget\" data-widget_type=\"text-editor.default\">\n\t\t\t\t<div class=\"elementor-widget-container\">\n\t\t\t\t\t\t\t\t\t<p>En esta 5\u00aa edici\u00f3n de Enfermer\u00eda en la Unidad de Cuidados Intensivos Neonatal se reitera el compromiso de mantener actualizadas tanto el contenido como las referencias bibliogr\u00e1ficas, promoviendo la pr\u00e1ctica de la enfermer\u00eda sobre la base de la evidencia cl\u00ednica.<\/p><p>Cada d\u00eda se hace m\u00e1s necesario cumplir este compromiso pues la atenci\u00f3n neonatal evoluciona a pasos cada vez m\u00e1s r\u00e1pidos en busca de nuevas tecnolog\u00edas, de medicamentos m\u00e1s eficaces, y de protocolos y procedimientos que posibilitan una atenci\u00f3n m\u00e1s resolutiva y segura.<\/p><p>Para alcanzar ese objetivo y para asegurar que Enfermer\u00eda en la Unidad de Cuidados Intensivos Neonatal siga siendo la referencia principal sobre el tema en Brasil, actualic\u00e9 y ampli\u00e9 fundamentalmente la obra. Se presenta un enfoque especial al neurodesarrollo del neonato enfermo y prematuro, procurando concientizar al equipo de atenci\u00f3n de que todos participan del \u201ccuidado con el cerebro en desarrollo\u201d, remarcando que, desde la elaboraci\u00f3n de la planta f\u00edsica hasta la de las normas y procedimientos, se debe hacer de todo para conservar el equilibrio fisiol\u00f3gico y neuromotor del ni\u00f1o que se interna en la Unidad de Cuidados Intensivos Neonatal.<\/p><p>En esta edici\u00f3n tambi\u00e9n se destaca importancia de la participaci\u00f3n de los padres en el cuidado de los hijos desde el nacimiento hasta el alta de la internaci\u00f3n, participaci\u00f3n que tiene por objeto promover la autoconfianza de la familia y la aptitud para realizar los cuidados que el hijo necesita.<\/p>\t\t\t\t\t\t\t\t<\/div>\n\t\t\t\t<\/div>\n\t\t\t\t\t<\/div>\n\t\t\t\t<\/div>\n\t\t\t\t<\/div>\n\t\t","protected":false},"excerpt":{"rendered":"<p><strong>Autores:<\/strong>\u00a0Raquel Nascimento Tamez \/ Maria Jones Pantoja Silva<br \/>\n<strong>ISBN<\/strong>: 9789500696708<br \/>\n<strong>Edici\u00f3n:<\/strong>\u00a05\u00aa<br \/>\n<strong>Especialidad<\/strong>: Enfermer\u00eda<br \/>\n<strong>P\u00e1ginas:<\/strong>\u00a0396<br \/>\n\u00a9 2015<\/p>\n","protected":false},"featured_media":15742,"comment_status":"open","ping_status":"open","template":"","meta":{"_joinchat":[]},"product_cat":[115],"product_tag":[82,174,70],"class_list":{"0":"post-15741","1":"product","2":"type-product","3":"status-publish","4":"has-post-thumbnail","6":"product_cat-enfermeria","7":"product_tag-enfermeria","8":"product_tag-outlet","9":"product_tag-panamericana","11":"first","12":"instock","13":"sale","14":"featured","15":"purchasable","16":"product-type-simple"},"_links":{"self":[{"href":"https:\/\/edimeinter.com\/libreria\/wp-json\/wp\/v2\/product\/15741","targetHints":{"allow":["GET"]}}],"collection":[{"href":"https:\/\/edimeinter.com\/libreria\/wp-json\/wp\/v2\/product"}],"about":[{"href":"https:\/\/edimeinter.com\/libreria\/wp-json\/wp\/v2\/types\/product"}],"replies":[{"embeddable":true,"href":"https:\/\/edimeinter.com\/libreria\/wp-json\/wp\/v2\/comments?post=15741"}],"version-history":[{"count":4,"href":"https:\/\/edimeinter.com\/libreria\/wp-json\/wp\/v2\/product\/15741\/revisions"}],"predecessor-version":[{"id":15747,"href":"https:\/\/edimeinter.com\/libreria\/wp-json\/wp\/v2\/product\/15741\/revisions\/15747"}],"wp:featuredmedia":[{"embeddable":true,"href":"https:\/\/edimeinter.com\/libreria\/wp-json\/wp\/v2\/media\/15742"}],"wp:attachment":[{"href":"https:\/\/edimeinter.com\/libreria\/wp-json\/wp\/v2\/media?parent=15741"}],"wp:term":[{"taxonomy":"product_cat","embeddable":true,"href":"https:\/\/edimeinter.com\/libreria\/wp-json\/wp\/v2\/product_cat?post=15741"},{"taxonomy":"product_tag","embeddable":true,"href":"https:\/\/edimeinter.com\/libreria\/wp-json\/wp\/v2\/product_tag?post=15741"}],"curies":[{"name":"wp","href":"https:\/\/api.w.org\/{rel}","templated":true}]}}