{"id":15777,"date":"2025-03-06T17:37:24","date_gmt":"2025-03-06T17:37:24","guid":{"rendered":"https:\/\/edimeinter.com\/libreria\/?post_type=product&#038;p=15777"},"modified":"2026-03-11T17:50:12","modified_gmt":"2026-03-11T17:50:12","slug":"el-nino-sano-una-vision-integral-4a-edicion","status":"publish","type":"product","link":"https:\/\/edimeinter.com\/libreria\/product\/el-nino-sano-una-vision-integral-4a-edicion\/","title":{"rendered":"El Ni\u00f1o Sano. Una visi\u00f3n integral. 4\u00aa Edici\u00f3n"},"content":{"rendered":"\t\t<div data-elementor-type=\"wp-post\" data-elementor-id=\"15777\" class=\"elementor elementor-15777\">\n\t\t\t\t\n<div class=\"elementor-element elementor-element-2612b12 e-flex e-con-boxed e-con e-parent\" data-id=\"2612b12\" data-element_type=\"container\" data-e-type=\"container\">\n\t\t\t\t\t<div class=\"e-con-inner\">\n\t\t\t\t<div class=\"elementor-element elementor-element-498707ae elementor-widget elementor-widget-text-editor\" data-id=\"498707ae\" data-element_type=\"widget\" data-e-type=\"widget\" data-widget_type=\"text-editor.default\">\n\t\t\t\t<div class=\"elementor-widget-container\">\n\t\t\t\t\t\t\t\t\t<p>Esta obra es un texto de puericultura, entendida como la ciencia y el arte de la crianza desde el periodo preconcepcional hasta la adolescencia, con \u00e9nfasis en los hitos del crecimiento y el desarrollo en las diferentes edades en que se es sujeto de crianza.<\/p><p>Sus directores vuelcan en esta obra su amplia experiencia en ese campo y han contado con el valioso aporte de m\u00e1s de 30 colaboradores en la redacci\u00f3n de los 51 cap\u00edtulos distribuidos en 6 secciones.<\/p><p>La estructura de la publicaci\u00f3n cubre de manera integral aspectos fundamentales que permiten una visi\u00f3n hol\u00edstica de la salud infantil, como las metas de desarrollo humano integral, el crecimiento y el desarrollo, los cuidados b\u00e1sicos de la ni\u00f1ez y la puericultura del adolescente. As\u00ed mismo, se presenta un an\u00e1lisis de diversos aspectos de la ni\u00f1ez en el contexto social, lo cual es, sin duda, un tema innovador y de alta relevancia para la pediatr\u00eda.<\/p><p>Este libro resalta la importancia de crear un ambiente favorable para el desarrollo y formaci\u00f3n de ni\u00f1os y j\u00f3venes y se constituye en un verdadero aporte y una muy \u00fatil herramienta para padres, educadores y profesionales de la salud.<\/p>\t\t\t\t\t\t\t\t<\/div>\n\t\t\t\t<\/div>\n\t\t\t\t\t<\/div>\n\t\t\t\t<\/div>\n\t\t\t\t<\/div>\n\t\t","protected":false},"excerpt":{"rendered":"<p><strong>Autores:<\/strong>\u00a0\u00c1lvaro Posada D\u00edaz \/ Juan Fernando G\u00f3mez Ram\u00edrez \/ Humberto Ram\u00edrez G\u00f3mez<br \/>\n<strong>ISBN:<\/strong>\u00a09789588443638<br \/>\n<strong>Edici\u00f3n:<\/strong>\u00a04\u00aa<br \/>\n<strong>Especialidad:<\/strong> Pediatr\u00eda y Neonatolog\u00eda<br \/>\n<strong>P\u00e1ginas:<\/strong>\u00a0564<br \/>\n\u00a9 2016<\/p>\n","protected":false},"featured_media":15778,"comment_status":"open","ping_status":"closed","template":"","meta":{"_joinchat":[]},"product_cat":[130],"product_tag":[174,70,131],"class_list":{"0":"post-15777","1":"product","2":"type-product","3":"status-publish","4":"has-post-thumbnail","6":"product_cat-pediatria-y-neonatologia","7":"product_tag-outlet","8":"product_tag-panamericana","9":"product_tag-pediatria-y-neonatologia","11":"first","12":"instock","13":"sale","14":"featured","15":"purchasable","16":"product-type-simple"},"_links":{"self":[{"href":"https:\/\/edimeinter.com\/libreria\/wp-json\/wp\/v2\/product\/15777","targetHints":{"allow":["GET"]}}],"collection":[{"href":"https:\/\/edimeinter.com\/libreria\/wp-json\/wp\/v2\/product"}],"about":[{"href":"https:\/\/edimeinter.com\/libreria\/wp-json\/wp\/v2\/types\/product"}],"replies":[{"embeddable":true,"href":"https:\/\/edimeinter.com\/libreria\/wp-json\/wp\/v2\/comments?post=15777"}],"version-history":[{"count":5,"href":"https:\/\/edimeinter.com\/libreria\/wp-json\/wp\/v2\/product\/15777\/revisions"}],"predecessor-version":[{"id":17844,"href":"https:\/\/edimeinter.com\/libreria\/wp-json\/wp\/v2\/product\/15777\/revisions\/17844"}],"wp:featuredmedia":[{"embeddable":true,"href":"https:\/\/edimeinter.com\/libreria\/wp-json\/wp\/v2\/media\/15778"}],"wp:attachment":[{"href":"https:\/\/edimeinter.com\/libreria\/wp-json\/wp\/v2\/media?parent=15777"}],"wp:term":[{"taxonomy":"product_cat","embeddable":true,"href":"https:\/\/edimeinter.com\/libreria\/wp-json\/wp\/v2\/product_cat?post=15777"},{"taxonomy":"product_tag","embeddable":true,"href":"https:\/\/edimeinter.com\/libreria\/wp-json\/wp\/v2\/product_tag?post=15777"}],"curies":[{"name":"wp","href":"https:\/\/api.w.org\/{rel}","templated":true}]}}

El Niño Sano. Una visión integral. 4ª Edición

<div data-elementor-type="wp-post" data-elementor-id="15777" class="elementor elementor-15777">
				
<div class="elementor-element elementor-element-2612b12 e-flex e-con-boxed e-con e-parent" data-id="2612b12" data-element_type="container" data-e-type="container">
					<div class="e-con-inner">
				<div class="elementor-element elementor-element-498707ae elementor-widget elementor-widget-text-editor" data-id="498707ae" data-element_type="widget" data-e-type="widget" data-widget_type="text-editor.default">
				<div class="elementor-widget-container">
									<p>Esta obra es un texto de puericultura, entendida como la ciencia y el arte de la crianza desde el periodo preconcepcional hasta la adolescencia, con énfasis en los hitos del crecimiento y el desarrollo en las diferentes edades en que se es sujeto de crianza.</p><p>Sus directores vuelcan en esta obra su amplia experiencia en ese campo y han contado con el valioso aporte de más de 30 colaboradores en la redacción de los 51 capítulos distribuidos en 6 secciones.</p><p>La estructura de la publicación cubre de manera integral aspectos fundamentales que permiten una visión holística de la salud infantil, como las metas de desarrollo humano integral, el crecimiento y el desarrollo, los cuidados básicos de la niñez y la puericultura del adolescente. Así mismo, se presenta un análisis de diversos aspectos de la niñez en el contexto social, lo cual es, sin duda, un tema innovador y de alta relevancia para la pediatría.</p><p>Este libro resalta la importancia de crear un ambiente favorable para el desarrollo y formación de niños y jóvenes y se constituye en un verdadero aporte y una muy útil herramienta para padres, educadores y profesionales de la salud.</p>								</div>
				</div>
					</div>
				</div>
				</div>

<p><strong>Autores:</strong> Álvaro Posada Díaz / Juan Fernando Gómez Ramírez / Humberto Ramírez Gómez<br />
<strong>ISBN:</strong> 9789588443638<br />
<strong>Edición:</strong> 4ª<br />
<strong>Especialidad:</strong> Pediatría y Neonatología<br />
<strong>Páginas:</strong> 564<br />
© 2016</p>
