{"id":15796,"date":"2025-03-06T18:23:54","date_gmt":"2025-03-06T18:23:54","guid":{"rendered":"https:\/\/edimeinter.com\/libreria\/?post_type=product&#038;p=15796"},"modified":"2025-03-28T18:59:05","modified_gmt":"2025-03-28T18:59:05","slug":"sabucedo-morales-dominguez-psicologia-social-1a-edicion","status":"publish","type":"product","link":"https:\/\/edimeinter.com\/libreria\/product\/sabucedo-morales-dominguez-psicologia-social-1a-edicion\/","title":{"rendered":"Sabucedo \u2013 Morales Dom\u00ednguez. Psicolog\u00eda Social. 1\u00aa Edici\u00f3n"},"content":{"rendered":"\t\t<div data-elementor-type=\"wp-post\" data-elementor-id=\"15796\" class=\"elementor elementor-15796\">\n\t\t\t\t<div class=\"elementor-element elementor-element-2612b12 e-flex e-con-boxed e-con e-parent\" data-id=\"2612b12\" data-element_type=\"container\" data-e-type=\"container\">\n\t\t\t\t\t<div class=\"e-con-inner\">\n\t\t\n\t\t<div class=\"elementor-element elementor-element-498707ae elementor-widget elementor-widget-text-editor\" data-id=\"498707ae\" data-element_type=\"widget\" data-e-type=\"widget\" data-widget_type=\"text-editor.default\">\n\t\t\t\t<div class=\"elementor-widget-container\">\n\t\t\t\t\t\t\t\t\t<p>La Psicolog\u00eda Social analiza, comprende y explica el comportamiento individual, grupal y colectivo en interacci\u00f3n con el contexto social. Persona y sociedad son parte de una misma realidad. Este libro, pensado y dise\u00f1ado para guiar y acompa\u00f1ar al lector en un recorrido por las cuestiones m\u00e1s significativas de esta apasionante disciplina, tiene como objetivo ofrecer el corpus del conocimiento actual m\u00e1s relevante de la Psicolog\u00eda. Las principales caracter\u00edsticas de la obra son:<\/p><ul><li>Aborda en sus veintitr\u00e9s cap\u00edtulos los procesos psicosociales b\u00e1sicos (neurociencia social, cognici\u00f3n social o emociones) as\u00ed como cuestiones y problemas de gran impacto social (cambio de actitudes, influencia, agresi\u00f3n y violencia, liderazgo, conflicto intergrupal, prejuicio, estigma, estereotipos, comportamiento colectivo o medios de comunicaci\u00f3n).<\/li><\/ul><ul><li>Incluye herramientas did\u00e1cticas que facilitan el aprendizaje de la materia: objetivos de aprendizaje, recuadros que ilustran o ampl\u00edan informaciones del texto, un resumen final que destaca las ideas m\u00e1s importantes que se han formulado y abundante bibliograf\u00eda y enlaces de inter\u00e9s para ampliar el conocimiento de la materia.<\/li><\/ul><ul><li>Incorpora un sitio web con actividades y preguntas de autoevaluaci\u00f3n de gran utilidad tanto para estudiantes como para docentes que impartan esta materia.<\/li><\/ul><p>Para muchas personas \u00e9ste ser\u00e1 su primer contacto con la Psicolog\u00eda Social. Las motivaciones para leer o consultar el libro ser\u00e1n diversas. Algunas lo har\u00e1n por estar cursando un grado en Psicolog\u00eda o en otra ciencia social; otras animadas por la curiosidad intelectual de intentar conocer algunas de las claves del comportamiento humano. Pero sea cual sea la raz\u00f3n, seguro que se sentir\u00e1n atra\u00eddos por esta disciplina cient\u00edfica.<\/p>\t\t\t\t\t\t\t\t<\/div>\n\t\t\t\t<\/div>\n\t\t\t\t\t<\/div>\n\t\t\t\t<\/div>\n\t\t\t\t<\/div>\n\t\t","protected":false},"excerpt":{"rendered":"<p><strong>Autores:<\/strong> Jos\u00e9 Manuel Sabucedo \/ Jos\u00e9 Francisco Morales Dom\u00ednguez<br \/>\n<strong>ISBN:<\/strong> 9788498359046<br \/>\n<strong>Edici\u00f3n:<\/strong> 1\u00aa<br \/>\n<strong>Especialidad:<\/strong> Psicolog\u00eda<br \/>\n<strong>P\u00e1ginas:<\/strong> 524<br \/>\n\u00a9 2015<\/p>\n","protected":false},"featured_media":15797,"comment_status":"open","ping_status":"open","template":"","meta":{"_joinchat":[]},"product_cat":[88],"product_tag":[174,70,89],"class_list":{"0":"post-15796","1":"product","2":"type-product","3":"status-publish","4":"has-post-thumbnail","6":"product_cat-psicologia","7":"product_tag-outlet","8":"product_tag-panamericana","9":"product_tag-psicologia","11":"first","12":"instock","13":"sale","14":"featured","15":"purchasable","16":"product-type-simple"},"_links":{"self":[{"href":"https:\/\/edimeinter.com\/libreria\/wp-json\/wp\/v2\/product\/15796","targetHints":{"allow":["GET"]}}],"collection":[{"href":"https:\/\/edimeinter.com\/libreria\/wp-json\/wp\/v2\/product"}],"about":[{"href":"https:\/\/edimeinter.com\/libreria\/wp-json\/wp\/v2\/types\/product"}],"replies":[{"embeddable":true,"href":"https:\/\/edimeinter.com\/libreria\/wp-json\/wp\/v2\/comments?post=15796"}],"version-history":[{"count":4,"href":"https:\/\/edimeinter.com\/libreria\/wp-json\/wp\/v2\/product\/15796\/revisions"}],"predecessor-version":[{"id":15801,"href":"https:\/\/edimeinter.com\/libreria\/wp-json\/wp\/v2\/product\/15796\/revisions\/15801"}],"wp:featuredmedia":[{"embeddable":true,"href":"https:\/\/edimeinter.com\/libreria\/wp-json\/wp\/v2\/media\/15797"}],"wp:attachment":[{"href":"https:\/\/edimeinter.com\/libreria\/wp-json\/wp\/v2\/media?parent=15796"}],"wp:term":[{"taxonomy":"product_cat","embeddable":true,"href":"https:\/\/edimeinter.com\/libreria\/wp-json\/wp\/v2\/product_cat?post=15796"},{"taxonomy":"product_tag","embeddable":true,"href":"https:\/\/edimeinter.com\/libreria\/wp-json\/wp\/v2\/product_tag?post=15796"}],"curies":[{"name":"wp","href":"https:\/\/api.w.org\/{rel}","templated":true}]}}