{"id":15810,"date":"2025-03-06T18:37:09","date_gmt":"2025-03-06T18:37:09","guid":{"rendered":"https:\/\/edimeinter.com\/libreria\/?post_type=product&#038;p=15810"},"modified":"2025-04-04T01:10:22","modified_gmt":"2025-04-04T01:10:22","slug":"rehabilitacion-de-las-enfermedades-neuromusculares-en-la-infancia","status":"publish","type":"product","link":"https:\/\/edimeinter.com\/libreria\/product\/rehabilitacion-de-las-enfermedades-neuromusculares-en-la-infancia\/","title":{"rendered":"Rehabilitaci\u00f3n de las Enfermedades Neuromusculares en la Infancia. 1\u00aa Edici\u00f3n"},"content":{"rendered":"\t\t<div data-elementor-type=\"wp-post\" data-elementor-id=\"15810\" class=\"elementor elementor-15810\">\n\t\t\t\t<div class=\"elementor-element elementor-element-2612b12 e-flex e-con-boxed e-con e-parent\" data-id=\"2612b12\" data-element_type=\"container\" data-e-type=\"container\">\n\t\t\t\t\t<div class=\"e-con-inner\">\n\t\t\n\t\t<div class=\"elementor-element elementor-element-498707ae elementor-widget elementor-widget-text-editor\" data-id=\"498707ae\" data-element_type=\"widget\" data-e-type=\"widget\" data-widget_type=\"text-editor.default\">\n\t\t\t\t<div class=\"elementor-widget-container\">\n\t\t\t\t\t\t\t\t\t<p>Las enfermedades neuromusculares de inicio en la infancia, tienen especial repercusi\u00f3n en los ni\u00f1os, puesto que interfieren en su desarrollo psicomotor. A pesar de no disponer de un tratamiento etiol\u00f3gico, se ha constatado que un manejo multidisciplinar y la introducci\u00f3n de programas de rehabilitaci\u00f3n basados en la prevenci\u00f3n y abordaje de las complicaciones, consigue un aumento de la calidad de vida y en muchos casos prolongaci\u00f3n de la misma.<\/p><p>El presente libro se ha desarrollado con un abordaje global de estas enfermedades con las siguientes caracter\u00edsticas:<br \/>Muestra los avances actuales de la biolog\u00eda molecular y la gen\u00e9tica para el conocimiento de la patogenia y el diagn\u00f3stico.<\/p><p>Aborda, desde el punto de vista rehabilitador, el manejo de las contracturas, el ejercicio, la capacidad de marcha y la escoliosis en su doble manejo conservador y quir\u00fargico, y dedica un cap\u00edtulo completo a la medici\u00f3n de la funci\u00f3n.<br \/>Presenta ampliamente las enfermedades neuromusculares m\u00e1s frecuentes de la infancia como la atrofia muscular espinal y la distrofia muscular de Duchenne.<\/p><p>Describe de forma extensa y cuidadosa las complicaciones respiratorias, as\u00ed como a las card\u00edacas y nutricionales.<br \/>Trata el manejo de la dependencia, y de la calidad de vida, diferenciando la percepci\u00f3n entre pacientes, padres y profesionales.<\/p><p>Rehabilitaci\u00f3n de las enfermedades neuromusculares en la infancia, debido a su enfoque multidisciplinar, va dirigido a m\u00e9dicos rehabilitadores, fisioterapeutas, terapeutas ocupacionales, logopedas, neuropediatras, neumopediatras, cirujanos ortop\u00e9dicos, gastroenter\u00f3logos y otros profesionales que en alg\u00fan momento deben manejar este tipo de enfermedades.<\/p>\t\t\t\t\t\t\t\t<\/div>\n\t\t\t\t<\/div>\n\t\t\t\t\t<\/div>\n\t\t\t\t<\/div>\n\t\t\t\t<\/div>\n\t\t","protected":false},"excerpt":{"rendered":"<p><strong>Autores:<\/strong> Anna Febrer Rotger<br \/>\n<strong>ISBN:<\/strong> 9788491106173<br \/>\n<strong>Edici\u00f3n:<\/strong> 1\u00aa<br \/>\n<strong>Especialidad:<\/strong> Rehabilitaci\u00f3n y Medicina F\u00edsica<br \/>\n<strong>P\u00e1ginas:<\/strong> 174<br \/>\n\u00a9 2015<\/p>\n","protected":false},"featured_media":15811,"comment_status":"open","ping_status":"closed","template":"","meta":{"_joinchat":[]},"product_cat":[111],"product_tag":[112,174,70],"class_list":{"0":"post-15810","1":"product","2":"type-product","3":"status-publish","4":"has-post-thumbnail","6":"product_cat-fisioterapia","7":"product_tag-fisioterapia","8":"product_tag-outlet","9":"product_tag-panamericana","11":"first","12":"instock","13":"sale","14":"featured","15":"purchasable","16":"product-type-simple"},"_links":{"self":[{"href":"https:\/\/edimeinter.com\/libreria\/wp-json\/wp\/v2\/product\/15810","targetHints":{"allow":["GET"]}}],"collection":[{"href":"https:\/\/edimeinter.com\/libreria\/wp-json\/wp\/v2\/product"}],"about":[{"href":"https:\/\/edimeinter.com\/libreria\/wp-json\/wp\/v2\/types\/product"}],"replies":[{"embeddable":true,"href":"https:\/\/edimeinter.com\/libreria\/wp-json\/wp\/v2\/comments?post=15810"}],"version-history":[{"count":5,"href":"https:\/\/edimeinter.com\/libreria\/wp-json\/wp\/v2\/product\/15810\/revisions"}],"predecessor-version":[{"id":15823,"href":"https:\/\/edimeinter.com\/libreria\/wp-json\/wp\/v2\/product\/15810\/revisions\/15823"}],"wp:featuredmedia":[{"embeddable":true,"href":"https:\/\/edimeinter.com\/libreria\/wp-json\/wp\/v2\/media\/15811"}],"wp:attachment":[{"href":"https:\/\/edimeinter.com\/libreria\/wp-json\/wp\/v2\/media?parent=15810"}],"wp:term":[{"taxonomy":"product_cat","embeddable":true,"href":"https:\/\/edimeinter.com\/libreria\/wp-json\/wp\/v2\/product_cat?post=15810"},{"taxonomy":"product_tag","embeddable":true,"href":"https:\/\/edimeinter.com\/libreria\/wp-json\/wp\/v2\/product_tag?post=15810"}],"curies":[{"name":"wp","href":"https:\/\/api.w.org\/{rel}","templated":true}]}}