{"id":16299,"date":"2025-05-01T22:42:31","date_gmt":"2025-05-01T22:42:31","guid":{"rendered":"https:\/\/edimeinter.com\/libreria\/?post_type=product&#038;p=16299"},"modified":"2025-05-01T22:51:55","modified_gmt":"2025-05-01T22:51:55","slug":"codigo-sepsis-1a-edicion","status":"publish","type":"product","link":"https:\/\/edimeinter.com\/libreria\/product\/codigo-sepsis-1a-edicion\/","title":{"rendered":"C\u00f3digo sepsis. 1\u00aa Edici\u00f3n"},"content":{"rendered":"\t\t<div data-elementor-type=\"wp-post\" data-elementor-id=\"16299\" class=\"elementor elementor-16299\">\n\t\t\t\t<div class=\"elementor-element elementor-element-2612b12 e-flex e-con-boxed e-con e-parent\" data-id=\"2612b12\" data-element_type=\"container\" data-e-type=\"container\">\n\t\t\t\t\t<div class=\"e-con-inner\">\n\t\t\n\t\t<div class=\"elementor-element elementor-element-498707ae elementor-widget elementor-widget-text-editor\" data-id=\"498707ae\" data-element_type=\"widget\" data-e-type=\"widget\" data-widget_type=\"text-editor.default\">\n\t\t\t\t<div class=\"elementor-widget-container\">\n\t\t\t\t\t\t\t\t\t<p>La sepsis es el s\u00edndrome cl\u00ednico que causa una mayor mortalidad intrahospitalaria en todo el mundo, y es la principal causa de admisiones hospitalarias. C\u00f3digo sepsis ofrece una perspectiva global y multidisciplinar de esta emergencia m\u00e9dica que pone en peligro la vida de los pacientes y proporciona una visi\u00f3n concisa pero completa de un tema complejo.<\/p><p>Casi el 20% de las muertes mundiales se atribuyen a la sepsis cada a\u00f1o, de las cuales casi la mitad corresponden a ni\u00f1os menores de cinco a\u00f1os, y los entornos de bajos recursos se ven afectados de forma desproporcionada. Un enfoque de \u00fanico no es suficiente para satisfacer las necesidades individuales de los pacientes, sino que requiere un enfoque terap\u00e9utico que tenga en cuenta las diferentes edades, los factores de predisposici\u00f3n, los rasgos gen\u00e9ticos, etc.<\/p>\t\t\t\t\t\t\t\t<\/div>\n\t\t\t\t<\/div>\n\t\t\t\t\t<\/div>\n\t\t\t\t<\/div>\n\t\t\t\t<\/div>\n\t\t","protected":false},"excerpt":{"rendered":"<p><strong>Autores:<\/strong> Marcio Borges, MD, Jorge Hidalgo, MD, MACP, MCCM, FCCP and Javier Perez-Fernandez, MD<br \/>\n<strong>ISBN:<\/strong> 9788413825489<br \/>\n<strong>Editorial:<\/strong>\u00a0Elsevier<br \/>\n<strong>Edici\u00f3n:<\/strong> 1\u00aa<br \/>\n<strong>Especialidad<\/strong>: Cirug\u00eda General<br \/>\n<strong>P\u00e1ginas<\/strong>: 360<br \/>\n\u00a9 2024<\/p>\n","protected":false},"featured_media":16300,"comment_status":"open","ping_status":"closed","template":"","meta":{"_joinchat":[]},"product_cat":[175],"product_tag":[240,176,85],"class_list":{"0":"post-16299","1":"product","2":"type-product","3":"status-publish","4":"has-post-thumbnail","6":"product_cat-cirugia","7":"product_tag-240","8":"product_tag-cirugia","9":"product_tag-elsevier","11":"first","12":"instock","13":"featured","14":"purchasable","15":"product-type-simple"},"_links":{"self":[{"href":"https:\/\/edimeinter.com\/libreria\/wp-json\/wp\/v2\/product\/16299","targetHints":{"allow":["GET"]}}],"collection":[{"href":"https:\/\/edimeinter.com\/libreria\/wp-json\/wp\/v2\/product"}],"about":[{"href":"https:\/\/edimeinter.com\/libreria\/wp-json\/wp\/v2\/types\/product"}],"replies":[{"embeddable":true,"href":"https:\/\/edimeinter.com\/libreria\/wp-json\/wp\/v2\/comments?post=16299"}],"version-history":[{"count":4,"href":"https:\/\/edimeinter.com\/libreria\/wp-json\/wp\/v2\/product\/16299\/revisions"}],"predecessor-version":[{"id":16304,"href":"https:\/\/edimeinter.com\/libreria\/wp-json\/wp\/v2\/product\/16299\/revisions\/16304"}],"wp:featuredmedia":[{"embeddable":true,"href":"https:\/\/edimeinter.com\/libreria\/wp-json\/wp\/v2\/media\/16300"}],"wp:attachment":[{"href":"https:\/\/edimeinter.com\/libreria\/wp-json\/wp\/v2\/media?parent=16299"}],"wp:term":[{"taxonomy":"product_cat","embeddable":true,"href":"https:\/\/edimeinter.com\/libreria\/wp-json\/wp\/v2\/product_cat?post=16299"},{"taxonomy":"product_tag","embeddable":true,"href":"https:\/\/edimeinter.com\/libreria\/wp-json\/wp\/v2\/product_tag?post=16299"}],"curies":[{"name":"wp","href":"https:\/\/api.w.org\/{rel}","templated":true}]}}

Código sepsis. 1ª Edición

<div data-elementor-type="wp-post" data-elementor-id="16299" class="elementor elementor-16299">
				<div class="elementor-element elementor-element-2612b12 e-flex e-con-boxed e-con e-parent" data-id="2612b12" data-element_type="container" data-e-type="container">
					<div class="e-con-inner">
		
		<div class="elementor-element elementor-element-498707ae elementor-widget elementor-widget-text-editor" data-id="498707ae" data-element_type="widget" data-e-type="widget" data-widget_type="text-editor.default">
				<div class="elementor-widget-container">
									<p>La sepsis es el síndrome clínico que causa una mayor mortalidad intrahospitalaria en todo el mundo, y es la principal causa de admisiones hospitalarias. Código sepsis ofrece una perspectiva global y multidisciplinar de esta emergencia médica que pone en peligro la vida de los pacientes y proporciona una visión concisa pero completa de un tema complejo.</p><p>Casi el 20% de las muertes mundiales se atribuyen a la sepsis cada año, de las cuales casi la mitad corresponden a niños menores de cinco años, y los entornos de bajos recursos se ven afectados de forma desproporcionada. Un enfoque de único no es suficiente para satisfacer las necesidades individuales de los pacientes, sino que requiere un enfoque terapéutico que tenga en cuenta las diferentes edades, los factores de predisposición, los rasgos genéticos, etc.</p>								</div>
				</div>
					</div>
				</div>
				</div>

<p><strong>Autores:</strong> Marcio Borges, MD, Jorge Hidalgo, MD, MACP, MCCM, FCCP and Javier Perez-Fernandez, MD<br />
<strong>ISBN:</strong> 9788413825489<br />
<strong>Editorial:</strong> Elsevier<br />
<strong>Edición:</strong> 1ª<br />
<strong>Especialidad</strong>: Cirugía General<br />
<strong>Páginas</strong>: 360<br />
© 2024</p>
