{"id":16329,"date":"2025-05-01T23:12:27","date_gmt":"2025-05-01T23:12:27","guid":{"rendered":"https:\/\/edimeinter.com\/libreria\/?post_type=product&#038;p=16329"},"modified":"2025-05-01T23:15:15","modified_gmt":"2025-05-01T23:15:15","slug":"tratado-de-enfermeria-gerontogeriatrica-1a-edicion","status":"publish","type":"product","link":"https:\/\/edimeinter.com\/libreria\/product\/tratado-de-enfermeria-gerontogeriatrica-1a-edicion\/","title":{"rendered":"Tratado de enfermer\u00eda gerontogeri\u00e1trica. 1\u00aa Edici\u00f3n"},"content":{"rendered":"\t\t<div data-elementor-type=\"wp-post\" data-elementor-id=\"16329\" class=\"elementor elementor-16329\">\n\t\t\t\t<div class=\"elementor-element elementor-element-2612b12 e-flex e-con-boxed e-con e-parent\" data-id=\"2612b12\" data-element_type=\"container\" data-e-type=\"container\">\n\t\t\t\t\t<div class=\"e-con-inner\">\n\t\t\n\t\t<div class=\"elementor-element elementor-element-498707ae elementor-widget elementor-widget-text-editor\" data-id=\"498707ae\" data-element_type=\"widget\" data-e-type=\"widget\" data-widget_type=\"text-editor.default\">\n\t\t\t\t<div class=\"elementor-widget-container\">\n\t\t\t\t\t\t\t\t\t<p style=\"font-weight: 400;\">Tratado de Enfermer\u00eda gerontogeri\u00e1trica establece, por primera vez en lengua espa\u00f1ola, los fundamentos de la rama de la Enfermer\u00eda que estudia los cuidados profesionales y basados en la evidencia cient\u00edfica a las personas mayores. Liderado por enfermeras especialistas en Geriatr\u00eda, el tratado recoge todos los aspectos relacionados con la Enfermer\u00eda gerontogeri\u00e1trica como disciplina que se est\u00e1 estableciendo como propia y reconocida a nivel internacional. Esta obra de referencia est\u00e1 dirigida a enfermeras especialistas en Geriatr\u00eda y enfermeras que trabajan con las personas mayores en cualquier dispositivo de salud o social, as\u00ed como a estudiantes de Enfermer\u00eda, residentes de Enfermer\u00eda geri\u00e1trica y otros profesionales de la salud que atienden a las personas mayores.<\/p>\t\t\t\t\t\t\t\t<\/div>\n\t\t\t\t<\/div>\n\t\t\t\t\t<\/div>\n\t\t\t\t<\/div>\n\t\t\t\t<\/div>\n\t\t","protected":false},"excerpt":{"rendered":"<p><strong>Autores:<\/strong> Almudena Avenda\u00f1o C\u00e9spedes, Julia Gonz\u00e1lez Vaca and Pedro Abizanda Soler<br \/>\n<strong>ISBN:<\/strong> 9788413825229<br \/>\n<strong>Editorial:<\/strong>\u00a0Elsevier<br \/>\n<strong>Edici\u00f3n:<\/strong> 1\u00aa<br \/>\n<strong>Especialidad<\/strong>: Enfermer\u00eda<br \/>\n<strong>P\u00e1ginas<\/strong>: 560<br \/>\n\u00a9 2024<\/p>\n","protected":false},"featured_media":16330,"comment_status":"open","ping_status":"closed","template":"","meta":{"_joinchat":[]},"product_cat":[115],"product_tag":[240,85,82],"class_list":{"0":"post-16329","1":"product","2":"type-product","3":"status-publish","4":"has-post-thumbnail","6":"product_cat-enfermeria","7":"product_tag-240","8":"product_tag-elsevier","9":"product_tag-enfermeria","11":"first","12":"instock","13":"featured","14":"purchasable","15":"product-type-simple"},"_links":{"self":[{"href":"https:\/\/edimeinter.com\/libreria\/wp-json\/wp\/v2\/product\/16329","targetHints":{"allow":["GET"]}}],"collection":[{"href":"https:\/\/edimeinter.com\/libreria\/wp-json\/wp\/v2\/product"}],"about":[{"href":"https:\/\/edimeinter.com\/libreria\/wp-json\/wp\/v2\/types\/product"}],"replies":[{"embeddable":true,"href":"https:\/\/edimeinter.com\/libreria\/wp-json\/wp\/v2\/comments?post=16329"}],"version-history":[{"count":4,"href":"https:\/\/edimeinter.com\/libreria\/wp-json\/wp\/v2\/product\/16329\/revisions"}],"predecessor-version":[{"id":16334,"href":"https:\/\/edimeinter.com\/libreria\/wp-json\/wp\/v2\/product\/16329\/revisions\/16334"}],"wp:featuredmedia":[{"embeddable":true,"href":"https:\/\/edimeinter.com\/libreria\/wp-json\/wp\/v2\/media\/16330"}],"wp:attachment":[{"href":"https:\/\/edimeinter.com\/libreria\/wp-json\/wp\/v2\/media?parent=16329"}],"wp:term":[{"taxonomy":"product_cat","embeddable":true,"href":"https:\/\/edimeinter.com\/libreria\/wp-json\/wp\/v2\/product_cat?post=16329"},{"taxonomy":"product_tag","embeddable":true,"href":"https:\/\/edimeinter.com\/libreria\/wp-json\/wp\/v2\/product_tag?post=16329"}],"curies":[{"name":"wp","href":"https:\/\/api.w.org\/{rel}","templated":true}]}}