{"id":16353,"date":"2025-05-05T00:48:58","date_gmt":"2025-05-05T00:48:58","guid":{"rendered":"https:\/\/edimeinter.com\/libreria\/?post_type=product&#038;p=16353"},"modified":"2025-05-05T00:52:05","modified_gmt":"2025-05-05T00:52:05","slug":"tecnicas-quirurgicas-en-cirugia-obstetrica-1a-edicion","status":"publish","type":"product","link":"https:\/\/edimeinter.com\/libreria\/product\/tecnicas-quirurgicas-en-cirugia-obstetrica-1a-edicion\/","title":{"rendered":"T\u00e9cnicas quir\u00fargicas en cirug\u00eda obst\u00e9trica. 1\u00aa Edici\u00f3n"},"content":{"rendered":"\t\t<div data-elementor-type=\"wp-post\" data-elementor-id=\"16353\" class=\"elementor elementor-16353\">\n\t\t\t\t<div class=\"elementor-element elementor-element-2612b12 e-flex e-con-boxed e-con e-parent\" data-id=\"2612b12\" data-element_type=\"container\" data-e-type=\"container\">\n\t\t\t\t\t<div class=\"e-con-inner\">\n\t\t\n\t\t<div class=\"elementor-element elementor-element-498707ae elementor-widget elementor-widget-text-editor\" data-id=\"498707ae\" data-element_type=\"widget\" data-e-type=\"widget\" data-widget_type=\"text-editor.default\">\n\t\t\t\t<div class=\"elementor-widget-container\">\n\t\t\t\t\t\t\t\t\t<p><b>T\u00e9cnicas quir\u00fargicas en cirug\u00eda obst\u00e9trica\u00a0<\/b>es una s\u00f3lida y magn\u00edficamente ilustrada referencia sobre los procedimientos quir\u00fargicos que se llevan a cabo en obstetricia, incluidas las consideraciones para elegir el procedimiento m\u00e1s adecuado, la prevenci\u00f3n de complicaciones y los posibles resultados de cada procedimiento. F\u00e1cil de seguir, actualizado y muy visual, esta excelente referencia cubre paso a paso cada procedimiento quir\u00fargico y es el complemento ideal para m\u00e9dicos residentes en ginecolog\u00eda y obstetricia.<br \/>Cada procedimiento aborda descripci\u00f3n, generalidades, indicaciones, diagn\u00f3stico diferencial, diagn\u00f3stico por imagen y por laboratorio, plan quir\u00fargico, procedimiento, t\u00e9cnica, perlas y riesgos, cuidados posoperatorios, resultados y complicaciones. El contenido se organiza en seis secciones: consideraciones generales, consideraciones previas a la concepci\u00f3n, anteparto, parto, posparto y procedimientos varios, en los que se cubren t\u00f3picos como ces\u00e1rea, manejo de hemorragias posparto, histerectom\u00eda por placenta acreta, parto vaginal quir\u00fargico, y reparaci\u00f3n de laceraciones y f\u00edstulas obst\u00e9tricas, entre muchos otros.<br \/><b>T\u00e9cnicas quir\u00fargicas en cirug\u00eda obst\u00e9trica\u00a0<\/b>es el quinto volumen de la reconocida serie\u00a0<i>T\u00e9cnicas Quir\u00fargicas\u00a0<\/i>del Dr. Jonathan Berek que abarca Ginecolog\u00eda, Endocrinolog\u00eda reproductiva e infertilidad, Uroginecolog\u00eda, Oncolog\u00eda ginecol\u00f3gica y obst\u00e9trica.<\/p>\t\t\t\t\t\t\t\t<\/div>\n\t\t\t\t<\/div>\n\t\t\t\t\t<\/div>\n\t\t\t\t<\/div>\n\t\t\t\t<\/div>\n\t\t","protected":false},"excerpt":{"rendered":"<p><strong>Autores:<\/strong> Michael Belfort , Alireza Abdollah Shamshirsaz , Steven Clark , Karin Fox<br \/>\n<strong>ISBN:<\/strong> 9788419284006<br \/>\n<strong>Editorial:<\/strong>\u00a0WOLTERS KLUWER<br \/>\n<strong>Edici\u00f3n:<\/strong> 1\u00aa<br \/>\n<strong>Especialidad<\/strong>: Ginecolog\u00eda y Obstetricia<br \/>\n<strong>P\u00e1ginas<\/strong>: 424<br \/>\n\u00a9 2023<\/p>\n","protected":false},"featured_media":16354,"comment_status":"open","ping_status":"closed","template":"","meta":{"_joinchat":[]},"product_cat":[104],"product_tag":[105,92],"class_list":{"0":"post-16353","1":"product","2":"type-product","3":"status-publish","4":"has-post-thumbnail","6":"product_cat-ginecologia-y-obstetricia","7":"product_tag-ginecologia-y-obstetricia","8":"product_tag-wolters-kluwer","10":"first","11":"instock","12":"featured","13":"taxable","14":"shipping-taxable","15":"purchasable","16":"product-type-simple"},"_links":{"self":[{"href":"https:\/\/edimeinter.com\/libreria\/wp-json\/wp\/v2\/product\/16353","targetHints":{"allow":["GET"]}}],"collection":[{"href":"https:\/\/edimeinter.com\/libreria\/wp-json\/wp\/v2\/product"}],"about":[{"href":"https:\/\/edimeinter.com\/libreria\/wp-json\/wp\/v2\/types\/product"}],"replies":[{"embeddable":true,"href":"https:\/\/edimeinter.com\/libreria\/wp-json\/wp\/v2\/comments?post=16353"}],"version-history":[{"count":4,"href":"https:\/\/edimeinter.com\/libreria\/wp-json\/wp\/v2\/product\/16353\/revisions"}],"predecessor-version":[{"id":16358,"href":"https:\/\/edimeinter.com\/libreria\/wp-json\/wp\/v2\/product\/16353\/revisions\/16358"}],"wp:featuredmedia":[{"embeddable":true,"href":"https:\/\/edimeinter.com\/libreria\/wp-json\/wp\/v2\/media\/16354"}],"wp:attachment":[{"href":"https:\/\/edimeinter.com\/libreria\/wp-json\/wp\/v2\/media?parent=16353"}],"wp:term":[{"taxonomy":"product_cat","embeddable":true,"href":"https:\/\/edimeinter.com\/libreria\/wp-json\/wp\/v2\/product_cat?post=16353"},{"taxonomy":"product_tag","embeddable":true,"href":"https:\/\/edimeinter.com\/libreria\/wp-json\/wp\/v2\/product_tag?post=16353"}],"curies":[{"name":"wp","href":"https:\/\/api.w.org\/{rel}","templated":true}]}}