{"id":16405,"date":"2025-05-07T19:15:31","date_gmt":"2025-05-07T19:15:31","guid":{"rendered":"https:\/\/edimeinter.com\/libreria\/?post_type=product&#038;p=16405"},"modified":"2025-05-07T19:19:28","modified_gmt":"2025-05-07T19:19:28","slug":"el-unico-libro-de-neurologia-que-vas-a-necesitar-1a-edicion","status":"publish","type":"product","link":"https:\/\/edimeinter.com\/libreria\/product\/el-unico-libro-de-neurologia-que-vas-a-necesitar-1a-edicion\/","title":{"rendered":"El \u00fanico libro de Neurolog\u00eda que vas a necesitar. 1\u00aa Edici\u00f3n"},"content":{"rendered":"\t\t<div data-elementor-type=\"wp-post\" data-elementor-id=\"16405\" class=\"elementor elementor-16405\">\n\t\t\t\t<div class=\"elementor-element elementor-element-2612b12 e-flex e-con-boxed e-con e-parent\" data-id=\"2612b12\" data-element_type=\"container\" data-e-type=\"container\">\n\t\t\t\t\t<div class=\"e-con-inner\">\n\t\t\n\t\t<div class=\"elementor-element elementor-element-498707ae elementor-widget elementor-widget-text-editor\" data-id=\"498707ae\" data-element_type=\"widget\" data-e-type=\"widget\" data-widget_type=\"text-editor.default\">\n\t\t\t\t<div class=\"elementor-widget-container\">\n\t\t\t\t\t\t\t\t\t<p>La neurolog\u00eda tiene la reputaci\u00f3n \u2014bien merecida, aunque un tanto exagerada\u2014 de ser dif\u00edcil. Fascinante, s\u00ed. Intelectualmente estimulante, por supuesto. \u00bfMerece la pena la inversi\u00f3n en tiempo y en neuronas sobrecargadas? Sin duda, aunque resulte dif\u00edcil. Por eso hemos creado\u00a0<b><i>El \u00fanico libro de Neurolog\u00eda que vas a necesitar<\/i><\/b>. No para hacer de la neurolog\u00eda algo f\u00e1cil, sino para hacerla m\u00e1s comprensible, ayudarte a entenderla mejor, tomar toda la anatom\u00eda y fisiolog\u00eda, y los s\u00edndromes, clasificaciones y protocolos de tratamiento, y envolverlos en paquetes m\u00e1s manejables que sean claros, concisos y pr\u00e1cticos.<br \/>Esta edici\u00f3n parte de la premisa de ser el \u00fanico libro que necesitar\u00e1s para tener una visi\u00f3n general directa y completa de la neurolog\u00eda. Cubre los temas m\u00e1s importantes sobre diagn\u00f3stico y tratamiento neurol\u00f3gico, al igual que la anatom\u00eda y la fisiolog\u00eda de mayor relevancia cl\u00ednica. Creado por los doctores Alison I. Thaler y Malcolm S. Thaler, esta obra est\u00e1 repleta de ilustraciones a todo color, escenarios cl\u00ednicos del mundo real, y de directrices y recomendaciones actualizadas, lo que proporciona todos los consejos pr\u00e1cticos que necesitar\u00e1s para dominar el desafiante mundo de la neurolog\u00eda.<\/p>\t\t\t\t\t\t\t\t<\/div>\n\t\t\t\t<\/div>\n\t\t\t\t\t<\/div>\n\t\t\t\t<\/div>\n\t\t\t\t<\/div>\n\t\t","protected":false},"excerpt":{"rendered":"<p><strong>Autores:<\/strong> Alison I. Thaler , Malcolm S. Thaler MD<br \/>\n<strong>ISBN:<\/strong> 9788419284334<br \/>\n<strong>Editorial:<\/strong>\u00a0WOLTERS KLUWER<br \/>\n<strong>Edici\u00f3n:<\/strong> 1\u00aa<br \/>\n<strong>Especialidad<\/strong>: Neurolog\u00eda<br \/>\n<strong>P\u00e1ginas<\/strong>: 472<br \/>\n\u00a9 2023<\/p>\n","protected":false},"featured_media":16406,"comment_status":"open","ping_status":"closed","template":"","meta":{"_joinchat":[]},"product_cat":[122],"product_tag":[123,92],"class_list":{"0":"post-16405","1":"product","2":"type-product","3":"status-publish","4":"has-post-thumbnail","6":"product_cat-neurologia","7":"product_tag-neurologia","8":"product_tag-wolters-kluwer","10":"first","11":"instock","12":"featured","13":"taxable","14":"shipping-taxable","15":"purchasable","16":"product-type-simple"},"_links":{"self":[{"href":"https:\/\/edimeinter.com\/libreria\/wp-json\/wp\/v2\/product\/16405","targetHints":{"allow":["GET"]}}],"collection":[{"href":"https:\/\/edimeinter.com\/libreria\/wp-json\/wp\/v2\/product"}],"about":[{"href":"https:\/\/edimeinter.com\/libreria\/wp-json\/wp\/v2\/types\/product"}],"replies":[{"embeddable":true,"href":"https:\/\/edimeinter.com\/libreria\/wp-json\/wp\/v2\/comments?post=16405"}],"version-history":[{"count":5,"href":"https:\/\/edimeinter.com\/libreria\/wp-json\/wp\/v2\/product\/16405\/revisions"}],"predecessor-version":[{"id":16411,"href":"https:\/\/edimeinter.com\/libreria\/wp-json\/wp\/v2\/product\/16405\/revisions\/16411"}],"wp:featuredmedia":[{"embeddable":true,"href":"https:\/\/edimeinter.com\/libreria\/wp-json\/wp\/v2\/media\/16406"}],"wp:attachment":[{"href":"https:\/\/edimeinter.com\/libreria\/wp-json\/wp\/v2\/media?parent=16405"}],"wp:term":[{"taxonomy":"product_cat","embeddable":true,"href":"https:\/\/edimeinter.com\/libreria\/wp-json\/wp\/v2\/product_cat?post=16405"},{"taxonomy":"product_tag","embeddable":true,"href":"https:\/\/edimeinter.com\/libreria\/wp-json\/wp\/v2\/product_tag?post=16405"}],"curies":[{"name":"wp","href":"https:\/\/api.w.org\/{rel}","templated":true}]}}