{"id":16476,"date":"2025-05-07T22:08:23","date_gmt":"2025-05-07T22:08:23","guid":{"rendered":"https:\/\/edimeinter.com\/libreria\/?post_type=product&#038;p=16476"},"modified":"2025-05-07T22:11:28","modified_gmt":"2025-05-07T22:11:28","slug":"la-entrevista-psiquiatrica-y-el-examen-mental-5a-edicion","status":"publish","type":"product","link":"https:\/\/edimeinter.com\/libreria\/product\/la-entrevista-psiquiatrica-y-el-examen-mental-5a-edicion\/","title":{"rendered":"La entrevista psiqui\u00e1trica y el examen mental. 5\u00aa Edici\u00f3n"},"content":{"rendered":"\t\t<div data-elementor-type=\"wp-post\" data-elementor-id=\"16476\" class=\"elementor elementor-16476\">\n\t\t\t\t<div class=\"elementor-element elementor-element-2612b12 e-flex e-con-boxed e-con e-parent\" data-id=\"2612b12\" data-element_type=\"container\" data-e-type=\"container\">\n\t\t\t\t\t<div class=\"e-con-inner\">\n\t\t\n\t\t<div class=\"elementor-element elementor-element-498707ae elementor-widget elementor-widget-text-editor\" data-id=\"498707ae\" data-element_type=\"widget\" data-e-type=\"widget\" data-widget_type=\"text-editor.default\">\n\t\t\t\t<div class=\"elementor-widget-container\">\n\t\t\t\t\t\t\t\t\t<p><b>La entrevista psiqui\u00e1trica y el examen mental<\/b>\u00a0es una herramienta b\u00e1sica para los estudiantes de medicina, m\u00e9dicos internos y residentes de psiquiatr\u00eda y de otras especialidades, adem\u00e1s de estudiantes de otras \u00e1reas relacionadas como psicolog\u00eda o trabajo social, que buscan desarrollar las habilidades necesarias para establecer una comunicaci\u00f3n \u00f3ptima con el paciente y obtener hallazgos cl\u00ednicos valiosos. Traducida a varios idiomas, esta obra destaca por la combinaci\u00f3n probada de mnemotecnias, t\u00e9cnicas espec\u00edficas para abordar temas intimidantes y ejemplos de frases para ilustrar los matices del proceso de la entrevista, lo cual convierte a este texto en una lectura amena, esencial y de f\u00e1cil lectura.<br \/>En esta 5.\u00aa edici\u00f3n, el Dr. Daniel J. Carlat, reconocido psiquiatra y galardonado periodista especializado en salud mental, mantiene un enfoque pr\u00e1ctico, conciso y realista para mejorar las habilidades de la entrevista, e incluye abundantes consejos y perlas \u00fatiles para desarrollar la confianza del entrevistador ante este valioso examen cl\u00ednico. Su contenido se ha actualizado para incorporar los criterios diagn\u00f3sticos m\u00e1s recientes publicados en el\u00a0<b><i>DSM-5-TR<\/i><\/b>, e incluye un nuevo cap\u00edtulo sobre t\u00e9cnicas para el paciente con ansiedad y una nueva revisi\u00f3n sobre el duelo prolongado. La obra se encuentra dividida en cuatro secciones, centradas y pr\u00e1cticas:\u00a0<b><i>Principios generales de una entrevista eficaz<\/i>,\u00a0<i>El historial psiqui\u00e1trico, Entrevista para el diagn\u00f3stico: la revisi\u00f3n psiqui\u00e1trica de los s\u00edntomas\u00a0<\/i>y\u00a0<i>C\u00f3mo entrevistar para el tratamiento.<\/i><\/b><\/p>\t\t\t\t\t\t\t\t<\/div>\n\t\t\t\t<\/div>\n\t\t\t\t\t<\/div>\n\t\t\t\t<\/div>\n\t\t\t\t<\/div>\n\t\t","protected":false},"excerpt":{"rendered":"<p><strong>Autores:<\/strong> Daniel J. Carlat MD<br \/>\n<strong>ISBN:<\/strong> 9788419663597<br \/>\n<strong>Editorial:<\/strong>\u00a0WOLTERS KLUWER<br \/>\n<strong>Edici\u00f3n:<\/strong> 5\u00aa<br \/>\n<strong>Especialidad<\/strong>: Psiquiatr\u00eda<br \/>\n<strong>P\u00e1ginas<\/strong>: 352<br \/>\n\u00a9 2024<\/p>\n","protected":false},"featured_media":16477,"comment_status":"open","ping_status":"closed","template":"","meta":{"_joinchat":[]},"product_cat":[68],"product_tag":[69,92],"class_list":{"0":"post-16476","1":"product","2":"type-product","3":"status-publish","4":"has-post-thumbnail","6":"product_cat-psiquiatria","7":"product_tag-psiquiatria","8":"product_tag-wolters-kluwer","10":"first","11":"instock","12":"featured","13":"taxable","14":"shipping-taxable","15":"purchasable","16":"product-type-simple"},"_links":{"self":[{"href":"https:\/\/edimeinter.com\/libreria\/wp-json\/wp\/v2\/product\/16476","targetHints":{"allow":["GET"]}}],"collection":[{"href":"https:\/\/edimeinter.com\/libreria\/wp-json\/wp\/v2\/product"}],"about":[{"href":"https:\/\/edimeinter.com\/libreria\/wp-json\/wp\/v2\/types\/product"}],"replies":[{"embeddable":true,"href":"https:\/\/edimeinter.com\/libreria\/wp-json\/wp\/v2\/comments?post=16476"}],"version-history":[{"count":4,"href":"https:\/\/edimeinter.com\/libreria\/wp-json\/wp\/v2\/product\/16476\/revisions"}],"predecessor-version":[{"id":16481,"href":"https:\/\/edimeinter.com\/libreria\/wp-json\/wp\/v2\/product\/16476\/revisions\/16481"}],"wp:featuredmedia":[{"embeddable":true,"href":"https:\/\/edimeinter.com\/libreria\/wp-json\/wp\/v2\/media\/16477"}],"wp:attachment":[{"href":"https:\/\/edimeinter.com\/libreria\/wp-json\/wp\/v2\/media?parent=16476"}],"wp:term":[{"taxonomy":"product_cat","embeddable":true,"href":"https:\/\/edimeinter.com\/libreria\/wp-json\/wp\/v2\/product_cat?post=16476"},{"taxonomy":"product_tag","embeddable":true,"href":"https:\/\/edimeinter.com\/libreria\/wp-json\/wp\/v2\/product_tag?post=16476"}],"curies":[{"name":"wp","href":"https:\/\/api.w.org\/{rel}","templated":true}]}}