{"id":16502,"date":"2025-05-09T18:07:08","date_gmt":"2025-05-09T18:07:08","guid":{"rendered":"https:\/\/edimeinter.com\/libreria\/?post_type=product&#038;p=16502"},"modified":"2025-05-27T21:24:50","modified_gmt":"2025-05-27T21:24:50","slug":"pasatiempos-para-medicos-2a-edicion","status":"publish","type":"product","link":"https:\/\/edimeinter.com\/libreria\/product\/pasatiempos-para-medicos-2a-edicion\/","title":{"rendered":"Pasatiempos para M\u00e9dicos. 2\u00aa Edici\u00f3n"},"content":{"rendered":"\t\t<div data-elementor-type=\"wp-post\" data-elementor-id=\"16502\" class=\"elementor elementor-16502\">\n\t\t\t\t<div class=\"elementor-element elementor-element-2612b12 e-flex e-con-boxed e-con e-parent\" data-id=\"2612b12\" data-element_type=\"container\" data-e-type=\"container\">\n\t\t\t\t\t<div class=\"e-con-inner\">\n\t\t\n\t\t<div class=\"elementor-element elementor-element-498707ae elementor-widget elementor-widget-text-editor\" data-id=\"498707ae\" data-element_type=\"widget\" data-e-type=\"widget\" data-widget_type=\"text-editor.default\">\n\t\t\t\t<div class=\"elementor-widget-container\">\n\t\t\t\t\t\t\t\t\t<p>Descubre una forma \u00fanica y entretenida de aprender y evaluar tus conocimientos en el \u00e1mbito de las Ciencias M\u00e9dicas con \u00abPasatiempos para M\u00e9dicos\u00bb. Este primer volumen de una trilog\u00eda innovadora combina diversi\u00f3n, evaluaci\u00f3n y aprendizaje, todo respaldado por un dise\u00f1o cuidadoso que facilita el proceso educativo.<\/p><p>En este libro, encontrar\u00e1s cincuenta pasatiempos que incluyen crucigramas, sopas de letras, puzles y acr\u00f3sticos, todos dise\u00f1ados para reforzar tus conocimientos m\u00e9dicos de manera amena. Cada actividad presenta cientos de interrogantes sobre diversas especialidades m\u00e9dicas, lo que te permitir\u00e1 adquirir nuevos conceptos que enriquecer\u00e1n tu pr\u00e1ctica profesional. La misi\u00f3n de este libro es motivar a los profesionales de la salud a aprovechar su tiempo libre para el crecimiento acad\u00e9mico, transformando el estudio en una experiencia gratificante y productiva.<\/p><p>Al tener este libro en tus manos, te enfrentar\u00e1s a un verdadero reto intelectual. Si logras superar el caudal de conocimientos que propone esta obra, habr\u00e1s dado un paso m\u00e1s en tu formaci\u00f3n como responsable de la salud del ser humano, siempre con el coraz\u00f3n en la mano y respetando el juramento hipocr\u00e1tico.<\/p><p>\u00a1No pierdas la oportunidad de enriquecer tu aprendizaje y disfrutar del proceso con \u00abPasatiempos para M\u00e9dicos\u00bb!<\/p>\t\t\t\t\t\t\t\t<\/div>\n\t\t\t\t<\/div>\n\t\t\t\t\t<\/div>\n\t\t\t\t<\/div>\n\t\t\t\t<\/div>\n\t\t","protected":false},"excerpt":{"rendered":"<p><strong>Autores:<\/strong> Erik Gonz\u00e1lez Hern\u00e1ndez<br \/>\n<strong>ISBN:<\/strong> 9789942487872<br \/>\n<strong>Edici\u00f3n:<\/strong> 2\u00aa<br \/>\n<strong>Especialidad<\/strong>: Ciencias de la Salud<br \/>\n<strong>P\u00e1ginas<\/strong>: 215<br \/>\n\u00a9 2025<\/p>\n","protected":false},"featured_media":16503,"comment_status":"open","ping_status":"closed","template":"","meta":{"_joinchat":[]},"product_cat":[251],"product_tag":[239,252,253],"class_list":{"0":"post-16502","1":"product","2":"type-product","3":"status-publish","4":"has-post-thumbnail","6":"product_cat-ciencias-de-la-salud","7":"product_tag-239","8":"product_tag-ciencias-de-la-salud","9":"product_tag-ecuatorianos","11":"first","12":"instock","13":"featured","14":"taxable","15":"shipping-taxable","16":"purchasable","17":"product-type-simple"},"_links":{"self":[{"href":"https:\/\/edimeinter.com\/libreria\/wp-json\/wp\/v2\/product\/16502","targetHints":{"allow":["GET"]}}],"collection":[{"href":"https:\/\/edimeinter.com\/libreria\/wp-json\/wp\/v2\/product"}],"about":[{"href":"https:\/\/edimeinter.com\/libreria\/wp-json\/wp\/v2\/types\/product"}],"replies":[{"embeddable":true,"href":"https:\/\/edimeinter.com\/libreria\/wp-json\/wp\/v2\/comments?post=16502"}],"version-history":[{"count":5,"href":"https:\/\/edimeinter.com\/libreria\/wp-json\/wp\/v2\/product\/16502\/revisions"}],"predecessor-version":[{"id":16837,"href":"https:\/\/edimeinter.com\/libreria\/wp-json\/wp\/v2\/product\/16502\/revisions\/16837"}],"wp:featuredmedia":[{"embeddable":true,"href":"https:\/\/edimeinter.com\/libreria\/wp-json\/wp\/v2\/media\/16503"}],"wp:attachment":[{"href":"https:\/\/edimeinter.com\/libreria\/wp-json\/wp\/v2\/media?parent=16502"}],"wp:term":[{"taxonomy":"product_cat","embeddable":true,"href":"https:\/\/edimeinter.com\/libreria\/wp-json\/wp\/v2\/product_cat?post=16502"},{"taxonomy":"product_tag","embeddable":true,"href":"https:\/\/edimeinter.com\/libreria\/wp-json\/wp\/v2\/product_tag?post=16502"}],"curies":[{"name":"wp","href":"https:\/\/api.w.org\/{rel}","templated":true}]}}