{"id":16661,"date":"2025-05-11T03:19:53","date_gmt":"2025-05-11T03:19:53","guid":{"rendered":"https:\/\/edimeinter.com\/libreria\/?post_type=product&#038;p=16661"},"modified":"2026-03-17T17:27:39","modified_gmt":"2026-03-17T17:27:39","slug":"lir-microbiologia-4a-edicion","status":"publish","type":"product","link":"https:\/\/edimeinter.com\/libreria\/product\/lir-microbiologia-4a-edicion\/","title":{"rendered":"LIR. Microbiolog\u00eda. 4\u00aa Edici\u00f3n"},"content":{"rendered":"\t\t<div data-elementor-type=\"wp-post\" data-elementor-id=\"16661\" class=\"elementor elementor-16661\">\n\t\t\t\t<div class=\"elementor-element elementor-element-2612b12 e-flex e-con-boxed e-con e-parent\" data-id=\"2612b12\" data-element_type=\"container\" data-e-type=\"container\">\n\t\t\t\t\t<div class=\"e-con-inner\">\n\t\t\n\t\t<div class=\"elementor-element elementor-element-498707ae elementor-widget elementor-widget-text-editor\" data-id=\"498707ae\" data-element_type=\"widget\" data-e-type=\"widget\" data-widget_type=\"text-editor.default\">\n\t\t\t\t<div class=\"elementor-widget-container\">\n\t\t\t\t\t\t\t\t\t<div class=\"accordion-content ad-show on\"><i>LIR. Microbiolog\u00eda<\/i>\u00a0, 4.a edici\u00f3n, es la versi\u00f3n actualizada y mejorada de una de las herramientas predilectas de los estudiantes para aprender microbiolog\u00eda. Manteniendo la estructura cl\u00e1sica de la serie Lippincott Illustrated Reviews, esta edici\u00f3n presenta textos claros y precisos acompa\u00f1ados de cientos de ilustraciones para una revisi\u00f3n eficaz que permite asimilar informaci\u00f3n compleja con rapidez.\u00a0<br \/><br \/>Los esquemas sencillos simplifican el proceso de revisi\u00f3n, acompa\u00f1ados por cientos de ilustraciones coloridas que hacen m\u00e1s accesibles los conceptos complejos y dan vida a los microorganismos. Esta edici\u00f3n hace que la preparaci\u00f3n de ex\u00e1menes sea m\u00e1s eficiente que nunca, con un \u00e9nfasis en el contenido relevante para el examen, as\u00ed como cientos de preguntas de revisi\u00f3n que ayudan a los estudiantes a prepararse con confianza.<br \/><br \/>CARACTER\u00cdSTICAS PRINCIPALES:<br \/><br \/>\u2022 Revisi\u00f3n de todo el contenido para familiarizar a los estudiantes con los temas y enfoques que es m\u00e1s probable que encuentren en los ex\u00e1menes y en entornos cl\u00ednicos.<br \/>\u2022 Recursos pedag\u00f3gicos: generalidades al comienzo de cada cap\u00edtulo y recuadros de integraci\u00f3n cl\u00ednica<br \/>\u2022 Formato de esquema de estilo lectivo que gu\u00eda a los estudiantes paso a paso a trav\u00e9s de conceptos esenciales.<br \/>\u2022 M\u00e1s de 400 ilustraciones a todo color aclaran microorganismos complejos y procesos comunes.<br \/>\u2022 Los res\u00famenes de los cap\u00edtulos resaltan la informaci\u00f3n m\u00e1s cr\u00edtica y hacen que el estudio sea m\u00e1s eficiente y efectivo.<br \/>\u2022 Los estudios de casos ilustrados desaf\u00edan a los estudiantes a aplicar su comprensi\u00f3n a los escenarios cl\u00ednicos m\u00e1s comunes.<br \/>\u2022 Cientos de preguntas de revisi\u00f3n ayudan a los estudiantes a evaluar su comprensi\u00f3n y a prepararse para los ex\u00e1menes.\u00a0<br \/>\u2022 Recursos en l\u00ednea disponibles en thePoint (en ingl\u00e9s)<\/div>\t\t\t\t\t\t\t\t<\/div>\n\t\t\t\t<\/div>\n\t\t\t\t\t<\/div>\n\t\t\t\t<\/div>\n\t\t\t\t<\/div>\n\t\t","protected":false},"excerpt":{"rendered":"<p><strong>Autores:<\/strong> Cynthia Nau Cornelissen Ph.D., Marcia Metzgar Hobbs PhD<br \/>\n<strong>ISBN:<\/strong> 9788417602567<br \/>\n<strong>Editorial:<\/strong>\u00a0WOLTERS KLUWER<br \/>\n<strong>Edici\u00f3n:<\/strong> 4\u00aa<br \/>\n<strong>Especialidad<\/strong>: Microbiolog\u00eda<br \/>\n<strong>P\u00e1ginas<\/strong>: 452<br \/>\n\u00a9 2019<\/p>\n","protected":false},"featured_media":16662,"comment_status":"open","ping_status":"closed","template":"","meta":{"_joinchat":[]},"product_cat":[116],"product_tag":[117,92],"class_list":{"0":"post-16661","1":"product","2":"type-product","3":"status-publish","4":"has-post-thumbnail","6":"product_cat-microbiologia","7":"product_tag-microbiologia","8":"product_tag-wolters-kluwer","10":"first","11":"instock","12":"featured","13":"taxable","14":"shipping-taxable","15":"purchasable","16":"product-type-simple"},"_links":{"self":[{"href":"https:\/\/edimeinter.com\/libreria\/wp-json\/wp\/v2\/product\/16661","targetHints":{"allow":["GET"]}}],"collection":[{"href":"https:\/\/edimeinter.com\/libreria\/wp-json\/wp\/v2\/product"}],"about":[{"href":"https:\/\/edimeinter.com\/libreria\/wp-json\/wp\/v2\/types\/product"}],"replies":[{"embeddable":true,"href":"https:\/\/edimeinter.com\/libreria\/wp-json\/wp\/v2\/comments?post=16661"}],"version-history":[{"count":5,"href":"https:\/\/edimeinter.com\/libreria\/wp-json\/wp\/v2\/product\/16661\/revisions"}],"predecessor-version":[{"id":16805,"href":"https:\/\/edimeinter.com\/libreria\/wp-json\/wp\/v2\/product\/16661\/revisions\/16805"}],"wp:featuredmedia":[{"embeddable":true,"href":"https:\/\/edimeinter.com\/libreria\/wp-json\/wp\/v2\/media\/16662"}],"wp:attachment":[{"href":"https:\/\/edimeinter.com\/libreria\/wp-json\/wp\/v2\/media?parent=16661"}],"wp:term":[{"taxonomy":"product_cat","embeddable":true,"href":"https:\/\/edimeinter.com\/libreria\/wp-json\/wp\/v2\/product_cat?post=16661"},{"taxonomy":"product_tag","embeddable":true,"href":"https:\/\/edimeinter.com\/libreria\/wp-json\/wp\/v2\/product_tag?post=16661"}],"curies":[{"name":"wp","href":"https:\/\/api.w.org\/{rel}","templated":true}]}}