{"id":16745,"date":"2025-05-13T02:10:45","date_gmt":"2025-05-13T02:10:45","guid":{"rendered":"https:\/\/edimeinter.com\/libreria\/?post_type=product&#038;p=16745"},"modified":"2025-05-13T02:26:15","modified_gmt":"2025-05-13T02:26:15","slug":"manual-washington-de-cardiooncologia-guia-practica-para-mejorar-la-supervivencia-al-cancer-1a-edicion","status":"publish","type":"product","link":"https:\/\/edimeinter.com\/libreria\/product\/manual-washington-de-cardiooncologia-guia-practica-para-mejorar-la-supervivencia-al-cancer-1a-edicion\/","title":{"rendered":"Manual Washington de Cardiooncolog\u00eda. Gu\u00eda pr\u00e1ctica para mejorar la supervivencia al c\u00e1ncer. 1\u00aa Edici\u00f3n"},"content":{"rendered":"\t\t<div data-elementor-type=\"wp-post\" data-elementor-id=\"16745\" class=\"elementor elementor-16745\">\n\t\t\t\t<div class=\"elementor-element elementor-element-2612b12 e-flex e-con-boxed e-con e-parent\" data-id=\"2612b12\" data-element_type=\"container\" data-e-type=\"container\">\n\t\t\t\t\t<div class=\"e-con-inner\">\n\t\t\n\t\t<div class=\"elementor-element elementor-element-498707ae elementor-widget elementor-widget-text-editor\" data-id=\"498707ae\" data-element_type=\"widget\" data-e-type=\"widget\" data-widget_type=\"text-editor.default\">\n\t\t\t\t<div class=\"elementor-widget-container\">\n\t\t\t\t\t\t\t\t\t<div class=\"accordion-content ad-show on\"><div class=\"accordion-content ad-show on\">Escrito por expertos en enfermedades cardiovasculares, hematolog\u00eda y oncolog\u00eda,\u00a0<b>Manual Washington \u00ae de cardiooncolog\u00eda. Gu\u00eda pr\u00e1ctica para mejorar la supervivencia al c\u00e1ncer<\/b>\u00a0es un manual cl\u00ednicamente relevante y f\u00e1cil de usar sobre la detecci\u00f3n, el tratamiento y la mejora de los resultados cardiovasculares de los pacientes adultos sometidos a tratamiento contra el c\u00e1ncer o que han sobrevivido previamente a un tratamiento oncol\u00f3gico. Editado por los doctores Daniel J. Lenihan, Joshua D. Mitchell y Kathleen W. Zhang, este manual conciso, pero exhaustivo, proporciona informaci\u00f3n de alto rendimiento que refleja los avances actuales en la estatificaci\u00f3n del riesgo, el diagn\u00f3stico oportuno y el tratamiento de las enfermedades cardiovasculares, todo ello en un formato de f\u00e1cil acceso y concisas vi\u00f1etas para su consulta sobre la marcha.<br \/>Organizado de forma accesible, confiable y concisa, el libro comienza con un abordaje general del paciente con c\u00e1ncer que puede estar en riesgo de complicaciones cardiovasculares. A continuaci\u00f3n, se presentan varios cap\u00edtulos sobre tratamientos espec\u00edficos para el c\u00e1ncer y su relaci\u00f3n con la cardiopat\u00eda, el manejo de los dispositivos intravasculares, y la disfunci\u00f3n aut\u00f3noma. Los siguientes cap\u00edtulos se centran en herramientas comunes y eficaces para detectar la cardiotoxicidad con ecocardiograf\u00eda, biomarcadores cardiacos y resonancia magn\u00e9tica cardiaca. La \u00faltima secci\u00f3n del libro se centra en la amiloidosis, un \u00e1rea que con frecuencia es competencia del cardioonc\u00f3logo debido a la superposici\u00f3n entre amiloidosis por cadena ligera y amiloidosis cardiaca. Se concluye con un an\u00e1lisis contempor\u00e1neo de las consideraciones del tratamiento de la insuficiencia cardiaca avanzada en un paciente con c\u00e1ncer activo o tratado previamente por c\u00e1ncer.<\/div><\/div>\t\t\t\t\t\t\t\t<\/div>\n\t\t\t\t<\/div>\n\t\t\t\t\t<\/div>\n\t\t\t\t<\/div>\n\t\t\t\t<\/div>\n\t\t","protected":false},"excerpt":{"rendered":"<p><strong>Autores:<\/strong> Daniel Lenhan , Kathleen W. Zhang , Joshua Mitchell<br \/>\n<strong>ISBN:<\/strong> 9788419284365<br \/>\n<strong>Editorial:<\/strong>\u00a0WOLTERS KLUWER<br \/>\n<strong>Edici\u00f3n:<\/strong> 1\u00aa<br \/>\n<strong>Especialidad<\/strong>: Cardiolog\u00eda<br \/>\n<strong>P\u00e1ginas<\/strong>: 360<br \/>\n\u00a9 2023<\/p>\n","protected":false},"featured_media":16746,"comment_status":"open","ping_status":"closed","template":"","meta":{"_joinchat":[]},"product_cat":[118],"product_tag":[119,92],"class_list":{"0":"post-16745","1":"product","2":"type-product","3":"status-publish","4":"has-post-thumbnail","6":"product_cat-cardiologia","7":"product_tag-cardiologia","8":"product_tag-wolters-kluwer","10":"first","11":"instock","12":"featured","13":"taxable","14":"shipping-taxable","15":"purchasable","16":"product-type-simple"},"_links":{"self":[{"href":"https:\/\/edimeinter.com\/libreria\/wp-json\/wp\/v2\/product\/16745","targetHints":{"allow":["GET"]}}],"collection":[{"href":"https:\/\/edimeinter.com\/libreria\/wp-json\/wp\/v2\/product"}],"about":[{"href":"https:\/\/edimeinter.com\/libreria\/wp-json\/wp\/v2\/types\/product"}],"replies":[{"embeddable":true,"href":"https:\/\/edimeinter.com\/libreria\/wp-json\/wp\/v2\/comments?post=16745"}],"version-history":[{"count":4,"href":"https:\/\/edimeinter.com\/libreria\/wp-json\/wp\/v2\/product\/16745\/revisions"}],"predecessor-version":[{"id":16750,"href":"https:\/\/edimeinter.com\/libreria\/wp-json\/wp\/v2\/product\/16745\/revisions\/16750"}],"wp:featuredmedia":[{"embeddable":true,"href":"https:\/\/edimeinter.com\/libreria\/wp-json\/wp\/v2\/media\/16746"}],"wp:attachment":[{"href":"https:\/\/edimeinter.com\/libreria\/wp-json\/wp\/v2\/media?parent=16745"}],"wp:term":[{"taxonomy":"product_cat","embeddable":true,"href":"https:\/\/edimeinter.com\/libreria\/wp-json\/wp\/v2\/product_cat?post=16745"},{"taxonomy":"product_tag","embeddable":true,"href":"https:\/\/edimeinter.com\/libreria\/wp-json\/wp\/v2\/product_tag?post=16745"}],"curies":[{"name":"wp","href":"https:\/\/api.w.org\/{rel}","templated":true}]}}