{"id":16751,"date":"2025-05-13T02:14:09","date_gmt":"2025-05-13T02:14:09","guid":{"rendered":"https:\/\/edimeinter.com\/libreria\/?post_type=product&#038;p=16751"},"modified":"2025-05-13T02:16:51","modified_gmt":"2025-05-13T02:16:51","slug":"manual-washington-de-especialidades-clinicas-cardiologia-4a-edicion","status":"publish","type":"product","link":"https:\/\/edimeinter.com\/libreria\/product\/manual-washington-de-especialidades-clinicas-cardiologia-4a-edicion\/","title":{"rendered":"Manual Washington de especialidades cl\u00ednicas. Cardiolog\u00eda. 4\u00aa Edici\u00f3n"},"content":{"rendered":"\t\t<div data-elementor-type=\"wp-post\" data-elementor-id=\"16751\" class=\"elementor elementor-16751\">\n\t\t\t\t<div class=\"elementor-element elementor-element-2612b12 e-flex e-con-boxed e-con e-parent\" data-id=\"2612b12\" data-element_type=\"container\" data-e-type=\"container\">\n\t\t\t\t\t<div class=\"e-con-inner\">\n\t\t\n\t\t<div class=\"elementor-element elementor-element-498707ae elementor-widget elementor-widget-text-editor\" data-id=\"498707ae\" data-element_type=\"widget\" data-e-type=\"widget\" data-widget_type=\"text-editor.default\">\n\t\t\t\t<div class=\"elementor-widget-container\">\n\t\t\t\t\t\t\t\t\t<div class=\"accordion-content ad-show on\"><div class=\"accordion-content ad-show on\">Siguiendo la tradici\u00f3n de excelencia de la serie de libros Washington,\u00a0<b>Manual Washington de especialidades cl\u00ednicas. Cardiolog\u00eda\u00a0<\/b>presenta la informaci\u00f3n necesaria para asegurar una atenci\u00f3n al paciente de la m\u00e1s alta calidad y pone la medicina cardiovascular al alcance de m\u00e9dicos generales, residentes y estudiantes. Este texto incorpora los avances m\u00e1s actuales en diagn\u00f3stico y tratamiento, y ha sido meticulosamente elaborado por m\u00e9dicos internos, residentes y especialistas del Departamento de Medicina de la Washington University School of Medicine.<br \/>En cada cap\u00edtulo se abordan los temas m\u00e1s relevantes de la especialidad, con contenido de vanguardia, acerca de la fisiopatolog\u00eda de las enfermedades, herramientas diagn\u00f3sticas y opciones de tratamiento, incluidos los \u00faltimos descubrimientos biom\u00e9dicos y los tratamientos m\u00e1s actuales disponibles. Desde la publicaci\u00f3n de la edici\u00f3n anterior de este manual, el \u00e1mbito de la medicina cardiovascular ha registrado avances significativos en diversas \u00e1reas. Estos progresos han sido meticulosamente incorporados en esta 4.\u00aa edici\u00f3n, lo que asegura que siga siendo una fuente relevante y actualizada en el campo.<br \/>Ideal para estudiantes, m\u00e9dicos residentes de cardiolog\u00eda y especialidades m\u00e9dicas, y para los especialistas que necesitan acceso r\u00e1pido a informaci\u00f3n cient\u00edfica y cl\u00ednica actual en medicina cardiovascular; tambi\u00e9n es \u00fatil como recurso de primera l\u00ednea para internistas y otros proveedores de atenci\u00f3n primaria.<\/div><\/div>\t\t\t\t\t\t\t\t<\/div>\n\t\t\t\t<\/div>\n\t\t\t\t\t<\/div>\n\t\t\t\t<\/div>\n\t\t\t\t<\/div>\n\t\t","protected":false},"excerpt":{"rendered":"<p><strong>Autores:<\/strong> Justin Sadhu MD, Mustafa Husaini , Dominique Williams MD<br \/>\n<strong>ISBN:<\/strong> 9788419284624<br \/>\n<strong>Editorial:<\/strong>\u00a0WOLTERS KLUWER<br \/>\n<strong>Edici\u00f3n:<\/strong> 4\u00aa<br \/>\n<strong>Especialidad<\/strong>: Cardiolog\u00eda<br \/>\n<strong>P\u00e1ginas<\/strong>: 652<br \/>\n\u00a9 2023<\/p>\n","protected":false},"featured_media":16752,"comment_status":"open","ping_status":"closed","template":"","meta":{"_joinchat":[]},"product_cat":[118],"product_tag":[119,92],"class_list":{"0":"post-16751","1":"product","2":"type-product","3":"status-publish","4":"has-post-thumbnail","6":"product_cat-cardiologia","7":"product_tag-cardiologia","8":"product_tag-wolters-kluwer","10":"first","11":"instock","12":"featured","13":"taxable","14":"shipping-taxable","15":"purchasable","16":"product-type-simple"},"_links":{"self":[{"href":"https:\/\/edimeinter.com\/libreria\/wp-json\/wp\/v2\/product\/16751","targetHints":{"allow":["GET"]}}],"collection":[{"href":"https:\/\/edimeinter.com\/libreria\/wp-json\/wp\/v2\/product"}],"about":[{"href":"https:\/\/edimeinter.com\/libreria\/wp-json\/wp\/v2\/types\/product"}],"replies":[{"embeddable":true,"href":"https:\/\/edimeinter.com\/libreria\/wp-json\/wp\/v2\/comments?post=16751"}],"version-history":[{"count":4,"href":"https:\/\/edimeinter.com\/libreria\/wp-json\/wp\/v2\/product\/16751\/revisions"}],"predecessor-version":[{"id":16756,"href":"https:\/\/edimeinter.com\/libreria\/wp-json\/wp\/v2\/product\/16751\/revisions\/16756"}],"wp:featuredmedia":[{"embeddable":true,"href":"https:\/\/edimeinter.com\/libreria\/wp-json\/wp\/v2\/media\/16752"}],"wp:attachment":[{"href":"https:\/\/edimeinter.com\/libreria\/wp-json\/wp\/v2\/media?parent=16751"}],"wp:term":[{"taxonomy":"product_cat","embeddable":true,"href":"https:\/\/edimeinter.com\/libreria\/wp-json\/wp\/v2\/product_cat?post=16751"},{"taxonomy":"product_tag","embeddable":true,"href":"https:\/\/edimeinter.com\/libreria\/wp-json\/wp\/v2\/product_tag?post=16751"}],"curies":[{"name":"wp","href":"https:\/\/api.w.org\/{rel}","templated":true}]}}