{"id":16778,"date":"2025-05-14T17:31:44","date_gmt":"2025-05-14T17:31:44","guid":{"rendered":"https:\/\/edimeinter.com\/libreria\/?post_type=product&#038;p=16778"},"modified":"2025-05-14T17:35:49","modified_gmt":"2025-05-14T17:35:49","slug":"marks-bioquimica-medica-basica-6a-edicion","status":"publish","type":"product","link":"https:\/\/edimeinter.com\/libreria\/product\/marks-bioquimica-medica-basica-6a-edicion\/","title":{"rendered":"Marks. Bioqu\u00edmica m\u00e9dica b\u00e1sica. 6\u00aa Edici\u00f3n"},"content":{"rendered":"\t\t<div data-elementor-type=\"wp-post\" data-elementor-id=\"16778\" class=\"elementor elementor-16778\">\n\t\t\t\t\n<div class=\"elementor-element elementor-element-2612b12 e-flex e-con-boxed e-con e-parent\" data-id=\"2612b12\" data-element_type=\"container\" data-e-type=\"container\">\n\t\t\t\t\t<div class=\"e-con-inner\">\n\t\t\n\t\t<div class=\"elementor-element elementor-element-498707ae elementor-widget elementor-widget-text-editor\" data-id=\"498707ae\" data-element_type=\"widget\" data-e-type=\"widget\" data-widget_type=\"text-editor.default\">\n\t\t\t\t<div class=\"elementor-widget-container\">\n\t\t\t\t\t\t\t\t\t<div class=\"accordion-content ad-show on\"><div class=\"accordion-content ad-show on\"><b>Marks. Bioqu\u00edmica m\u00e9dica b\u00e1sica: Un enfoque cl\u00ednico<\/b>, 6.a edici\u00f3n, vincula la bioqu\u00edmica con la fisiolog\u00eda y fisiopatolog\u00eda, permitiendo a los estudiantes aplicar con seguridad conceptos bioqu\u00edmicos fundamentales para su pr\u00e1ctica cl\u00ednica, desde diagn\u00f3stico hasta recomendaciones terap\u00e9uticas eficaces. Este enfoque probado, centrado en la cl\u00ednica, construye la aplicaci\u00f3n de la bioqu\u00edmica en torno a conceptos fisiol\u00f3gicos y fisiopatol\u00f3gicos relacionados para afianzar la comprensi\u00f3n en un contexto cl\u00ednico desde el primer d\u00eda. Los cap\u00edtulos, organizados de forma intuitiva, se centran en vi\u00f1etas de pacientes hipot\u00e9ticos para enfatizar la aplicaci\u00f3n cl\u00ednica, y los \u00fatiles iconos, im\u00e1genes y preguntas de repaso facilitan la comprensi\u00f3n de conceptos complejos.<br \/>Esta nueva edici\u00f3n ha sido revisada y mejorada de acuerdo con la retroalimentaci\u00f3n recibida en la edici\u00f3n anterior; cada vi\u00f1eta ha sido revisada y modificada para reflejar los lineamientos actuales de atenci\u00f3n cl\u00ednica; asimismo, se han a\u00f1adido nuevos casos, actualizado los comentarios bioqu\u00edmicos asociados con cada cap\u00edtulo para permitir a los estudiantes evaluar hacia d\u00f3nde se dirigen los esfuerzos de investigaci\u00f3n actuales, y se ha aumentado el n\u00famero de preguntas de autoevaluaci\u00f3n.<\/div><\/div>\t\t\t\t\t\t\t\t<\/div>\n\t\t\t\t<\/div>\n\t\t\t\t\t<\/div>\n\t\t\t\t<\/div>\n\t\t\t\t<\/div>\n\t\t","protected":false},"excerpt":{"rendered":"<p><strong>Autores:<\/strong> Michael A. Lieberman PhD, Alisa Peet MD<br \/>\n<strong>ISBN:<\/strong> 9788418892974<br \/>\n<strong>Editorial:<\/strong>\u00a0WOLTERS KLUWER<br \/>\n<strong>Edici\u00f3n:<\/strong> 6\u00aa<br \/>\n<strong>Especialidad<\/strong>: Bioqu\u00edmica<br \/>\n<strong>P\u00e1ginas<\/strong>: 1132<br \/>\n\u00a9 2023<\/p>\n","protected":false},"featured_media":16783,"comment_status":"open","ping_status":"closed","template":"","meta":{"_joinchat":[]},"product_cat":[90],"product_tag":[91,92],"class_list":{"0":"post-16778","1":"product","2":"type-product","3":"status-publish","4":"has-post-thumbnail","6":"product_cat-bioquimica","7":"product_tag-bioquimica","8":"product_tag-wolters-kluwer","10":"first","11":"instock","12":"featured","13":"taxable","14":"shipping-taxable","15":"purchasable","16":"product-type-simple"},"_links":{"self":[{"href":"https:\/\/edimeinter.com\/libreria\/wp-json\/wp\/v2\/product\/16778","targetHints":{"allow":["GET"]}}],"collection":[{"href":"https:\/\/edimeinter.com\/libreria\/wp-json\/wp\/v2\/product"}],"about":[{"href":"https:\/\/edimeinter.com\/libreria\/wp-json\/wp\/v2\/types\/product"}],"replies":[{"embeddable":true,"href":"https:\/\/edimeinter.com\/libreria\/wp-json\/wp\/v2\/comments?post=16778"}],"version-history":[{"count":5,"href":"https:\/\/edimeinter.com\/libreria\/wp-json\/wp\/v2\/product\/16778\/revisions"}],"predecessor-version":[{"id":16784,"href":"https:\/\/edimeinter.com\/libreria\/wp-json\/wp\/v2\/product\/16778\/revisions\/16784"}],"wp:featuredmedia":[{"embeddable":true,"href":"https:\/\/edimeinter.com\/libreria\/wp-json\/wp\/v2\/media\/16783"}],"wp:attachment":[{"href":"https:\/\/edimeinter.com\/libreria\/wp-json\/wp\/v2\/media?parent=16778"}],"wp:term":[{"taxonomy":"product_cat","embeddable":true,"href":"https:\/\/edimeinter.com\/libreria\/wp-json\/wp\/v2\/product_cat?post=16778"},{"taxonomy":"product_tag","embeddable":true,"href":"https:\/\/edimeinter.com\/libreria\/wp-json\/wp\/v2\/product_tag?post=16778"}],"curies":[{"name":"wp","href":"https:\/\/api.w.org\/{rel}","templated":true}]}}