{"id":16818,"date":"2025-05-14T18:17:11","date_gmt":"2025-05-14T18:17:11","guid":{"rendered":"https:\/\/edimeinter.com\/libreria\/?post_type=product&#038;p=16818"},"modified":"2025-08-28T17:15:30","modified_gmt":"2025-08-28T17:15:30","slug":"rubin-strayer-patologia-mecanismos-de-la-enfermedad-humana-8a-edicion","status":"publish","type":"product","link":"https:\/\/edimeinter.com\/libreria\/product\/rubin-strayer-patologia-mecanismos-de-la-enfermedad-humana-8a-edicion\/","title":{"rendered":"Rubin &amp; Strayer. Patolog\u00eda Mecanismos de la enfermedad humana. 8\u00aa Edici\u00f3n"},"content":{"rendered":"\t\t<div data-elementor-type=\"wp-post\" data-elementor-id=\"16818\" class=\"elementor elementor-16818\">\n\t\t\t\t<div class=\"elementor-element elementor-element-2612b12 e-flex e-con-boxed e-con e-parent\" data-id=\"2612b12\" data-element_type=\"container\" data-e-type=\"container\">\n\t\t\t\t\t<div class=\"e-con-inner\">\n\t\t\n\t\t<div class=\"elementor-element elementor-element-498707ae elementor-widget elementor-widget-text-editor\" data-id=\"498707ae\" data-element_type=\"widget\" data-e-type=\"widget\" data-widget_type=\"text-editor.default\">\n\t\t\t\t<div class=\"elementor-widget-container\">\n\t\t\t\t\t\t\t\t\t<p>Durante m\u00e1s de 30 a\u00f1os,\u00a0<b>Rubin &amp; Strayer. Patolog\u00eda\u00a0<\/b>se ha convertido en uno de los referentes obligados en la educaci\u00f3n y ense\u00f1anza de la especialidad. Al igual que en ediciones anteriores, la 8.\u00aa edici\u00f3n sigue cumpliendo con el cometido de introducir al lector en el aprendizaje de la patolog\u00eda, no como la sucesi\u00f3n de un conjunto de factores aislados o de procesos enigm\u00e1ticos que deben memorizarse y enseguida olvidarse, sino como la fragilidad y la mortalidad humana presentadas como conceptos que el lector debe asimilar y principios que debe aplicar.<br \/>La visi\u00f3n de los autores se ha plasmado en una obra elogiada por incluir \u00abjusto lo que los estudiantes de medicina necesitan\u00bb, es decir, un perfecto equilibrio entre la patolog\u00eda b\u00e1sica y la cl\u00ednica, sin detalles que excedan las necesidades de los lectores.<br \/>Con un dise\u00f1o f\u00e1cil y entretenido, y con un enfoque integral de la patolog\u00eda como punto de confluencia de la afectaci\u00f3n de diferentes \u00f3rganos y sistemas,\u00a0<b>Rubin &amp; Strayer. Patolog\u00eda\u00a0<\/b>se organiza en tres secciones con el fin de facilitar a\u00fan m\u00e1s la asimilaci\u00f3n de conceptos y el desarrollo de principios. La primera secci\u00f3n aborda los mecanismos de enfermedad, la segunda detalla las distintas enfermedades por sistemas de \u00f3rganos, y la \u00faltima secci\u00f3n, con los cap\u00edtulos en l\u00ednea, cubre la patogenia de las enfermedades sist\u00e9micas.<\/p>\t\t\t\t\t\t\t\t<\/div>\n\t\t\t\t<\/div>\n\t\t\t\t\t<\/div>\n\t\t\t\t<\/div>\n\t\t\t\t<\/div>\n\t\t","protected":false},"excerpt":{"rendered":"<p><strong>Autores:<\/strong> David S. Strayer MD, PhD, Jeffrey E. Saffitz MD, PhD, Emanuel Rubin MD<br \/>\n<strong>ISBN:<\/strong> 9788419284037<br \/>\n<strong>Editorial:<\/strong>\u00a0WOLTERS KLUWER<br \/>\n<strong>Edici\u00f3n:<\/strong> 8\u00aa<br \/>\n<strong>Especialidad<\/strong>: Patolog\u00eda<br \/>\n<strong>P\u00e1ginas<\/strong>: 1400<br \/>\n\u00a9 2023<\/p>\n","protected":false},"featured_media":16819,"comment_status":"open","ping_status":"closed","template":"","meta":{"_joinchat":[]},"product_cat":[134],"product_tag":[135,92],"class_list":{"0":"post-16818","1":"product","2":"type-product","3":"status-publish","4":"has-post-thumbnail","6":"product_cat-patologia","7":"product_tag-patologia","8":"product_tag-wolters-kluwer","10":"first","11":"instock","12":"featured","13":"taxable","14":"shipping-taxable","15":"purchasable","16":"product-type-simple"},"_links":{"self":[{"href":"https:\/\/edimeinter.com\/libreria\/wp-json\/wp\/v2\/product\/16818","targetHints":{"allow":["GET"]}}],"collection":[{"href":"https:\/\/edimeinter.com\/libreria\/wp-json\/wp\/v2\/product"}],"about":[{"href":"https:\/\/edimeinter.com\/libreria\/wp-json\/wp\/v2\/types\/product"}],"replies":[{"embeddable":true,"href":"https:\/\/edimeinter.com\/libreria\/wp-json\/wp\/v2\/comments?post=16818"}],"version-history":[{"count":6,"href":"https:\/\/edimeinter.com\/libreria\/wp-json\/wp\/v2\/product\/16818\/revisions"}],"predecessor-version":[{"id":16856,"href":"https:\/\/edimeinter.com\/libreria\/wp-json\/wp\/v2\/product\/16818\/revisions\/16856"}],"wp:featuredmedia":[{"embeddable":true,"href":"https:\/\/edimeinter.com\/libreria\/wp-json\/wp\/v2\/media\/16819"}],"wp:attachment":[{"href":"https:\/\/edimeinter.com\/libreria\/wp-json\/wp\/v2\/media?parent=16818"}],"wp:term":[{"taxonomy":"product_cat","embeddable":true,"href":"https:\/\/edimeinter.com\/libreria\/wp-json\/wp\/v2\/product_cat?post=16818"},{"taxonomy":"product_tag","embeddable":true,"href":"https:\/\/edimeinter.com\/libreria\/wp-json\/wp\/v2\/product_tag?post=16818"}],"curies":[{"name":"wp","href":"https:\/\/api.w.org\/{rel}","templated":true}]}}