{"id":16896,"date":"2025-07-24T20:26:47","date_gmt":"2025-07-24T20:26:47","guid":{"rendered":"https:\/\/edimeinter.com\/libreria\/?post_type=product&#038;p=16896"},"modified":"2026-01-22T19:50:17","modified_gmt":"2026-01-22T19:50:17","slug":"nanda-international-diagnosticos-enfermeros-definiciones-y-clasificacion-edicion-hispanoamericana-2024-2026-13-ed-2024","status":"publish","type":"product","link":"https:\/\/edimeinter.com\/libreria\/product\/nanda-international-diagnosticos-enfermeros-definiciones-y-clasificacion-edicion-hispanoamericana-2024-2026-13-ed-2024\/","title":{"rendered":"Diagn\u00f3sticos enfermeros. Definiciones y clasificaci\u00f3n. Edici\u00f3n hispanoamericana 2024-2026 13 ed."},"content":{"rendered":"\t\t<div data-elementor-type=\"wp-post\" data-elementor-id=\"16896\" class=\"elementor elementor-16896\">\n\t\t\t\t<div class=\"elementor-element elementor-element-2612b12 e-flex e-con-boxed e-con e-parent\" data-id=\"2612b12\" data-element_type=\"container\" data-e-type=\"container\">\n\t\t\t\t\t<div class=\"e-con-inner\">\n\t\t\n\t\t<div class=\"elementor-element elementor-element-498707ae elementor-widget elementor-widget-text-editor\" data-id=\"498707ae\" data-element_type=\"widget\" data-e-type=\"widget\" data-widget_type=\"text-editor.default\">\n\t\t\t\t<div class=\"elementor-widget-container\">\n\t\t\t\t\t\t\t\t\t<p style=\"font-weight: 400\"><b><strong>La gu\u00eda por excelencia de los diagn\u00f3sticos de enfermer\u00eda de NANDA-I en una nueva edici\u00f3n actualizada.<\/strong><\/b><\/p><p style=\"font-weight: 400\">Totalmente actualizada y revisada por las editoras T. Heather Herdman, Shigemi Kamitsuru y Camila Tak\u00e1o Lopes,\u00a0<i><em>Diagn\u00f3sticos enfermeros. Definiciones y clasificaci\u00f3n,<\/em><\/i>\u00a0<i><em>2024-2026,<\/em><\/i>\u00a013\u00aa edici\u00f3n, es la gu\u00eda definitiva de diagn\u00f3sticos de enfermer\u00eda, revisada y aprobada por el Diagnosis Development Committee (DDC) de NANDA International (NANDA-I). En la nueva edici\u00f3n de esta obra fundamental, las editoras han profundizado en el diagn\u00f3stico y su relaci\u00f3n con la valoraci\u00f3n de enfermer\u00eda, utilizando el modelo tripartito de la pr\u00e1ctica enfermera de Kamitsuru para diferenciar entre las intervenciones interdependientes basadas en los est\u00e1ndares de atenci\u00f3n m\u00e9dica y organizativa y las intervenciones aut\u00f3nomas de enfermer\u00eda basadas en los est\u00e1ndares de atenci\u00f3n en enfermer\u00eda. Los patrones funcionales de salud se utilizan como marco de valoraci\u00f3n para guiar a las enfermeras en la recogida de datos relevantes a fin de alcanzar la m\u00e1xima precisi\u00f3n en el diagn\u00f3stico de enfermer\u00eda. Se describen la ontolog\u00eda, la clasificaci\u00f3n y la taxonom\u00eda, y se explica detalladamente la estructura axial de los diagn\u00f3sticos, que ha sido objeto de considerable revisi\u00f3n. Se ofrece una visi\u00f3n general de todos los cambios y revisiones de la clasificaci\u00f3n, junto con las prioridades de investigaci\u00f3n actualizadas y los futuros focos de inter\u00e9s para el DDC y NANDA-I.<\/p><p style=\"font-weight: 400\">Rigurosamente actualizada y revisada, esta nueva edici\u00f3n es un recurso imprescindible para todos los estudiantes de enfermer\u00eda, enfermeros\/as profesionales, profesores\/as de enfermer\u00eda, personal inform\u00e1tico especializado en enfermer\u00eda, investigadores en enfermer\u00eda y cargos administrativos de atenci\u00f3n de la enfermer\u00eda.<\/p>\t\t\t\t\t\t\t\t<\/div>\n\t\t\t\t<\/div>\n\t\t\t\t\t<\/div>\n\t\t\t\t<\/div>\n\t\t\t\t<\/div>\n\t\t","protected":false},"excerpt":{"rendered":"<p><strong>Autores:<\/strong> By NANDA NANDA International, T. Heather Herdman and Shigemi Kamitsuru<br \/>\n<strong>ISBN:<\/strong> 9788413827629<br \/>\n<strong>Editorial:<\/strong> elsevier<br \/>\n<strong>Edici\u00f3n:<\/strong> 13\u00aa<br \/>\n<strong>Especialidad<\/strong>: Enfermer\u00eda<br \/>\n<strong>P\u00e1ginas<\/strong>: 712<br \/>\n\u00a9 2024<\/p>\n","protected":false},"featured_media":16897,"comment_status":"open","ping_status":"closed","template":"","meta":{"_joinchat":[]},"product_cat":[115],"product_tag":[85,82],"class_list":{"0":"post-16896","1":"product","2":"type-product","3":"status-publish","4":"has-post-thumbnail","6":"product_cat-enfermeria","7":"product_tag-elsevier","8":"product_tag-enfermeria","10":"first","11":"instock","12":"featured","13":"taxable","14":"shipping-taxable","15":"purchasable","16":"product-type-simple"},"_links":{"self":[{"href":"https:\/\/edimeinter.com\/libreria\/wp-json\/wp\/v2\/product\/16896","targetHints":{"allow":["GET"]}}],"collection":[{"href":"https:\/\/edimeinter.com\/libreria\/wp-json\/wp\/v2\/product"}],"about":[{"href":"https:\/\/edimeinter.com\/libreria\/wp-json\/wp\/v2\/types\/product"}],"replies":[{"embeddable":true,"href":"https:\/\/edimeinter.com\/libreria\/wp-json\/wp\/v2\/comments?post=16896"}],"version-history":[{"count":6,"href":"https:\/\/edimeinter.com\/libreria\/wp-json\/wp\/v2\/product\/16896\/revisions"}],"predecessor-version":[{"id":16916,"href":"https:\/\/edimeinter.com\/libreria\/wp-json\/wp\/v2\/product\/16896\/revisions\/16916"}],"wp:featuredmedia":[{"embeddable":true,"href":"https:\/\/edimeinter.com\/libreria\/wp-json\/wp\/v2\/media\/16897"}],"wp:attachment":[{"href":"https:\/\/edimeinter.com\/libreria\/wp-json\/wp\/v2\/media?parent=16896"}],"wp:term":[{"taxonomy":"product_cat","embeddable":true,"href":"https:\/\/edimeinter.com\/libreria\/wp-json\/wp\/v2\/product_cat?post=16896"},{"taxonomy":"product_tag","embeddable":true,"href":"https:\/\/edimeinter.com\/libreria\/wp-json\/wp\/v2\/product_tag?post=16896"}],"curies":[{"name":"wp","href":"https:\/\/api.w.org\/{rel}","templated":true}]}}