{"id":16932,"date":"2025-07-24T21:19:54","date_gmt":"2025-07-24T21:19:54","guid":{"rendered":"https:\/\/edimeinter.com\/libreria\/?post_type=product&#038;p=16932"},"modified":"2025-07-24T21:28:18","modified_gmt":"2025-07-24T21:28:18","slug":"terminologia-aplicada-a-las-ciencias-de-la-salud-2-ed","status":"publish","type":"product","link":"https:\/\/edimeinter.com\/libreria\/product\/terminologia-aplicada-a-las-ciencias-de-la-salud-2-ed\/","title":{"rendered":"Terminolog\u00eda aplicada a las ciencias de la salud 2 ed."},"content":{"rendered":"\t\t<div data-elementor-type=\"wp-post\" data-elementor-id=\"16932\" class=\"elementor elementor-16932\">\n\t\t\t\t\n<div class=\"elementor-element elementor-element-2612b12 e-flex e-con-boxed e-con e-parent\" data-id=\"2612b12\" data-element_type=\"container\" data-e-type=\"container\">\n\t\t\t\t\t<div class=\"e-con-inner\">\n\t\t\n\t\t<div class=\"elementor-element elementor-element-498707ae elementor-widget elementor-widget-text-editor\" data-id=\"498707ae\" data-element_type=\"widget\" data-e-type=\"widget\" data-widget_type=\"text-editor.default\">\n\t\t\t\t<div class=\"elementor-widget-container\">\n\t\t\t\t\t\t\t\t\t<p style=\"font-weight: 400\">La segunda edici\u00f3n de\u00a0<b><strong><i><em>Terminolog\u00eda aplicada a las ciencias de la salud<\/em><\/i><\/strong><\/b>\u00a0se ha actualizado para seguir ayudando a los estudiantes a superar sus dificultades en la comprensi\u00f3n de la terminolog\u00eda m\u00e9dica.<\/p><p style=\"font-weight: 400\">Despu\u00e9s de trabajar con este libro, el estudiante habr\u00e1 adquirido las\u00a0<b><strong>competencias para asimilar con mayor eficacia y emplear correctamente los t\u00e9rminos t\u00e9cnicos utilizados en las ciencias de la salud<\/strong><\/b>, acudiendo a su etimolog\u00eda grecolatina, pero evitando ahondar en tecnicismos ling\u00fc\u00edsticos alejados de las necesidades pr\u00e1cticas de los estudiantes de ciencias.<\/p><p style=\"font-weight: 400\">La obra tiene un\u00a0<b><strong>enfoque eminentemente pr\u00e1ctico,<\/strong><\/b>\u00a0basado en el an\u00e1lisis estructural de las palabras, y todos los cap\u00edtulos contienen\u00a0<b><strong>ejercicios cuyas soluciones se encuentran al final del libro,<\/strong><\/b>\u00a0de modo que el estudiante puede comprobar los resultados y aclarar dudas por s\u00ed mismo en cualquier momento.<\/p><p style=\"font-weight: 400\">El manual contiene, adem\u00e1s, un\u00a0<b><strong>glosario de ra\u00edces y afijos grecolatinos<\/strong><\/b>\u00a0ordenados alfab\u00e9ticamente seg\u00fan su pronunciaci\u00f3n en espa\u00f1ol y, para complementar el estudio, la\u00a0<b><strong>bibliograf\u00eda<\/strong><\/b>\u00a0incluye tanto libros de texto como diccionarios y sitios de Internet.<\/p><p style=\"font-weight: 400\">El\u00a0<b><strong>Dr. Francisco V\u00e9lez Garc\u00eda<\/strong><\/b>\u00a0es m\u00e9dico cirujano egresado de la Universidad Nacional Aut\u00f3noma de M\u00e9xico (UNAM) y especialista en Cirug\u00eda General egresado del Centro M\u00e9dico Nacional del Instituto Mexicano del Seguro Social (IMSS), en la ciudad de M\u00e9xico. Es especialista en docencia por la Facultad de Pedagog\u00eda e Innovaci\u00f3n Educativa de la Universidad Aut\u00f3noma de Baja California. Como docente de la Facultad de Medicina Mexicali de la Universidad Aut\u00f3noma de Baja California (UABC) se desempe\u00f1\u00f3 como profesor de Clinica de Gastroenterolog\u00eda, de Propede\u00fatica M\u00e9dica y de Terminolog\u00eda de la Salud.\u00a0<\/p><p style=\"font-weight: 400\">El\u00a0<b><strong>Dr. Hiram Infante Sierra<\/strong><\/b>\u00a0es m\u00e9dico egresado de la Universidad Aut\u00f3noma de Tamaulipas, M\u00e9xico, y especialista en Cirug\u00eda General egresado del Centro M\u00e9dico Nacional del Noreste del Instituto Mexicano del Seguro Social (IMSS), en la ciudad de Monterrey, Nuevo Le\u00f3n. Es profesor titular de la C\u00e1tedra de Anatom\u00eda General y de la C\u00e1tedra de Terminolog\u00eda de la Salud, y profesor adjunto de la Cl\u00ednica de Patolog\u00eda Quir\u00fargica de la Facultad de Medicina Mexicali, Universidad Aut\u00f3noma de Baja California.<\/p>\t\t\t\t\t\t\t\t<\/div>\n\t\t\t\t<\/div>\n\t\t\t\t\t<\/div>\n\t\t\t\t<\/div>\n\t\t\t\t<\/div>\n\t\t","protected":false},"excerpt":{"rendered":"<p><strong>Autores: <\/strong>By Francisco V\u00e9lez Garc\u00eda and Hiram Infante<br \/>\n<strong>ISBN:<\/strong> 9788413826356<br \/>\n<strong>Editorial:<\/strong> elsevier<br \/>\n<strong>Edici\u00f3n:<\/strong> 2\u00aa<br \/>\n<strong>Especialidad<\/strong>: Salud P\u00fablica<br \/>\n<strong>P\u00e1ginas<\/strong>: 200<\/p>\n<p>\u00a9 2025<\/p>\n","protected":false},"featured_media":16933,"comment_status":"open","ping_status":"closed","template":"","meta":{"_joinchat":[]},"product_cat":[193],"product_tag":[239,85,194],"class_list":{"0":"post-16932","1":"product","2":"type-product","3":"status-publish","4":"has-post-thumbnail","6":"product_cat-salud-publica","7":"product_tag-239","8":"product_tag-elsevier","9":"product_tag-salud-publica","11":"first","12":"instock","13":"featured","14":"taxable","15":"shipping-taxable","16":"purchasable","17":"product-type-simple"},"_links":{"self":[{"href":"https:\/\/edimeinter.com\/libreria\/wp-json\/wp\/v2\/product\/16932","targetHints":{"allow":["GET"]}}],"collection":[{"href":"https:\/\/edimeinter.com\/libreria\/wp-json\/wp\/v2\/product"}],"about":[{"href":"https:\/\/edimeinter.com\/libreria\/wp-json\/wp\/v2\/types\/product"}],"replies":[{"embeddable":true,"href":"https:\/\/edimeinter.com\/libreria\/wp-json\/wp\/v2\/comments?post=16932"}],"version-history":[{"count":5,"href":"https:\/\/edimeinter.com\/libreria\/wp-json\/wp\/v2\/product\/16932\/revisions"}],"predecessor-version":[{"id":16940,"href":"https:\/\/edimeinter.com\/libreria\/wp-json\/wp\/v2\/product\/16932\/revisions\/16940"}],"wp:featuredmedia":[{"embeddable":true,"href":"https:\/\/edimeinter.com\/libreria\/wp-json\/wp\/v2\/media\/16933"}],"wp:attachment":[{"href":"https:\/\/edimeinter.com\/libreria\/wp-json\/wp\/v2\/media?parent=16932"}],"wp:term":[{"taxonomy":"product_cat","embeddable":true,"href":"https:\/\/edimeinter.com\/libreria\/wp-json\/wp\/v2\/product_cat?post=16932"},{"taxonomy":"product_tag","embeddable":true,"href":"https:\/\/edimeinter.com\/libreria\/wp-json\/wp\/v2\/product_tag?post=16932"}],"curies":[{"name":"wp","href":"https:\/\/api.w.org\/{rel}","templated":true}]}}