{"id":16938,"date":"2025-07-24T21:26:53","date_gmt":"2025-07-24T21:26:53","guid":{"rendered":"https:\/\/edimeinter.com\/libreria\/?post_type=product&#038;p=16938"},"modified":"2025-08-26T22:00:56","modified_gmt":"2025-08-26T22:00:56","slug":"netter-cuaderno-de-neurociencia-para-colorear-2-ed","status":"publish","type":"product","link":"https:\/\/edimeinter.com\/libreria\/product\/netter-cuaderno-de-neurociencia-para-colorear-2-ed\/","title":{"rendered":"Netter. Cuaderno de neurociencia para colorear 2 ed."},"content":{"rendered":"\t\t<div data-elementor-type=\"wp-post\" data-elementor-id=\"16938\" class=\"elementor elementor-16938\">\n\t\t\t\t<div class=\"elementor-element elementor-element-2612b12 e-flex e-con-boxed e-con e-parent\" data-id=\"2612b12\" data-element_type=\"container\" data-e-type=\"container\">\n\t\t\t\t\t<div class=\"e-con-inner\">\n\t\t\n\t\t<div class=\"elementor-element elementor-element-498707ae elementor-widget elementor-widget-text-editor\" data-id=\"498707ae\" data-element_type=\"widget\" data-e-type=\"widget\" data-widget_type=\"text-editor.default\">\n\t\t\t\t<div class=\"elementor-widget-container\">\n\t\t\t\t\t\t\t\t\t<p style=\"font-weight: 400\">Nueva ed de\u00a0<i><em>Netter. Cuaderno de neurociencia para colorear\u00a0<\/em><\/i>que facilita la asimilaci\u00f3n de los conceptos m\u00e1s abstractos de la disciplina mediante el aprendizaje visual, potenciando la comprensi\u00f3n de estructuras como el enc\u00e9falo, la m\u00e9dula espinal y el sistema nervioso perif\u00e9rico<\/p><p style=\"font-weight: 400\">M\u00e1s que un \u00absimple\u00bb libro para colorear, esta herramienta de aprendizaje \u00fanica que cuenta adem\u00e1s con el valor a\u00f1adido de la marca\u00a0<i><em>Netter.<b><strong>\u00a0<\/strong><\/b><\/em><\/i>Esta nueva edici\u00f3n incluye una nueva Secci\u00f3n \u201cFunciones cerebrales generales\u0094 que permiten introducir informaci\u00f3n sobre las demencias, especialmente la enfermedad de Alzheimer;<b><strong>\u00a0<\/strong><\/b>varios trastornos neuropsiqui\u00e1tricos importantes, como el estr\u00e9s postraum\u00e1tico; los sustratos cerebrales de las conductas adictivas; la lesi\u00f3n cerebral traum\u00e1tica (LCT) y la encefalopat\u00eda traum\u00e1tica cr\u00f3nica (ETC); las afasias y los trastornos del hemisferio no dominante; los circuitos de la memoria; la consciencia y el coma, y el envejecimiento y el sistema nervioso.<b><strong>\u00a0<\/strong><\/b>As\u00ed mismo se incluyen 2 nuevas l\u00e1minas<b><strong>\u00a0<\/strong><\/b>sobre el c\u00f3rtex prefrontal y otras estructuras del prosenc\u00e9falo l\u00edmbico.<b><strong>\u00a0<\/strong><\/b>Cada l\u00e1mina consta de tres elementos principales: informaci\u00f3n introductoria e informaci\u00f3n clave, instrucciones para colorear las diferentes estructuras (12 aprox) y una nota cl\u00ednica.<b><strong>\u00a0<\/strong><\/b>Al final de cada secci\u00f3n se incluyen preguntas de repaso con varias opciones de respuesta y se incluye la correcta.<\/p><p style=\"font-weight: 400\">La nueva edici\u00f3n ofrece acceso online a trav\u00e9s de la plataforma e-book+ al e-book y al total de las l\u00e1minas correctamente coloreadas (todo el contenido en ingl\u00e9s).<\/p>\t\t\t\t\t\t\t\t<\/div>\n\t\t\t\t<\/div>\n\t\t\t\t\t<\/div>\n\t\t\t\t<\/div>\n\t\t\t\t<\/div>\n\t\t","protected":false},"excerpt":{"rendered":"<p><strong>Autores: <\/strong>By David L. Felten, MD, PhD<br \/>\n<strong>ISBN:<\/strong> 9788413827780<br \/>\n<strong>Editorial:<\/strong> elsevier<br \/>\n<strong>Edici\u00f3n:<\/strong> 2\u00aa<br \/>\n<strong>Especialidad<\/strong>: Anatom\u00eda<br \/>\n<strong>P\u00e1ginas<\/strong>: 354<\/p>\n<p>\u00a9 2025<\/p>\n","protected":false},"featured_media":16939,"comment_status":"open","ping_status":"closed","template":"","meta":{"_joinchat":[]},"product_cat":[100],"product_tag":[239,101,85],"class_list":{"0":"post-16938","1":"product","2":"type-product","3":"status-publish","4":"has-post-thumbnail","6":"product_cat-anatomia","7":"product_tag-239","8":"product_tag-anatomia","9":"product_tag-elsevier","11":"first","12":"instock","13":"featured","14":"taxable","15":"shipping-taxable","16":"purchasable","17":"product-type-simple"},"_links":{"self":[{"href":"https:\/\/edimeinter.com\/libreria\/wp-json\/wp\/v2\/product\/16938","targetHints":{"allow":["GET"]}}],"collection":[{"href":"https:\/\/edimeinter.com\/libreria\/wp-json\/wp\/v2\/product"}],"about":[{"href":"https:\/\/edimeinter.com\/libreria\/wp-json\/wp\/v2\/types\/product"}],"replies":[{"embeddable":true,"href":"https:\/\/edimeinter.com\/libreria\/wp-json\/wp\/v2\/comments?post=16938"}],"version-history":[{"count":5,"href":"https:\/\/edimeinter.com\/libreria\/wp-json\/wp\/v2\/product\/16938\/revisions"}],"predecessor-version":[{"id":17129,"href":"https:\/\/edimeinter.com\/libreria\/wp-json\/wp\/v2\/product\/16938\/revisions\/17129"}],"wp:featuredmedia":[{"embeddable":true,"href":"https:\/\/edimeinter.com\/libreria\/wp-json\/wp\/v2\/media\/16939"}],"wp:attachment":[{"href":"https:\/\/edimeinter.com\/libreria\/wp-json\/wp\/v2\/media?parent=16938"}],"wp:term":[{"taxonomy":"product_cat","embeddable":true,"href":"https:\/\/edimeinter.com\/libreria\/wp-json\/wp\/v2\/product_cat?post=16938"},{"taxonomy":"product_tag","embeddable":true,"href":"https:\/\/edimeinter.com\/libreria\/wp-json\/wp\/v2\/product_tag?post=16938"}],"curies":[{"name":"wp","href":"https:\/\/api.w.org\/{rel}","templated":true}]}}

<div data-elementor-type="wp-post" data-elementor-id="16938" class="elementor elementor-16938">
				<div class="elementor-element elementor-element-2612b12 e-flex e-con-boxed e-con e-parent" data-id="2612b12" data-element_type="container" data-e-type="container">
					<div class="e-con-inner">
		
		<div class="elementor-element elementor-element-498707ae elementor-widget elementor-widget-text-editor" data-id="498707ae" data-element_type="widget" data-e-type="widget" data-widget_type="text-editor.default">
				<div class="elementor-widget-container">
									<p style="font-weight: 400">Nueva ed de <i><em>Netter. Cuaderno de neurociencia para colorear </em></i>que facilita la asimilación de los conceptos más abstractos de la disciplina mediante el aprendizaje visual, potenciando la comprensión de estructuras como el encéfalo, la médula espinal y el sistema nervioso periférico</p><p style="font-weight: 400">Más que un «simple» libro para colorear, esta herramienta de aprendizaje única que cuenta además con el valor añadido de la marca <i><em>Netter.<b><strong> </strong></b></em></i>Esta nueva edición incluye una nueva Sección “Funciones cerebrales generales que permiten introducir información sobre las demencias, especialmente la enfermedad de Alzheimer;<b><strong> </strong></b>varios trastornos neuropsiquiátricos importantes, como el estrés postraumático; los sustratos cerebrales de las conductas adictivas; la lesión cerebral traumática (LCT) y la encefalopatía traumática crónica (ETC); las afasias y los trastornos del hemisferio no dominante; los circuitos de la memoria; la consciencia y el coma, y el envejecimiento y el sistema nervioso.<b><strong> </strong></b>Así mismo se incluyen 2 nuevas láminas<b><strong> </strong></b>sobre el córtex prefrontal y otras estructuras del prosencéfalo límbico.<b><strong> </strong></b>Cada lámina consta de tres elementos principales: información introductoria e información clave, instrucciones para colorear las diferentes estructuras (12 aprox) y una nota clínica.<b><strong> </strong></b>Al final de cada sección se incluyen preguntas de repaso con varias opciones de respuesta y se incluye la correcta.</p><p style="font-weight: 400">La nueva edición ofrece acceso online a través de la plataforma e-book+ al e-book y al total de las láminas correctamente coloreadas (todo el contenido en inglés).</p>								</div>
				</div>
					</div>
				</div>
				</div>

<p><strong>Autores: </strong>By David L. Felten, MD, PhD<br />
<strong>ISBN:</strong> 9788413827780<br />
<strong>Editorial:</strong> elsevier<br />
<strong>Edición:</strong> 2ª<br />
<strong>Especialidad</strong>: Anatomía<br />
<strong>Páginas</strong>: 354</p>
<p>© 2025</p>
