{"id":16970,"date":"2025-07-24T22:22:12","date_gmt":"2025-07-24T22:22:12","guid":{"rendered":"https:\/\/edimeinter.com\/libreria\/?post_type=product&#038;p=16970"},"modified":"2026-03-06T19:27:59","modified_gmt":"2026-03-06T19:27:59","slug":"ferrandiz-dermatologia-clinica-6-ed","status":"publish","type":"product","link":"https:\/\/edimeinter.com\/libreria\/product\/ferrandiz-dermatologia-clinica-6-ed\/","title":{"rendered":"Ferr\u00e1ndiz. Dermatolog\u00eda cl\u00ednica 6 ed."},"content":{"rendered":"\t\t<div data-elementor-type=\"wp-post\" data-elementor-id=\"16970\" class=\"elementor elementor-16970\">\n\t\t\t\t<div class=\"elementor-element elementor-element-2612b12 e-flex e-con-boxed e-con e-parent\" data-id=\"2612b12\" data-element_type=\"container\" data-e-type=\"container\">\n\t\t\t\t\t<div class=\"e-con-inner\">\n\t\t\n\t\t<div class=\"elementor-element elementor-element-498707ae elementor-widget elementor-widget-text-editor\" data-id=\"498707ae\" data-element_type=\"widget\" data-e-type=\"widget\" data-widget_type=\"text-editor.default\">\n\t\t\t\t<div class=\"elementor-widget-container\">\n\t\t\t\t\t\t\t\t\t<p style=\"font-weight: 400\">Ferr\u00e1ndiz. Dermatolog\u00eda cl\u00ednica est\u00e1 a punto de cumplir tres d\u00e9cadas de vida gracias a la calidad, la practicidad y la abundante iconograf\u00eda en su estudio de los aspectos fundamentales de las enfermedades de la piel m\u00e1s comunes en la pr\u00e1ctica diaria de la dermatolog\u00eda.<\/p><p style=\"font-weight: 400\">Esta nueva edici\u00f3n presenta un incremento relevante en el n\u00famero de im\u00e1genes de patolog\u00edas cut\u00e1neas y se ha incluido una mayor diversidad de fototipos cut\u00e1neo, lo que favorece la comprensi\u00f3n de sus manifestaciones cl\u00ednicas. Adem\u00e1s, se ha mejorado la estructura y el dise\u00f1o de los cuadros, lo que facilita el acceso a la informaci\u00f3n destacada y se ha actualizado el contenido con los nuevos conocimientos sobre epidemiolog\u00eda, patogenia y, en especial, terap\u00e9utica, incluyendo las infecciones por SARS-CoV-2 y mpox.<\/p><p style=\"font-weight: 400\">Isabel Bielsa coordina el trabajo de reconocidos docentes y profesionales cl\u00ednicos de la dermatolog\u00eda, que se dirige a los estudiantes del grado de Medicina y a los residentes de Dermatolog\u00eda, as\u00ed como a los profesionales de la medicina y la enfermer\u00eda que se enfrentan a problemas relacionados con la piel, como los especialistas en medicina familiar y comunitaria.<\/p><p style=\"font-weight: 400\">Incluye acceso al libro completo en versi\u00f3n electr\u00f3nica, as\u00ed como contenido adicional que consiste en figuras adicionales y casos cl\u00ednicos con preguntas de autoevaluaci\u00f3n.<\/p>\t\t\t\t\t\t\t\t<\/div>\n\t\t\t\t<\/div>\n\t\t\t\t\t<\/div>\n\t\t\t\t<\/div>\n\t\t\t\t<\/div>\n\t\t","protected":false},"excerpt":{"rendered":"<p><strong>Autores: <\/strong>By Isabel Bielsa Marsol<br \/>\n<strong>ISBN:<\/strong> 9788413825175<br \/>\n<strong>Editorial:<\/strong> elsevier<br \/>\n<strong>Edici\u00f3n:<\/strong> 6\u00aa<br \/>\n<strong>Especialidad<\/strong>: Dermatolog\u00eda<br \/>\n<strong>P\u00e1ginas<\/strong>: 432<\/p>\n<p>\u00a9 2025<\/p>\n","protected":false},"featured_media":16971,"comment_status":"open","ping_status":"closed","template":"","meta":{"_joinchat":[]},"product_cat":[108],"product_tag":[239,109,85],"class_list":{"0":"post-16970","1":"product","2":"type-product","3":"status-publish","4":"has-post-thumbnail","6":"product_cat-dermatologia","7":"product_tag-239","8":"product_tag-dermatologia","9":"product_tag-elsevier","11":"first","12":"outofstock","13":"featured","14":"taxable","15":"shipping-taxable","16":"purchasable","17":"product-type-simple"},"_links":{"self":[{"href":"https:\/\/edimeinter.com\/libreria\/wp-json\/wp\/v2\/product\/16970","targetHints":{"allow":["GET"]}}],"collection":[{"href":"https:\/\/edimeinter.com\/libreria\/wp-json\/wp\/v2\/product"}],"about":[{"href":"https:\/\/edimeinter.com\/libreria\/wp-json\/wp\/v2\/types\/product"}],"replies":[{"embeddable":true,"href":"https:\/\/edimeinter.com\/libreria\/wp-json\/wp\/v2\/comments?post=16970"}],"version-history":[{"count":5,"href":"https:\/\/edimeinter.com\/libreria\/wp-json\/wp\/v2\/product\/16970\/revisions"}],"predecessor-version":[{"id":17842,"href":"https:\/\/edimeinter.com\/libreria\/wp-json\/wp\/v2\/product\/16970\/revisions\/17842"}],"wp:featuredmedia":[{"embeddable":true,"href":"https:\/\/edimeinter.com\/libreria\/wp-json\/wp\/v2\/media\/16971"}],"wp:attachment":[{"href":"https:\/\/edimeinter.com\/libreria\/wp-json\/wp\/v2\/media?parent=16970"}],"wp:term":[{"taxonomy":"product_cat","embeddable":true,"href":"https:\/\/edimeinter.com\/libreria\/wp-json\/wp\/v2\/product_cat?post=16970"},{"taxonomy":"product_tag","embeddable":true,"href":"https:\/\/edimeinter.com\/libreria\/wp-json\/wp\/v2\/product_tag?post=16970"}],"curies":[{"name":"wp","href":"https:\/\/api.w.org\/{rel}","templated":true}]}}