{"id":17001,"date":"2025-07-25T16:59:17","date_gmt":"2025-07-25T16:59:17","guid":{"rendered":"https:\/\/edimeinter.com\/libreria\/?post_type=product&#038;p=17001"},"modified":"2025-07-25T17:04:09","modified_gmt":"2025-07-25T17:04:09","slug":"netter-fundamentos-de-fisiologia-3-ed","status":"publish","type":"product","link":"https:\/\/edimeinter.com\/libreria\/product\/netter-fundamentos-de-fisiologia-3-ed\/","title":{"rendered":"Netter Fundamentos de fisiolog\u00eda 3 ed."},"content":{"rendered":"\t\t<div data-elementor-type=\"wp-post\" data-elementor-id=\"17001\" class=\"elementor elementor-17001\">\n\t\t\t\t\n<div class=\"elementor-element elementor-element-2612b12 e-flex e-con-boxed e-con e-parent\" data-id=\"2612b12\" data-element_type=\"container\" data-e-type=\"container\">\n\t\t\t\t\t<div class=\"e-con-inner\">\n\t\t\n\t\t<div class=\"elementor-element elementor-element-498707ae elementor-widget elementor-widget-text-editor\" data-id=\"498707ae\" data-element_type=\"widget\" data-e-type=\"widget\" data-widget_type=\"text-editor.default\">\n\t\t\t\t<div class=\"elementor-widget-container\">\n\t\t\t\t\t\t\t\t\t<p style=\"font-weight: 400\">Nueva ed. del texto de fisiolog\u00eda de la marca Netter, dirigido fundamentalmente a estudiantes de\u00a0Enfermer\u00eda y de otras Ciencias de la Salud en las que est\u00e9 incluida la fisiolog\u00eda. Son caracter\u00edsticas de esta obra sus notas al margen que ayudan a fomentar el aprendizaje, los cuadros de correlaci\u00f3n cl\u00ednica, las preguntas de autoevaluaci\u00f3n y, por supuesto, las figuras de Netter.\u00a0\u00a0<\/p><p style=\"font-weight: 400\">En cuanto a las principales novedades, cabe destacar que se ha mejorado la calidad de muchas de las im\u00e1genes, sobre todo las que hacen referencia a la fisiolog\u00eda gastrointestinal y se ha ampliado la cobertura de los conceptos de fisiopatolog\u00eda. Se incluyen tambi\u00e9n las diferencias de g\u00e9nero en la cardiopat\u00eda isqu\u00e9mica y la supuesta dependencia de la raza en los diferentes valores normales de TFG. Por otro lado, se han incluido im\u00e1genes o se han modificado las ya existentes con el fin de reflejar la diversidad en la poblaci\u00f3n.<\/p><p style=\"font-weight: 400\">La nueva ed tiene acceso a material adicional en ingl\u00e9s a trav\u00e9s de la plataforma de e-book+\u00a0(videos, preguntas de autoevaluaci\u00f3n junto con el e-book).<\/p>\t\t\t\t\t\t\t\t<\/div>\n\t\t\t\t<\/div>\n\t\t\t\t\t<\/div>\n\t\t\t\t<\/div>\n\t\t\t\t<\/div>\n\t\t","protected":false},"excerpt":{"rendered":"<p><strong>Autores: <\/strong>By Susan E. Mulroney and Adam K. Myers<br \/>\n<strong>ISBN:<\/strong> 9788413828176<br \/>\n<strong>Editorial:<\/strong> elsevier<br \/>\n<strong>Edici\u00f3n:<\/strong> 3\u00aa<br \/>\n<strong>Especialidad<\/strong>: Fisiolog\u00eda<br \/>\n<strong>P\u00e1ginas<\/strong>: 424<\/p>\n<p>\u00a9 2025<\/p>\n","protected":false},"featured_media":17002,"comment_status":"open","ping_status":"closed","template":"","meta":{"_joinchat":[]},"product_cat":[209],"product_tag":[239,85,210],"class_list":{"0":"post-17001","1":"product","2":"type-product","3":"status-publish","4":"has-post-thumbnail","6":"product_cat-fisiologia","7":"product_tag-239","8":"product_tag-elsevier","9":"product_tag-fisiologia","11":"first","12":"instock","13":"featured","14":"taxable","15":"shipping-taxable","16":"purchasable","17":"product-type-simple"},"_links":{"self":[{"href":"https:\/\/edimeinter.com\/libreria\/wp-json\/wp\/v2\/product\/17001","targetHints":{"allow":["GET"]}}],"collection":[{"href":"https:\/\/edimeinter.com\/libreria\/wp-json\/wp\/v2\/product"}],"about":[{"href":"https:\/\/edimeinter.com\/libreria\/wp-json\/wp\/v2\/types\/product"}],"replies":[{"embeddable":true,"href":"https:\/\/edimeinter.com\/libreria\/wp-json\/wp\/v2\/comments?post=17001"}],"version-history":[{"count":4,"href":"https:\/\/edimeinter.com\/libreria\/wp-json\/wp\/v2\/product\/17001\/revisions"}],"predecessor-version":[{"id":17006,"href":"https:\/\/edimeinter.com\/libreria\/wp-json\/wp\/v2\/product\/17001\/revisions\/17006"}],"wp:featuredmedia":[{"embeddable":true,"href":"https:\/\/edimeinter.com\/libreria\/wp-json\/wp\/v2\/media\/17002"}],"wp:attachment":[{"href":"https:\/\/edimeinter.com\/libreria\/wp-json\/wp\/v2\/media?parent=17001"}],"wp:term":[{"taxonomy":"product_cat","embeddable":true,"href":"https:\/\/edimeinter.com\/libreria\/wp-json\/wp\/v2\/product_cat?post=17001"},{"taxonomy":"product_tag","embeddable":true,"href":"https:\/\/edimeinter.com\/libreria\/wp-json\/wp\/v2\/product_tag?post=17001"}],"curies":[{"name":"wp","href":"https:\/\/api.w.org\/{rel}","templated":true}]}}