{"id":17007,"date":"2025-07-25T17:07:40","date_gmt":"2025-07-25T17:07:40","guid":{"rendered":"https:\/\/edimeinter.com\/libreria\/?post_type=product&#038;p=17007"},"modified":"2025-07-25T17:12:30","modified_gmt":"2025-07-25T17:12:30","slug":"potter-y-perry-guia-de-habilidades-y-procedimientos-en-enfermeria-10-ed","status":"publish","type":"product","link":"https:\/\/edimeinter.com\/libreria\/product\/potter-y-perry-guia-de-habilidades-y-procedimientos-en-enfermeria-10-ed\/","title":{"rendered":"Potter y Perry. Gu\u00eda de habilidades y procedimientos en enfermer\u00eda 10 ed."},"content":{"rendered":"\t\t<div data-elementor-type=\"wp-post\" data-elementor-id=\"17007\" class=\"elementor elementor-17007\">\n\t\t\t\t<div class=\"elementor-element elementor-element-2612b12 e-flex e-con-boxed e-con e-parent\" data-id=\"2612b12\" data-element_type=\"container\" data-e-type=\"container\">\n\t\t\t\t\t<div class=\"e-con-inner\">\n\t\t\n\t\t<div class=\"elementor-element elementor-element-498707ae elementor-widget elementor-widget-text-editor\" data-id=\"498707ae\" data-element_type=\"widget\" data-e-type=\"widget\" data-widget_type=\"text-editor.default\">\n\t\t\t\t<div class=\"elementor-widget-container\">\n\t\t\t\t\t\t\t\t\t<p style=\"font-weight: 400\">Esta referencia pr\u00e1ctica de bolsillo para estudiantes y profesionales en el \u00e1mbito cl\u00ednico\u00a0proporciona un acceso r\u00e1pido a 83 habilidades y procedimientos clave en enfermer\u00eda. El dise\u00f1o a dos columnas muestra, a la izquierda, c\u00f3mo llevar a cabo las habilidades y, a la derecha, los fundamentos de cada paso, exponiendo la raz\u00f3n que subyace a la pr\u00e1ctica y el beneficio que su desempe\u00f1o aporta a los pacientes.<\/p><p style=\"font-weight: 400\">El orden alfab\u00e9tico de las habilidades y los procedimientos facilita su b\u00fasqueda. Se destacan las normas de seguridad, las precauciones y los principios fundamentales que se aplican a cada habilidad.\u00a0Adem\u00e1s, en las habilidades se incluyen alertas de juicio cl\u00ednico para resaltar pasos importantes dentro de una habilidad en los que las enfermeras deben reflexionar sobre la seguridad de un abordaje y la evidencia cl\u00ednica para adaptar o realizar el paso.<\/p><p style=\"font-weight: 400\">Las instrucciones paso a paso incluyen el prop\u00f3sito de cada habilidad, directrices para la delegaci\u00f3n de tareas en el personal auxiliar, listas del equipamiento necesario e ilustraciones en color\u00a0completamente actualizadas.<\/p><p style=\"font-weight: 400\">Las tablas de resultados inesperados e intervenciones relacionadas ayudan a identificar posibles problemas y a tomar las medidas oportunas para abordarlos.\u00a0Se incorporan asismimo,\u00a0las directrices actuales sobre precauciones est\u00e1ndar de los Centers for Disease Control and Prevention. Los protocolos previo y posterior al procedimiento est\u00e1n convenientemente situados en las primeras p\u00e1ginas del libro.<\/p>\t\t\t\t\t\t\t\t<\/div>\n\t\t\t\t<\/div>\n\t\t\t\t\t<\/div>\n\t\t\t\t<\/div>\n\t\t\t\t<\/div>\n\t\t","protected":false},"excerpt":{"rendered":"<p><strong>Autores: <\/strong>By Patricia A. Potter, RN, MSN, PhD, FAAN and Anne G. Perry, RN, MSN, EdD, FAAN<br \/>\n<strong>ISBN:<\/strong> 9788413827919<br \/>\n<strong>Editorial:<\/strong> elsevier<br \/>\n<strong>Edici\u00f3n:<\/strong> 10\u00aa<br \/>\n<strong>Especialidad<\/strong>: Enfermer\u00eda<br \/>\n<strong>P\u00e1ginas<\/strong>: 1096<\/p>\n<p>\u00a9 2025<\/p>\n","protected":false},"featured_media":17008,"comment_status":"open","ping_status":"closed","template":"","meta":{"_joinchat":[]},"product_cat":[115],"product_tag":[239,85,82],"class_list":{"0":"post-17007","1":"product","2":"type-product","3":"status-publish","4":"has-post-thumbnail","6":"product_cat-enfermeria","7":"product_tag-239","8":"product_tag-elsevier","9":"product_tag-enfermeria","11":"first","12":"instock","13":"featured","14":"taxable","15":"shipping-taxable","16":"purchasable","17":"product-type-simple"},"_links":{"self":[{"href":"https:\/\/edimeinter.com\/libreria\/wp-json\/wp\/v2\/product\/17007","targetHints":{"allow":["GET"]}}],"collection":[{"href":"https:\/\/edimeinter.com\/libreria\/wp-json\/wp\/v2\/product"}],"about":[{"href":"https:\/\/edimeinter.com\/libreria\/wp-json\/wp\/v2\/types\/product"}],"replies":[{"embeddable":true,"href":"https:\/\/edimeinter.com\/libreria\/wp-json\/wp\/v2\/comments?post=17007"}],"version-history":[{"count":4,"href":"https:\/\/edimeinter.com\/libreria\/wp-json\/wp\/v2\/product\/17007\/revisions"}],"predecessor-version":[{"id":17012,"href":"https:\/\/edimeinter.com\/libreria\/wp-json\/wp\/v2\/product\/17007\/revisions\/17012"}],"wp:featuredmedia":[{"embeddable":true,"href":"https:\/\/edimeinter.com\/libreria\/wp-json\/wp\/v2\/media\/17008"}],"wp:attachment":[{"href":"https:\/\/edimeinter.com\/libreria\/wp-json\/wp\/v2\/media?parent=17007"}],"wp:term":[{"taxonomy":"product_cat","embeddable":true,"href":"https:\/\/edimeinter.com\/libreria\/wp-json\/wp\/v2\/product_cat?post=17007"},{"taxonomy":"product_tag","embeddable":true,"href":"https:\/\/edimeinter.com\/libreria\/wp-json\/wp\/v2\/product_tag?post=17007"}],"curies":[{"name":"wp","href":"https:\/\/api.w.org\/{rel}","templated":true}]}}