{"id":17013,"date":"2025-07-25T17:14:26","date_gmt":"2025-07-25T17:14:26","guid":{"rendered":"https:\/\/edimeinter.com\/libreria\/?post_type=product&#038;p=17013"},"modified":"2025-07-25T17:20:12","modified_gmt":"2025-07-25T17:20:12","slug":"fundamentos-de-la-nutricion-en-medicina-y-en-la-atencion-sanitaria","status":"publish","type":"product","link":"https:\/\/edimeinter.com\/libreria\/product\/fundamentos-de-la-nutricion-en-medicina-y-en-la-atencion-sanitaria\/","title":{"rendered":"Fundamentos de la nutrici\u00f3n en medicina y en la atenci\u00f3n sanitaria"},"content":{"rendered":"\t\t<div data-elementor-type=\"wp-post\" data-elementor-id=\"17013\" class=\"elementor elementor-17013\">\n\t\t\t\t<div class=\"elementor-element elementor-element-2612b12 e-flex e-con-boxed e-con e-parent\" data-id=\"2612b12\" data-element_type=\"container\" data-e-type=\"container\">\n\t\t\t\t\t<div class=\"e-con-inner\">\n\t\t\n\t\t<div class=\"elementor-element elementor-element-498707ae elementor-widget elementor-widget-text-editor\" data-id=\"498707ae\" data-element_type=\"widget\" data-e-type=\"widget\" data-widget_type=\"text-editor.default\">\n\t\t\t\t<div class=\"elementor-widget-container\">\n\t\t\t\t\t\t\t\t\t<p><b><strong>Manual de referencia r\u00e1pida sobre la teor\u00eda nutricional en la atenci\u00f3n sanitaria<\/strong><\/b><\/p><p style=\"font-weight: 400\">Una buena nutrici\u00f3n es esencial para la salud y el tratamiento de la enfermedad. El objetivo de este nuevo manual es proporcionar a estudiantes, m\u00e9dicos y profesionales sanitarios informaci\u00f3n esencial para aplicar la teor\u00eda de la nutrici\u00f3n m\u00e9dica en su pr\u00e1ctica diaria.<\/p><p style=\"font-weight: 400\"><i><em>Fundamentos de la nutrici\u00f3n en medicina y en la atenci\u00f3n sanitaria<\/em><\/i>\u00a0plantea un enfoque sist\u00e9mico de la nutrici\u00f3n m\u00e9dica. El manual trata la fisiopatolog\u00eda de la enfermedad en relaci\u00f3n con la nutrici\u00f3n, la aplicaci\u00f3n cl\u00ednica de la teor\u00eda de la nutrici\u00f3n en el abordaje de la enfermedad y el papel de la nutrici\u00f3n en el campo de la salud p\u00fablica. Su contenido abarca los fundamentos de la fisiolog\u00eda y la bioqu\u00edmica, y analiza las interacciones f\u00e1rmaco-nutriente m\u00e1s relevantes.<\/p><p style=\"font-weight: 400\">Se trata de un recurso de inestimable valor para quienes est\u00e9n empezando a formarse en los \u00e1mbitos de la nutrici\u00f3n cl\u00ednica y la salud p\u00fablica, y deseen saber m\u00e1s sobre la nutrici\u00f3n y su funci\u00f3n en el abordaje y la prevenci\u00f3n de la enfermedad.<\/p>\t\t\t\t\t\t\t\t<\/div>\n\t\t\t\t<\/div>\n\t\t\t\t\t<\/div>\n\t\t\t\t<\/div>\n\t\t\t\t<\/div>\n\t\t","protected":false},"excerpt":{"rendered":"<p><strong>Autores: <\/strong>By Sumantra Ray and Mariana Markell<br \/>\n<strong>ISBN:<\/strong> 9788413827988<br \/>\n<strong>Editorial:<\/strong> elsevier<br \/>\n<strong>Edici\u00f3n:<\/strong> 1\u00aa<br \/>\n<strong>Especialidad<\/strong>: Nutrici\u00f3n y Dietoterapia<br \/>\n<strong>P\u00e1ginas<\/strong>: 384<\/p>\n<p>\u00a9 2025<\/p>\n","protected":false},"featured_media":17014,"comment_status":"open","ping_status":"closed","template":"","meta":{"_joinchat":[]},"product_cat":[106],"product_tag":[239,85,107],"class_list":{"0":"post-17013","1":"product","2":"type-product","3":"status-publish","4":"has-post-thumbnail","6":"product_cat-nutricion-y-dietoterapia","7":"product_tag-239","8":"product_tag-elsevier","9":"product_tag-nutricion-y-dietoterapia","11":"first","12":"instock","13":"featured","14":"taxable","15":"shipping-taxable","16":"purchasable","17":"product-type-simple"},"_links":{"self":[{"href":"https:\/\/edimeinter.com\/libreria\/wp-json\/wp\/v2\/product\/17013","targetHints":{"allow":["GET"]}}],"collection":[{"href":"https:\/\/edimeinter.com\/libreria\/wp-json\/wp\/v2\/product"}],"about":[{"href":"https:\/\/edimeinter.com\/libreria\/wp-json\/wp\/v2\/types\/product"}],"replies":[{"embeddable":true,"href":"https:\/\/edimeinter.com\/libreria\/wp-json\/wp\/v2\/comments?post=17013"}],"version-history":[{"count":4,"href":"https:\/\/edimeinter.com\/libreria\/wp-json\/wp\/v2\/product\/17013\/revisions"}],"predecessor-version":[{"id":17018,"href":"https:\/\/edimeinter.com\/libreria\/wp-json\/wp\/v2\/product\/17013\/revisions\/17018"}],"wp:featuredmedia":[{"embeddable":true,"href":"https:\/\/edimeinter.com\/libreria\/wp-json\/wp\/v2\/media\/17014"}],"wp:attachment":[{"href":"https:\/\/edimeinter.com\/libreria\/wp-json\/wp\/v2\/media?parent=17013"}],"wp:term":[{"taxonomy":"product_cat","embeddable":true,"href":"https:\/\/edimeinter.com\/libreria\/wp-json\/wp\/v2\/product_cat?post=17013"},{"taxonomy":"product_tag","embeddable":true,"href":"https:\/\/edimeinter.com\/libreria\/wp-json\/wp\/v2\/product_tag?post=17013"}],"curies":[{"name":"wp","href":"https:\/\/api.w.org\/{rel}","templated":true}]}}