{"id":17019,"date":"2025-07-25T17:28:48","date_gmt":"2025-07-25T17:28:48","guid":{"rendered":"https:\/\/edimeinter.com\/libreria\/?post_type=product&#038;p=17019"},"modified":"2025-07-25T17:34:41","modified_gmt":"2025-07-25T17:34:41","slug":"procedimientos-generales-de-fisioterapia-2-ed","status":"publish","type":"product","link":"https:\/\/edimeinter.com\/libreria\/product\/procedimientos-generales-de-fisioterapia-2-ed\/","title":{"rendered":"Procedimientos generales de fisioterapia 2 ed."},"content":{"rendered":"\t\t<div data-elementor-type=\"wp-post\" data-elementor-id=\"17019\" class=\"elementor elementor-17019\">\n\t\t\t\t<div class=\"elementor-element elementor-element-2612b12 e-flex e-con-boxed e-con e-parent\" data-id=\"2612b12\" data-element_type=\"container\" data-e-type=\"container\">\n\t\t\t\t\t<div class=\"e-con-inner\">\n\t\t\n\t\t<div class=\"elementor-element elementor-element-498707ae elementor-widget elementor-widget-text-editor\" data-id=\"498707ae\" data-element_type=\"widget\" data-e-type=\"widget\" data-widget_type=\"text-editor.default\">\n\t\t\t\t<div class=\"elementor-widget-container\">\n\t\t\t\t\t\t\t\t\t<p style=\"font-weight: 400\">Segunda edici\u00f3n completamente revisada y actualizada que recoge el contenido de la asignatura del mismo nombre, ofreciendo una gran diversidad de recursos fisioterap\u00e9uticos con claridad y rigor metodol\u00f3gico. Todos los cap\u00edtulos se han sometido a una revisi\u00f3n profunda de actualizaci\u00f3n con nuevas metodolog\u00edas y recursos fisioterap\u00e9uticos, en especial los cap\u00edtulos 2, \u00abBases neurofisiol\u00f3gicas de los procedimientos generales en fisioterapia\u00bb, y 11, \u00abEjercicio f\u00edsico terap\u00e9utico en personas con dolor persistente no oncol\u00f3gico\u00bb.<\/p><p style=\"font-weight: 400\">Proporciona las bases te\u00f3ricas y pr\u00e1cticas de la aplicaci\u00f3n de los medios f\u00edsicos en el tratamiento y la prevenci\u00f3n de un gran n\u00famero de afecciones m\u00e9dicas y quir\u00fargicas, as\u00ed como de la promoci\u00f3n de la salud.<\/p><p style=\"font-weight: 400\">Los autores, con dilatada experiencia cl\u00ednica y docente, exponen de manera completa y profunda los procedimientos fisioterap\u00e9uticos actuales para dar respuesta a la necesidad formativa existente por parte de los alumnos. Tambi\u00e9n resulta de inter\u00e9s para profesores del grado en Fisioterapia, as\u00ed como a los profesionales de la fisioterapia y de otras ciencias de la salud en su formaci\u00f3n continua.<\/p><p style=\"font-weight: 400\">De manera general en todo el libro y en cada cap\u00edtulo en particular, presenta una estructura did\u00e1ctica muy cuidada para una mejor comprensi\u00f3n del texto y al mismo tiempo obtener el m\u00e1ximo aprovechamiento, lo cual servir\u00e1 de ayuda a cuantos se acerquen a su lectura.<\/p>\t\t\t\t\t\t\t\t<\/div>\n\t\t\t\t<\/div>\n\t\t\t\t\t<\/div>\n\t\t\t\t<\/div>\n\t\t\t\t<\/div>\n\t\t","protected":false},"excerpt":{"rendered":"<p><strong>Autores: <\/strong>By Manuel Albornoz Cabello and Luis Espejo Ant\u00fanez<br \/>\n<strong>ISBN:<\/strong> 9788413825533<br \/>\n<strong>Editorial:<\/strong> elsevier<br \/>\n<strong>Edici\u00f3n:<\/strong> 2\u00aa<br \/>\n<strong>Especialidad<\/strong>: Fisioterapia<br \/>\n<strong>P\u00e1ginas<\/strong>: 288<\/p>\n<p>\u00a9 2025<\/p>\n","protected":false},"featured_media":17020,"comment_status":"open","ping_status":"closed","template":"","meta":{"_joinchat":[]},"product_cat":[111],"product_tag":[239,85,112],"class_list":{"0":"post-17019","1":"product","2":"type-product","3":"status-publish","4":"has-post-thumbnail","6":"product_cat-fisioterapia","7":"product_tag-239","8":"product_tag-elsevier","9":"product_tag-fisioterapia","11":"first","12":"instock","13":"featured","14":"taxable","15":"shipping-taxable","16":"purchasable","17":"product-type-simple"},"_links":{"self":[{"href":"https:\/\/edimeinter.com\/libreria\/wp-json\/wp\/v2\/product\/17019","targetHints":{"allow":["GET"]}}],"collection":[{"href":"https:\/\/edimeinter.com\/libreria\/wp-json\/wp\/v2\/product"}],"about":[{"href":"https:\/\/edimeinter.com\/libreria\/wp-json\/wp\/v2\/types\/product"}],"replies":[{"embeddable":true,"href":"https:\/\/edimeinter.com\/libreria\/wp-json\/wp\/v2\/comments?post=17019"}],"version-history":[{"count":4,"href":"https:\/\/edimeinter.com\/libreria\/wp-json\/wp\/v2\/product\/17019\/revisions"}],"predecessor-version":[{"id":17024,"href":"https:\/\/edimeinter.com\/libreria\/wp-json\/wp\/v2\/product\/17019\/revisions\/17024"}],"wp:featuredmedia":[{"embeddable":true,"href":"https:\/\/edimeinter.com\/libreria\/wp-json\/wp\/v2\/media\/17020"}],"wp:attachment":[{"href":"https:\/\/edimeinter.com\/libreria\/wp-json\/wp\/v2\/media?parent=17019"}],"wp:term":[{"taxonomy":"product_cat","embeddable":true,"href":"https:\/\/edimeinter.com\/libreria\/wp-json\/wp\/v2\/product_cat?post=17019"},{"taxonomy":"product_tag","embeddable":true,"href":"https:\/\/edimeinter.com\/libreria\/wp-json\/wp\/v2\/product_tag?post=17019"}],"curies":[{"name":"wp","href":"https:\/\/api.w.org\/{rel}","templated":true}]}}