{"id":17038,"date":"2025-07-25T17:51:39","date_gmt":"2025-07-25T17:51:39","guid":{"rendered":"https:\/\/edimeinter.com\/libreria\/?post_type=product&#038;p=17038"},"modified":"2025-07-25T17:55:39","modified_gmt":"2025-07-25T17:55:39","slug":"stevens-y-lowe-histologia-humana-6-ed","status":"publish","type":"product","link":"https:\/\/edimeinter.com\/libreria\/product\/stevens-y-lowe-histologia-humana-6-ed\/","title":{"rendered":"Stevens y Lowe. Histolog\u00eda humana 6 ed."},"content":{"rendered":"\t\t<div data-elementor-type=\"wp-post\" data-elementor-id=\"17038\" class=\"elementor elementor-17038\">\n\t\t\t\t<div class=\"elementor-element elementor-element-2612b12 e-flex e-con-boxed e-con e-parent\" data-id=\"2612b12\" data-element_type=\"container\" data-e-type=\"container\">\n\t\t\t\t\t<div class=\"e-con-inner\">\n\t\t\n\t\t<div class=\"elementor-element elementor-element-498707ae elementor-widget elementor-widget-text-editor\" data-id=\"498707ae\" data-element_type=\"widget\" data-e-type=\"widget\" data-widget_type=\"text-editor.default\">\n\t\t\t\t<div class=\"elementor-widget-container\">\n\t\t\t\t\t\t\t\t\t<p><span lang=\"ES\">Nueva ed. del texto de histolog\u00eda que\u00a0<\/span><span lang=\"ES-CL\">se presenta como la base ideal para adquirir los conceptos clave de la histolog\u00eda y que abarca todos los sistemas de \u00f3rganos.\u00a0<\/span><span lang=\"ES-CL\">Incluye m\u00e1s de 500 fotograf\u00edas y gr\u00e1ficos visualmente atractivos que facilitan la comprensi\u00f3n de los aspectos m\u00e1s complejos de la disciplina. en esta nueva ed se mantienen tanto los recuadros de conceptos avanzados como los de ejemplos cl\u00ednicos.<\/span><span lang=\"ES-CL\">La nueva edici\u00f3n sufre una actualizaci\u00f3n profunda de todos los cap\u00edtulos y se ha intentado eliminar toda la informaci\u00f3n que puede resultar demasiado exhaustiva\u00a0<\/span><span lang=\"ES\">para que el texto sea \u201ccore\u0094, aunque ha se ha reforzado la correlaci\u00f3n cl\u00ednica.\u00a0<\/span><span lang=\"ES\">La nueva ed. incluye acceso a material adicional online a trav\u00e9s de la plataforma de e-book+ (preguntas adicionales, videos, casos cl\u00ednicos junto con el e-book completo). Todo el contenido est\u00e1 en ingl\u00e9s.<\/span><\/p>\t\t\t\t\t\t\t\t<\/div>\n\t\t\t\t<\/div>\n\t\t\t\t\t<\/div>\n\t\t\t\t<\/div>\n\t\t\t\t<\/div>\n\t\t","protected":false},"excerpt":{"rendered":"<p><strong>Autores: <\/strong>By James S. Lowe, BMedSci, BMBS, DM, FRCPath, Peter G. Anderson, DVM, PhD and Susan I. Anderson, BSc, M Med Sc, PhD<br \/>\n<strong>ISBN:<\/strong> 9788413827865<br \/>\n<strong>Editorial:<\/strong> elsevier<br \/>\n<strong>Edici\u00f3n:<\/strong> 6\u00aa<br \/>\n<strong>Especialidad<\/strong>: Histolog\u00eda<br \/>\n<strong>P\u00e1ginas<\/strong>: 440<\/p>\n<p>\u00a9 2025<\/p>\n","protected":false},"featured_media":17039,"comment_status":"open","ping_status":"closed","template":"","meta":{"_joinchat":[]},"product_cat":[154],"product_tag":[239,85,155],"class_list":{"0":"post-17038","1":"product","2":"type-product","3":"status-publish","4":"has-post-thumbnail","6":"product_cat-histologia","7":"product_tag-239","8":"product_tag-elsevier","9":"product_tag-histologia","11":"first","12":"instock","13":"featured","14":"taxable","15":"shipping-taxable","16":"purchasable","17":"product-type-simple"},"_links":{"self":[{"href":"https:\/\/edimeinter.com\/libreria\/wp-json\/wp\/v2\/product\/17038","targetHints":{"allow":["GET"]}}],"collection":[{"href":"https:\/\/edimeinter.com\/libreria\/wp-json\/wp\/v2\/product"}],"about":[{"href":"https:\/\/edimeinter.com\/libreria\/wp-json\/wp\/v2\/types\/product"}],"replies":[{"embeddable":true,"href":"https:\/\/edimeinter.com\/libreria\/wp-json\/wp\/v2\/comments?post=17038"}],"version-history":[{"count":4,"href":"https:\/\/edimeinter.com\/libreria\/wp-json\/wp\/v2\/product\/17038\/revisions"}],"predecessor-version":[{"id":17043,"href":"https:\/\/edimeinter.com\/libreria\/wp-json\/wp\/v2\/product\/17038\/revisions\/17043"}],"wp:featuredmedia":[{"embeddable":true,"href":"https:\/\/edimeinter.com\/libreria\/wp-json\/wp\/v2\/media\/17039"}],"wp:attachment":[{"href":"https:\/\/edimeinter.com\/libreria\/wp-json\/wp\/v2\/media?parent=17038"}],"wp:term":[{"taxonomy":"product_cat","embeddable":true,"href":"https:\/\/edimeinter.com\/libreria\/wp-json\/wp\/v2\/product_cat?post=17038"},{"taxonomy":"product_tag","embeddable":true,"href":"https:\/\/edimeinter.com\/libreria\/wp-json\/wp\/v2\/product_tag?post=17038"}],"curies":[{"name":"wp","href":"https:\/\/api.w.org\/{rel}","templated":true}]}}