{"id":17095,"date":"2025-07-25T19:09:56","date_gmt":"2025-07-25T19:09:56","guid":{"rendered":"https:\/\/edimeinter.com\/libreria\/?post_type=product&#038;p=17095"},"modified":"2025-07-25T19:13:06","modified_gmt":"2025-07-25T19:13:06","slug":"hematologia-manual-basico-razonado-6-ed","status":"publish","type":"product","link":"https:\/\/edimeinter.com\/libreria\/product\/hematologia-manual-basico-razonado-6-ed\/","title":{"rendered":"Hematolog\u00eda. Manual b\u00e1sico razonado 6 ed."},"content":{"rendered":"\t\t<div data-elementor-type=\"wp-post\" data-elementor-id=\"17095\" class=\"elementor elementor-17095\">\n\t\t\t\t<div class=\"elementor-element elementor-element-2612b12 e-flex e-con-boxed e-con e-parent\" data-id=\"2612b12\" data-element_type=\"container\" data-e-type=\"container\">\n\t\t\t\t\t<div class=\"e-con-inner\">\n\t\t\n\t\t<div class=\"elementor-element elementor-element-498707ae elementor-widget elementor-widget-text-editor\" data-id=\"498707ae\" data-element_type=\"widget\" data-e-type=\"widget\" data-widget_type=\"text-editor.default\">\n\t\t\t\t<div class=\"elementor-widget-container\">\n\t\t\t\t\t\t\t\t\t<p style=\"font-weight: 400\">Esta sexta edici\u00f3n, totalmente actualizada, pone especial \u00e9nfasis en las nuevas clasificaciones de las neoplasias hematol\u00f3gicas elaboradas en 2022 (la cl\u00e1sica de la OMS y la International Consensus Classification,) y en los recientes hallazgos moleculares con implicaciones para el diagn\u00f3stico, el pron\u00f3stico y\/o el tratamiento de las enfermedades de la sangre.<\/p><p style=\"font-weight: 400\">Entre las novedades terap\u00e9uticas destacan la consolidaci\u00f3n de la inmunoterapia en sus nuevas indicaciones, especialmente con los nuevos anticuerpos monoclonales biespec\u00edficos, los anticuerpos inmunoconjugados y la terapia celular adoptiva con linfocitos T con receptor de ant\u00edgeno quim\u00e9rico. Adem\u00e1s, se presentan los nuevos tratamientos de terapia g\u00e9nica aprobados para enfermedades hereditarias no neopl\u00e1sicas como la anemia falciforme, la betatalasemia o la hemofilia.<\/p><p style=\"font-weight: 400\">Se mantienen los res\u00famenes introductorios, que recogen los aspectos m\u00e1s importantes de cada cap\u00edtulo, junto con las llamadas al margen, que destacan datos clave. Como en ediciones previas, se han resaltado y actualizado aquellos contenidos de reiterada aparici\u00f3n en el examen MIR. Las numerosas referencias cruzadas a lo largo del texto mantienen la uniformidad y la interrelaci\u00f3n del contenido para transmitir un bloque de conocimientos integrado.<\/p><p style=\"font-weight: 400\">Esta obra se ha consolidado a lo largo de los \u00faltimos 25 a\u00f1os entre los estudiantes espa\u00f1oles e hispanoamericanos de Medicina y Ciencias Biom\u00e9dicas por su formato diferencial, basado en la formulaci\u00f3n de los contenidos b\u00e1sicos de la hematolog\u00eda en forma de preguntas directas, eminentemente pr\u00e1cticas, seguidas de respuestas razonadas. Es\u00a0tambi\u00e9n especialmente atractiva para profesionales biom\u00e9dicos en formaci\u00f3n y residentes de las diversas especialidades m\u00e9dicas.<\/p>\t\t\t\t\t\t\t\t<\/div>\n\t\t\t\t<\/div>\n\t\t\t\t\t<\/div>\n\t\t\t\t<\/div>\n\t\t\t\t<\/div>\n\t\t","protected":false},"excerpt":{"rendered":"<p><strong>Autores: <\/strong>By Ferm\u00edn S\u00e1nchez-Guijo and Jes\u00fas F. San Miguel<br \/>\n<strong>ISBN:<\/strong> 9788413827674<br \/>\n<strong>Editorial:<\/strong> elsevier<br \/>\n<strong>Edici\u00f3n:<\/strong> 6\u00aa<br \/>\n<strong>Especialidad<\/strong>: Hematolog\u00eda<br \/>\n<strong>P\u00e1ginas<\/strong>: 368<\/p>\n<p>\u00a9 2025<\/p>\n","protected":false},"featured_media":17096,"comment_status":"open","ping_status":"closed","template":"","meta":{"_joinchat":[]},"product_cat":[124],"product_tag":[239,85,125],"class_list":{"0":"post-17095","1":"product","2":"type-product","3":"status-publish","4":"has-post-thumbnail","6":"product_cat-hematologia","7":"product_tag-239","8":"product_tag-elsevier","9":"product_tag-hematologia","11":"first","12":"instock","13":"featured","14":"taxable","15":"shipping-taxable","16":"purchasable","17":"product-type-simple"},"_links":{"self":[{"href":"https:\/\/edimeinter.com\/libreria\/wp-json\/wp\/v2\/product\/17095","targetHints":{"allow":["GET"]}}],"collection":[{"href":"https:\/\/edimeinter.com\/libreria\/wp-json\/wp\/v2\/product"}],"about":[{"href":"https:\/\/edimeinter.com\/libreria\/wp-json\/wp\/v2\/types\/product"}],"replies":[{"embeddable":true,"href":"https:\/\/edimeinter.com\/libreria\/wp-json\/wp\/v2\/comments?post=17095"}],"version-history":[{"count":4,"href":"https:\/\/edimeinter.com\/libreria\/wp-json\/wp\/v2\/product\/17095\/revisions"}],"predecessor-version":[{"id":17100,"href":"https:\/\/edimeinter.com\/libreria\/wp-json\/wp\/v2\/product\/17095\/revisions\/17100"}],"wp:featuredmedia":[{"embeddable":true,"href":"https:\/\/edimeinter.com\/libreria\/wp-json\/wp\/v2\/media\/17096"}],"wp:attachment":[{"href":"https:\/\/edimeinter.com\/libreria\/wp-json\/wp\/v2\/media?parent=17095"}],"wp:term":[{"taxonomy":"product_cat","embeddable":true,"href":"https:\/\/edimeinter.com\/libreria\/wp-json\/wp\/v2\/product_cat?post=17095"},{"taxonomy":"product_tag","embeddable":true,"href":"https:\/\/edimeinter.com\/libreria\/wp-json\/wp\/v2\/product_tag?post=17095"}],"curies":[{"name":"wp","href":"https:\/\/api.w.org\/{rel}","templated":true}]}}