{"id":17164,"date":"2025-09-30T19:05:10","date_gmt":"2025-09-30T19:05:10","guid":{"rendered":"https:\/\/edimeinter.com\/libreria\/?post_type=product&#038;p=17164"},"modified":"2025-09-30T19:11:29","modified_gmt":"2025-09-30T19:11:29","slug":"kaplan-sadock-manual-de-bolsillo-de-psiquiatria-clinica-7-a-ed","status":"publish","type":"product","link":"https:\/\/edimeinter.com\/libreria\/product\/kaplan-sadock-manual-de-bolsillo-de-psiquiatria-clinica-7-a-ed\/","title":{"rendered":"Kaplan &amp; Sadock. Manual de bolsillo de psiquiatr\u00eda cl\u00ednica 7.\u00aa  ed"},"content":{"rendered":"\t\t<div data-elementor-type=\"wp-post\" data-elementor-id=\"17164\" class=\"elementor elementor-17164\">\n\t\t\t\t<div class=\"elementor-element elementor-element-2612b12 e-flex e-con-boxed e-con e-parent\" data-id=\"2612b12\" data-element_type=\"container\" data-e-type=\"container\">\n\t\t\t\t\t<div class=\"e-con-inner\">\n\t\t\n\t\t<div class=\"elementor-element elementor-element-498707ae elementor-widget elementor-widget-text-editor\" data-id=\"498707ae\" data-element_type=\"widget\" data-e-type=\"widget\" data-widget_type=\"text-editor.default\">\n\t\t\t\t<div class=\"elementor-widget-container\">\n\t\t\t\t\t\t\t\t\t<p style=\"font-weight: 400\">Conciso y f\u00e1cil de leer,\u00a0<i>Kaplan &amp; Sadock. Manual de bolsillo de psiquiatr\u00eda cl\u00ednica\u00a0<\/i>es una gu\u00eda actualizada para diagnosticar toda la gama de trastornos psiqui\u00e1tricos tanto en adultos como en ni\u00f1os. Es una referencia ideal para estudiantes de medicina en rotaciones de psiquiatr\u00eda, m\u00e9dicos generales, residentes de la especialidad y todos aquellos miembros del equipo de atenci\u00f3n de la salud mental.<br \/>Como en otras ediciones, los cap\u00edtulos siguen de cerca la organizaci\u00f3n del\u00a0<i>DSM-5-TR\u00a0<\/i>y la informaci\u00f3n presentada, en la mayor\u00eda de estos, sigue un formato en el que cada trastorno cuenta con su propia secci\u00f3n, dividida a su vez en las siguientes subsecciones: epidemiolog\u00eda; comorbilidad; etiolog\u00eda; pruebas de laboratorio y psicol\u00f3gicas; fisiopatolog\u00eda; diagn\u00f3stico, signos y s\u00edntomas; especificaciones (cuando procede); diagn\u00f3stico diferencial; curso y pron\u00f3stico, y tratamiento.<br \/>Los cap\u00edtulos nuevos incluyen: la ciencia detr\u00e1s de terapias innovadoras, como el tratamiento con cannabis, ketamina y psicod\u00e9licos como la psilocibina y la MDMA; un cap\u00edtulo dedicado a SARS-CoV-2, COVID prolongado y su impacto psicosocial, con \u00e9nfasis en los desaf\u00edos espec\u00edficos para distintos grupos poblacionales y el desgaste del personal cl\u00ednico; una secci\u00f3n sobre tendencias emergentes en psiquiatr\u00eda, que abarca el uso de inteligencia artificial, realidad virtual y cartograf\u00eda cerebral, as\u00ed como la convergencia de disciplinas como la inmunolog\u00eda y la neurolog\u00eda en el estudio del eje intestino-cerebro.<\/p>\t\t\t\t\t\t\t\t<\/div>\n\t\t\t\t<\/div>\n\t\t\t\t\t<\/div>\n\t\t\t\t<\/div>\n\t\t\t\t<\/div>\n\t\t","protected":false},"excerpt":{"rendered":"<p><strong>Autores: <\/strong>Samoon Ahmad M.D.<br \/>\n<strong>ISBN:<\/strong> 9788410022874<br \/>\n<strong>Editorial:<\/strong> Wolters Kluwer<br \/>\n<strong>Edici\u00f3n:<\/strong> 7\u00aa<br \/>\n<strong>Especialidad<\/strong>: Psiquiatr\u00eda<br \/>\n<strong>P\u00e1ginas<\/strong>: 928<\/p>\n<p>\u00a9 2025<\/p>\n","protected":false},"featured_media":17165,"comment_status":"open","ping_status":"closed","template":"","meta":{"_joinchat":[]},"product_cat":[68],"product_tag":[239,69,92],"class_list":{"0":"post-17164","1":"product","2":"type-product","3":"status-publish","4":"has-post-thumbnail","6":"product_cat-psiquiatria","7":"product_tag-239","8":"product_tag-psiquiatria","9":"product_tag-wolters-kluwer","11":"first","12":"instock","13":"featured","14":"taxable","15":"shipping-taxable","16":"purchasable","17":"product-type-simple"},"_links":{"self":[{"href":"https:\/\/edimeinter.com\/libreria\/wp-json\/wp\/v2\/product\/17164","targetHints":{"allow":["GET"]}}],"collection":[{"href":"https:\/\/edimeinter.com\/libreria\/wp-json\/wp\/v2\/product"}],"about":[{"href":"https:\/\/edimeinter.com\/libreria\/wp-json\/wp\/v2\/types\/product"}],"replies":[{"embeddable":true,"href":"https:\/\/edimeinter.com\/libreria\/wp-json\/wp\/v2\/comments?post=17164"}],"version-history":[{"count":5,"href":"https:\/\/edimeinter.com\/libreria\/wp-json\/wp\/v2\/product\/17164\/revisions"}],"predecessor-version":[{"id":17170,"href":"https:\/\/edimeinter.com\/libreria\/wp-json\/wp\/v2\/product\/17164\/revisions\/17170"}],"wp:featuredmedia":[{"embeddable":true,"href":"https:\/\/edimeinter.com\/libreria\/wp-json\/wp\/v2\/media\/17165"}],"wp:attachment":[{"href":"https:\/\/edimeinter.com\/libreria\/wp-json\/wp\/v2\/media?parent=17164"}],"wp:term":[{"taxonomy":"product_cat","embeddable":true,"href":"https:\/\/edimeinter.com\/libreria\/wp-json\/wp\/v2\/product_cat?post=17164"},{"taxonomy":"product_tag","embeddable":true,"href":"https:\/\/edimeinter.com\/libreria\/wp-json\/wp\/v2\/product_tag?post=17164"}],"curies":[{"name":"wp","href":"https:\/\/api.w.org\/{rel}","templated":true}]}}