{"id":17197,"date":"2025-09-30T22:15:06","date_gmt":"2025-09-30T22:15:06","guid":{"rendered":"https:\/\/edimeinter.com\/libreria\/?post_type=product&#038;p=17197"},"modified":"2026-01-25T05:15:12","modified_gmt":"2026-01-25T05:15:12","slug":"manual-de-fracturas-6-a-ed","status":"publish","type":"product","link":"https:\/\/edimeinter.com\/libreria\/product\/manual-de-fracturas-6-a-ed\/","title":{"rendered":"Manual de fracturas 6.\u00aa ed."},"content":{"rendered":"\t\t<div data-elementor-type=\"wp-post\" data-elementor-id=\"17197\" class=\"elementor elementor-17197\">\n\t\t\t\t<div class=\"elementor-element elementor-element-2612b12 e-flex e-con-boxed e-con e-parent\" data-id=\"2612b12\" data-element_type=\"container\" data-e-type=\"container\">\n\t\t\t\t\t<div class=\"e-con-inner\">\n\t\t\n\t\t<div class=\"elementor-element elementor-element-498707ae elementor-widget elementor-widget-text-editor\" data-id=\"498707ae\" data-element_type=\"widget\" data-e-type=\"widget\" data-widget_type=\"text-editor.default\">\n\t\t\t\t<div class=\"elementor-widget-container\">\n\t\t\t\t\t\t\t\t\t<p><b>Manual de fracturas\u00a0<\/b>es uno de los manuales de referencia m\u00e1s utilizados en ortopedia. Presenta, de forma concisa, una gu\u00eda completa y exhaustiva sobre la clasificaci\u00f3n y el tratamiento para todo tipo de fracturas y luxaciones en adultos y en la infancia. Incluye los diferentes mecanismos de lesi\u00f3n y cinem\u00e1tica de los traumatismos, as\u00ed como fracturas patol\u00f3gicas y los principios generales para su manejo inmediato y mediato. Tambi\u00e9n incluye un cap\u00edtulo muy \u00fatil sobre analgesia durante el abordaje de una lesi\u00f3n musculoesquel\u00e9tica.<br \/>La organizaci\u00f3n de esta 6.\u00aa edici\u00f3n sigue la de sus predecesoras. Inicia con un apartado de consideraciones generales a trav\u00e9s de las cuales se exponen los mecanismos de la lesi\u00f3n. Despu\u00e9s da paso a los cap\u00edtulos sobre fracturas y luxaciones por regiones: esqueleto axial miembro superior y miembro inferior, y se presentan 11 cap\u00edtulos enfocados de forma exclusiva a las fracturas y luxaciones en pacientes pedi\u00e1tricos. La obra cierra con un cap\u00edtulo sobre estudios de imagen intraoperatorios.<\/p>\t\t\t\t\t\t\t\t<\/div>\n\t\t\t\t<\/div>\n\t\t\t\t\t<\/div>\n\t\t\t\t<\/div>\n\t\t\t\t<\/div>\n\t\t","protected":false},"excerpt":{"rendered":"<p><strong>Autores:<\/strong> Kenneth Egol MD<br \/>\n<strong>ISBN:<\/strong> 9788417949440<br \/>\n<strong>Editorial:<\/strong> Wolters Kluwer<br \/>\n<strong>Edici\u00f3n:<\/strong> 6\u00aa<br \/>\n<strong>Especialidad<\/strong>: Ortopedia y Traumatolog\u00eda<br \/>\n<strong>P\u00e1ginas<\/strong>: 812<\/p>\n<p>\u00a9 2020<\/p>\n","protected":false},"featured_media":17198,"comment_status":"open","ping_status":"closed","template":"","meta":{"_joinchat":[]},"product_cat":[97],"product_tag":[239,98,92],"class_list":{"0":"post-17197","1":"product","2":"type-product","3":"status-publish","4":"has-post-thumbnail","6":"product_cat-ortopedia-y-traumatologia","7":"product_tag-239","8":"product_tag-ortopedia-y-traumatologia","9":"product_tag-wolters-kluwer","11":"first","12":"instock","13":"featured","14":"taxable","15":"shipping-taxable","16":"purchasable","17":"product-type-simple"},"_links":{"self":[{"href":"https:\/\/edimeinter.com\/libreria\/wp-json\/wp\/v2\/product\/17197","targetHints":{"allow":["GET"]}}],"collection":[{"href":"https:\/\/edimeinter.com\/libreria\/wp-json\/wp\/v2\/product"}],"about":[{"href":"https:\/\/edimeinter.com\/libreria\/wp-json\/wp\/v2\/types\/product"}],"replies":[{"embeddable":true,"href":"https:\/\/edimeinter.com\/libreria\/wp-json\/wp\/v2\/comments?post=17197"}],"version-history":[{"count":5,"href":"https:\/\/edimeinter.com\/libreria\/wp-json\/wp\/v2\/product\/17197\/revisions"}],"predecessor-version":[{"id":17203,"href":"https:\/\/edimeinter.com\/libreria\/wp-json\/wp\/v2\/product\/17197\/revisions\/17203"}],"wp:featuredmedia":[{"embeddable":true,"href":"https:\/\/edimeinter.com\/libreria\/wp-json\/wp\/v2\/media\/17198"}],"wp:attachment":[{"href":"https:\/\/edimeinter.com\/libreria\/wp-json\/wp\/v2\/media?parent=17197"}],"wp:term":[{"taxonomy":"product_cat","embeddable":true,"href":"https:\/\/edimeinter.com\/libreria\/wp-json\/wp\/v2\/product_cat?post=17197"},{"taxonomy":"product_tag","embeddable":true,"href":"https:\/\/edimeinter.com\/libreria\/wp-json\/wp\/v2\/product_tag?post=17197"}],"curies":[{"name":"wp","href":"https:\/\/api.w.org\/{rel}","templated":true}]}}

Manual de fracturas 6.ª ed.

<div data-elementor-type="wp-post" data-elementor-id="17197" class="elementor elementor-17197">
				<div class="elementor-element elementor-element-2612b12 e-flex e-con-boxed e-con e-parent" data-id="2612b12" data-element_type="container" data-e-type="container">
					<div class="e-con-inner">
		
		<div class="elementor-element elementor-element-498707ae elementor-widget elementor-widget-text-editor" data-id="498707ae" data-element_type="widget" data-e-type="widget" data-widget_type="text-editor.default">
				<div class="elementor-widget-container">
									<p><b>Manual de fracturas </b>es uno de los manuales de referencia más utilizados en ortopedia. Presenta, de forma concisa, una guía completa y exhaustiva sobre la clasificación y el tratamiento para todo tipo de fracturas y luxaciones en adultos y en la infancia. Incluye los diferentes mecanismos de lesión y cinemática de los traumatismos, así como fracturas patológicas y los principios generales para su manejo inmediato y mediato. También incluye un capítulo muy útil sobre analgesia durante el abordaje de una lesión musculoesquelética.<br />La organización de esta 6.ª edición sigue la de sus predecesoras. Inicia con un apartado de consideraciones generales a través de las cuales se exponen los mecanismos de la lesión. Después da paso a los capítulos sobre fracturas y luxaciones por regiones: esqueleto axial miembro superior y miembro inferior, y se presentan 11 capítulos enfocados de forma exclusiva a las fracturas y luxaciones en pacientes pediátricos. La obra cierra con un capítulo sobre estudios de imagen intraoperatorios.</p>								</div>
				</div>
					</div>
				</div>
				</div>

<p><strong>Autores:</strong> Kenneth Egol MD<br />
<strong>ISBN:</strong> 9788417949440<br />
<strong>Editorial:</strong> Wolters Kluwer<br />
<strong>Edición:</strong> 6ª<br />
<strong>Especialidad</strong>: Ortopedia y Traumatología<br />
<strong>Páginas</strong>: 812</p>
<p>© 2020</p>
