{"id":17265,"date":"2025-10-01T00:12:08","date_gmt":"2025-10-01T00:12:08","guid":{"rendered":"https:\/\/edimeinter.com\/libreria\/?post_type=product&#038;p=17265"},"modified":"2025-10-01T00:16:05","modified_gmt":"2025-10-01T00:16:05","slug":"oftalmologia-pediatrica-3-a-ed","status":"publish","type":"product","link":"https:\/\/edimeinter.com\/libreria\/product\/oftalmologia-pediatrica-3-a-ed\/","title":{"rendered":"Oftalmolog\u00eda pedi\u00e1trica 3.\u00aa ed."},"content":{"rendered":"\t\t<div data-elementor-type=\"wp-post\" data-elementor-id=\"17265\" class=\"elementor elementor-17265\">\n\t\t\t\t\n<div class=\"elementor-element elementor-element-2612b12 e-flex e-con-boxed e-con e-parent\" data-id=\"2612b12\" data-element_type=\"container\" data-e-type=\"container\">\n\t\t\t\t\t<div class=\"e-con-inner\">\n\t\t\n\t\t<div class=\"elementor-element elementor-element-498707ae elementor-widget elementor-widget-text-editor\" data-id=\"498707ae\" data-element_type=\"widget\" data-e-type=\"widget\" data-widget_type=\"text-editor.default\">\n\t\t\t\t<div class=\"elementor-widget-container\">\n\t\t\t\t\t\t\t\t\t<p>Desarrollado por distinguidos oftalm\u00f3logos del Wills Eye Hospital de Philadelphia, la 3.a edici\u00f3n de\u00a0<b>Atlas a color y sinopsis de oftalmolog\u00eda cl\u00ednica. Oftalmolog\u00eda pedi\u00e1trica\u00a0<\/b>cubre los aspectos m\u00e1s relevantes de la cl\u00ednica oftalmol\u00f3gica infantil en un formato altamente visual y f\u00e1cil de usar. Abundantes fotograf\u00edas a todo color y una estructura consistente del texto presentan un enfoque sucinto y de alto rendimiento de los siete temas tratados en esta popular serie: c\u00f3rnea, retina, glaucoma, oculoplastia, neurooftalmolog\u00eda, pediatr\u00eda y uve\u00edtis.<br \/>La obra ofrece una actualizaci\u00f3n concisa y pr\u00e1ctica sobre el diagn\u00f3stico y tratamiento de las enfermedades oculares infantiles m\u00e1s frecuentes. Organizada por estructuras afectadas y con un formato de atlas, combina hallazgos cl\u00ednicos recientes con im\u00e1genes claras, lo que la convierte en una herramienta esencial para residentes y profesionales de la especialidad, as\u00ed como para estudiantes de medicina y otros profesionales interesados en la atenci\u00f3n de la cl\u00ednica oftalmol\u00f3gica en la edad pedi\u00e1trica.<\/p>\t\t\t\t\t\t\t\t<\/div>\n\t\t\t\t<\/div>\n\t\t\t\t\t<\/div>\n\t\t\t\t<\/div>\n\t\t\t\t<\/div>\n\t\t","protected":false},"excerpt":{"rendered":"<p><strong>Autores:<\/strong> Leonard B. Nelson MD<br \/>\n<strong>ISBN:<\/strong> 9788410870017<br \/>\n<strong>Editorial:<\/strong> Wolters Kluwer<br \/>\n<strong>Edici\u00f3n:<\/strong> 3\u00aa<br \/>\n<strong>Especialidad<\/strong>: Oftalmolog\u00eda y Optometr\u00eda<br \/>\n<strong>P\u00e1ginas<\/strong>: 304<\/p>\n<p>\u00a9 2025<\/p>\n","protected":false},"featured_media":17266,"comment_status":"open","ping_status":"closed","template":"","meta":{"_joinchat":[]},"product_cat":[95],"product_tag":[239,96,92],"class_list":{"0":"post-17265","1":"product","2":"type-product","3":"status-publish","4":"has-post-thumbnail","6":"product_cat-oftalmologia-y-optometria","7":"product_tag-239","8":"product_tag-oftalmologia-y-optometria","9":"product_tag-wolters-kluwer","11":"first","12":"instock","13":"featured","14":"taxable","15":"shipping-taxable","16":"purchasable","17":"product-type-simple"},"_links":{"self":[{"href":"https:\/\/edimeinter.com\/libreria\/wp-json\/wp\/v2\/product\/17265","targetHints":{"allow":["GET"]}}],"collection":[{"href":"https:\/\/edimeinter.com\/libreria\/wp-json\/wp\/v2\/product"}],"about":[{"href":"https:\/\/edimeinter.com\/libreria\/wp-json\/wp\/v2\/types\/product"}],"replies":[{"embeddable":true,"href":"https:\/\/edimeinter.com\/libreria\/wp-json\/wp\/v2\/comments?post=17265"}],"version-history":[{"count":4,"href":"https:\/\/edimeinter.com\/libreria\/wp-json\/wp\/v2\/product\/17265\/revisions"}],"predecessor-version":[{"id":17270,"href":"https:\/\/edimeinter.com\/libreria\/wp-json\/wp\/v2\/product\/17265\/revisions\/17270"}],"wp:featuredmedia":[{"embeddable":true,"href":"https:\/\/edimeinter.com\/libreria\/wp-json\/wp\/v2\/media\/17266"}],"wp:attachment":[{"href":"https:\/\/edimeinter.com\/libreria\/wp-json\/wp\/v2\/media?parent=17265"}],"wp:term":[{"taxonomy":"product_cat","embeddable":true,"href":"https:\/\/edimeinter.com\/libreria\/wp-json\/wp\/v2\/product_cat?post=17265"},{"taxonomy":"product_tag","embeddable":true,"href":"https:\/\/edimeinter.com\/libreria\/wp-json\/wp\/v2\/product_tag?post=17265"}],"curies":[{"name":"wp","href":"https:\/\/api.w.org\/{rel}","templated":true}]}}