{"id":17309,"date":"2025-10-01T17:34:28","date_gmt":"2025-10-01T17:34:28","guid":{"rendered":"https:\/\/edimeinter.com\/libreria\/?post_type=product&#038;p=17309"},"modified":"2025-10-01T17:39:08","modified_gmt":"2025-10-01T17:39:08","slug":"dermatologia-pediatrica-1-a-ed","status":"publish","type":"product","link":"https:\/\/edimeinter.com\/libreria\/product\/dermatologia-pediatrica-1-a-ed\/","title":{"rendered":"Dermatolog\u00eda pedi\u00e1trica 1.\u00aa ed."},"content":{"rendered":"\t\t<div data-elementor-type=\"wp-post\" data-elementor-id=\"17309\" class=\"elementor elementor-17309\">\n\t\t\t\t<div class=\"elementor-element elementor-element-2612b12 e-flex e-con-boxed e-con e-parent\" data-id=\"2612b12\" data-element_type=\"container\" data-e-type=\"container\">\n\t\t\t\t\t<div class=\"e-con-inner\">\n\t\t\n\t\t<div class=\"elementor-element elementor-element-498707ae elementor-widget elementor-widget-text-editor\" data-id=\"498707ae\" data-element_type=\"widget\" data-e-type=\"widget\" data-widget_type=\"text-editor.default\">\n\t\t\t\t<div class=\"elementor-widget-container\">\n\t\t\t\t\t\t\t\t\t<p>Teniendo en cuenta la prevalencia de las enfermedades cut\u00e1neas que se observan en la pr\u00e1ctica general, la capacitaci\u00f3n de los m\u00e9dicos en materia de dermatopat\u00edas es de gran importancia. Por ello, los doctores Donald Shenenberger, Joel Spitz, Bernard Cohen y Jonathan Glass presentan un abordaje \u00abf\u00e1cil de usar\u00bb para\u00a0<b>Dermatolog\u00eda pedi\u00e1trica<\/b>, una referencia pr\u00e1ctica y cotidiana no solo para dermat\u00f3logos y residentes de dermatolog\u00eda, sino tambi\u00e9n para pediatras, m\u00e9dicos de atenci\u00f3n primaria y otros profesionales cl\u00ednicos de atenci\u00f3n pedi\u00e1trica.<br \/>Con numerosas ilustraciones, esta obra proporciona pautas para el diagn\u00f3stico basadas en la presentaci\u00f3n cl\u00ednica a la que cualquier profesional sanitario puede enfrentarse. Cada afecci\u00f3n dermatol\u00f3gica se presenta en una p\u00e1gina doble: a la izquierda, informaci\u00f3n concisa y estructurada sobre el diagn\u00f3stico y el tratamiento; a la derecha, ilustraciones a todo color y fotograf\u00edas cl\u00ednicas que proporcionan una gu\u00eda visual del mundo real.<br \/>El formato de este libro de texto es f\u00e1cil de comprender cuando se conoce o se considera un diagn\u00f3stico por la presentaci\u00f3n cl\u00ednica de una lesi\u00f3n. Se discuten m\u00faltiples diagn\u00f3sticos seg\u00fan su presentaci\u00f3n, diagn\u00f3stico diferencial, an\u00e1lisis de laboratorio (cuando sean necesarios), tratamiento y pron\u00f3stico. Adem\u00e1s, se incluyen consejos y preguntas frecuentes sobre diagn\u00f3sticos para compartir con los pacientes o sus padres. Esta obra es de gran utilidad en la pr\u00e1ctica cotidiana.<\/p>\t\t\t\t\t\t\t\t<\/div>\n\t\t\t\t<\/div>\n\t\t\t\t\t<\/div>\n\t\t\t\t<\/div>\n\t\t\t\t<\/div>\n\t\t","protected":false},"excerpt":{"rendered":"<p><strong>Autores:<\/strong> Donald William Shenenberger , Joel L. Spitz MD<br \/>\n<strong>ISBN:<\/strong> 9788410022973<br \/>\n<strong>Editorial:<\/strong> Wolters Kluwer<br \/>\n<strong>Edici\u00f3n:<\/strong> 1\u00aa<br \/>\n<strong>Especialidad<\/strong>: Dermatolog\u00eda<br \/>\n<strong>P\u00e1ginas<\/strong>: 464<\/p>\n<p>\u00a9 2025<\/p>\n","protected":false},"featured_media":17310,"comment_status":"open","ping_status":"closed","template":"","meta":{"_joinchat":[]},"product_cat":[108],"product_tag":[239,109,92],"class_list":{"0":"post-17309","1":"product","2":"type-product","3":"status-publish","4":"has-post-thumbnail","6":"product_cat-dermatologia","7":"product_tag-239","8":"product_tag-dermatologia","9":"product_tag-wolters-kluwer","11":"first","12":"instock","13":"featured","14":"taxable","15":"shipping-taxable","16":"purchasable","17":"product-type-simple"},"_links":{"self":[{"href":"https:\/\/edimeinter.com\/libreria\/wp-json\/wp\/v2\/product\/17309","targetHints":{"allow":["GET"]}}],"collection":[{"href":"https:\/\/edimeinter.com\/libreria\/wp-json\/wp\/v2\/product"}],"about":[{"href":"https:\/\/edimeinter.com\/libreria\/wp-json\/wp\/v2\/types\/product"}],"replies":[{"embeddable":true,"href":"https:\/\/edimeinter.com\/libreria\/wp-json\/wp\/v2\/comments?post=17309"}],"version-history":[{"count":4,"href":"https:\/\/edimeinter.com\/libreria\/wp-json\/wp\/v2\/product\/17309\/revisions"}],"predecessor-version":[{"id":17314,"href":"https:\/\/edimeinter.com\/libreria\/wp-json\/wp\/v2\/product\/17309\/revisions\/17314"}],"wp:featuredmedia":[{"embeddable":true,"href":"https:\/\/edimeinter.com\/libreria\/wp-json\/wp\/v2\/media\/17310"}],"wp:attachment":[{"href":"https:\/\/edimeinter.com\/libreria\/wp-json\/wp\/v2\/media?parent=17309"}],"wp:term":[{"taxonomy":"product_cat","embeddable":true,"href":"https:\/\/edimeinter.com\/libreria\/wp-json\/wp\/v2\/product_cat?post=17309"},{"taxonomy":"product_tag","embeddable":true,"href":"https:\/\/edimeinter.com\/libreria\/wp-json\/wp\/v2\/product_tag?post=17309"}],"curies":[{"name":"wp","href":"https:\/\/api.w.org\/{rel}","templated":true}]}}