{"id":17333,"date":"2025-10-01T18:12:13","date_gmt":"2025-10-01T18:12:13","guid":{"rendered":"https:\/\/edimeinter.com\/libreria\/?post_type=product&#038;p=17333"},"modified":"2025-10-01T18:15:25","modified_gmt":"2025-10-01T18:15:25","slug":"kielhofner-modelo-de-ocupacion-humana-6-a-ed","status":"publish","type":"product","link":"https:\/\/edimeinter.com\/libreria\/product\/kielhofner-modelo-de-ocupacion-humana-6-a-ed\/","title":{"rendered":"Kielhofner. Modelo de ocupaci\u00f3n humana 6.\u00aa ed."},"content":{"rendered":"\t\t<div data-elementor-type=\"wp-post\" data-elementor-id=\"17333\" class=\"elementor elementor-17333\">\n\t\t\t\t\n<div class=\"elementor-element elementor-element-2612b12 e-flex e-con-boxed e-con e-parent\" data-id=\"2612b12\" data-element_type=\"container\" data-e-type=\"container\">\n\t\t\t\t\t<div class=\"e-con-inner\">\n\t\t\n\t\t<div class=\"elementor-element elementor-element-498707ae elementor-widget elementor-widget-text-editor\" data-id=\"498707ae\" data-element_type=\"widget\" data-e-type=\"widget\" data-widget_type=\"text-editor.default\">\n\t\t\t\t<div class=\"elementor-widget-container\">\n\t\t\t\t\t\t\t\t\t<p>Actualizado con las investigaciones m\u00e1s recientes,\u00a0<b>Kielhofner. Modelo de Ocupaci\u00f3n Humana: Teor\u00eda y aplicaci\u00f3n\u00a0<\/b>es el recurso definitivo sobre la teor\u00eda y la aplicaci\u00f3n del modelo m\u00e1s utilizado en terapia ocupacional en la actualidad. Este enfoque centrado en la persona explora lo que motiva a las personas y c\u00f3mo estas eligen ocupaciones y establecen rutinas diarias, as\u00ed como la influencia del ambiente en el comportamiento ocupacional. Esta 6.\u00aa edici\u00f3n, completamente revisada, refleja el marco actual e incorpora la teor\u00eda, la investigaci\u00f3n y las pr\u00e1cticas de aplicaci\u00f3n m\u00e1s actualizadas del Modelo de Ocupaci\u00f3n Humana (MOHO) para proporcionar a los usuarios una preparaci\u00f3n completa para los desaf\u00edos del cuidado de la persona en la actualidad.<br \/>El libro est\u00e1 dividido en cuatro partes: la parte I,\u00a0<b>Teor\u00eda del MOHO<\/b>, presenta y explica la teor\u00eda del modelo y proporciona los fundamentos conceptuales y te\u00f3ricos necesarios para comprender c\u00f3mo el MOHO se aplica en terapia ocupacional; la parte II,\u00a0<b>Evaluaci\u00f3n, razonamiento terap\u00e9utico y documentaci\u00f3n<\/b>, aborda los m\u00e9todos de evaluaci\u00f3n, el razonamiento terap\u00e9utico y las t\u00e9cnicas de documentaci\u00f3n, y explica c\u00f3mo evaluar a la persona utilizando el MOHO, tomar decisiones terap\u00e9uticas basadas en esta evaluaci\u00f3n y documentar el proceso de manera efectiva; la parte III,\u00a0<b>Aplicaci\u00f3n del MOHO en la pr\u00e1ctica de terapia ocupacional<\/b>, se centra en la aplicaci\u00f3n pr\u00e1ctica del MOHO en diversos contextos cl\u00ednicos y poblaciones; y, por \u00faltimo, la parte IV,\u00a0<b>Recursos para el uso del MOHO en la pr\u00e1ctica<\/b>, ofrece recursos adicionales, incluidas herramientas, gu\u00edas y referencias \u00fatiles para profesionales que utilizan este modelo en su pr\u00e1ctica diaria.<\/p>\t\t\t\t\t\t\t\t<\/div>\n\t\t\t\t<\/div>\n\t\t\t\t\t<\/div>\n\t\t\t\t<\/div>\n\t\t\t\t<\/div>\n\t\t","protected":false},"excerpt":{"rendered":"<p><strong>Autores:<\/strong> Renee Taylor Ph.D., PATRICIA BOWYER , GAIL FISHER<br \/>\n<strong>ISBN:<\/strong> 9788410870079<br \/>\n<strong>Editorial:<\/strong> Wolters Kluwer<br \/>\n<strong>Edici\u00f3n:<\/strong> 6\u00aa<br \/>\n<strong>Especialidad<\/strong>: Terapia Ocupacional<br \/>\n<strong>P\u00e1ginas<\/strong>: 529<\/p>\n<p>\u00a9 2025<\/p>\n","protected":false},"featured_media":17334,"comment_status":"open","ping_status":"closed","template":"","meta":{"_joinchat":[]},"product_cat":[199],"product_tag":[239,200,92],"class_list":{"0":"post-17333","1":"product","2":"type-product","3":"status-publish","4":"has-post-thumbnail","6":"product_cat-terapia-ocupacional","7":"product_tag-239","8":"product_tag-terapia-ocupacional","9":"product_tag-wolters-kluwer","11":"first","12":"instock","13":"featured","14":"taxable","15":"shipping-taxable","16":"purchasable","17":"product-type-simple"},"_links":{"self":[{"href":"https:\/\/edimeinter.com\/libreria\/wp-json\/wp\/v2\/product\/17333","targetHints":{"allow":["GET"]}}],"collection":[{"href":"https:\/\/edimeinter.com\/libreria\/wp-json\/wp\/v2\/product"}],"about":[{"href":"https:\/\/edimeinter.com\/libreria\/wp-json\/wp\/v2\/types\/product"}],"replies":[{"embeddable":true,"href":"https:\/\/edimeinter.com\/libreria\/wp-json\/wp\/v2\/comments?post=17333"}],"version-history":[{"count":4,"href":"https:\/\/edimeinter.com\/libreria\/wp-json\/wp\/v2\/product\/17333\/revisions"}],"predecessor-version":[{"id":17338,"href":"https:\/\/edimeinter.com\/libreria\/wp-json\/wp\/v2\/product\/17333\/revisions\/17338"}],"wp:featuredmedia":[{"embeddable":true,"href":"https:\/\/edimeinter.com\/libreria\/wp-json\/wp\/v2\/media\/17334"}],"wp:attachment":[{"href":"https:\/\/edimeinter.com\/libreria\/wp-json\/wp\/v2\/media?parent=17333"}],"wp:term":[{"taxonomy":"product_cat","embeddable":true,"href":"https:\/\/edimeinter.com\/libreria\/wp-json\/wp\/v2\/product_cat?post=17333"},{"taxonomy":"product_tag","embeddable":true,"href":"https:\/\/edimeinter.com\/libreria\/wp-json\/wp\/v2\/product_tag?post=17333"}],"curies":[{"name":"wp","href":"https:\/\/api.w.org\/{rel}","templated":true}]}}