{"id":17345,"date":"2025-10-01T18:37:37","date_gmt":"2025-10-01T18:37:37","guid":{"rendered":"https:\/\/edimeinter.com\/libreria\/?post_type=product&#038;p=17345"},"modified":"2025-11-21T19:39:01","modified_gmt":"2025-11-21T19:39:01","slug":"manual-de-anticonceptivos-1-a-ed","status":"publish","type":"product","link":"https:\/\/edimeinter.com\/libreria\/product\/manual-de-anticonceptivos-1-a-ed\/","title":{"rendered":"Manual de anticonceptivos 1.\u00aa ed."},"content":{"rendered":"\t\t<div data-elementor-type=\"wp-post\" data-elementor-id=\"17345\" class=\"elementor elementor-17345\">\n\t\t\t\t<div class=\"elementor-element elementor-element-2612b12 e-flex e-con-boxed e-con e-parent\" data-id=\"2612b12\" data-element_type=\"container\" data-e-type=\"container\">\n\t\t\t\t\t<div class=\"e-con-inner\">\n\t\t\n\t\t<div class=\"elementor-element elementor-element-498707ae elementor-widget elementor-widget-text-editor\" data-id=\"498707ae\" data-element_type=\"widget\" data-e-type=\"widget\" data-widget_type=\"text-editor.default\">\n\t\t\t\t<div class=\"elementor-widget-container\">\n\t\t\t\t\t\t\t\t\t<p>Pr\u00e1ctico y con la informaci\u00f3n m\u00e1s reciente,\u00a0<b>Manual de anticonceptivos\u00a0<\/b>proporciona una cobertura concisa de todas las opciones disponibles para la anticoncepci\u00f3n en la actualidad. De una manera directa y sencilla, esta obra toma la evidencia cient\u00edfica sobre los principales m\u00e9todos anticonceptivos y la traduce en orientaciones pr\u00e1cticas que reflejan el consenso de expertos y las mejores pr\u00e1cticas para el uso de los m\u00e9todos de planificaci\u00f3n familiar. Bajo la direcci\u00f3n del Dr. Omar Alberto Tirado y la Dra. Lourdes G\u00f3mez Sousa, y la colaboraci\u00f3n de l\u00edderes de opini\u00f3n en M\u00e9xico y Latinoam\u00e9rica, esta obra es un recurso exhaustivo, basado en la evidencia y f\u00e1cil de leer para estudiantes de medicina, m\u00e9dicos de primer contacto e internos en sus rotaciones por medicina familiar o comunitaria, y para especialistas en medicina familiar.<br \/>En los primeros cap\u00edtulos se ofrece una introducci\u00f3n y generalidades de la anticoncepci\u00f3n, su mecanismo de acci\u00f3n y fisiolog\u00eda, y un apartado dedicado al asesoramiento anticonceptivo. En los cap\u00edtulos posteriores se abordan las caracter\u00edsticas de cada grupo de m\u00e9todos anticonceptivos, incluidas sus generalidades, mecanismo de acci\u00f3n, farmacocin\u00e9tica, eficacia, modo de aplicaci\u00f3n, reacciones adversas, elegibilidad y contraindicaciones, entre otros aspectos m\u00e1s espec\u00edficos de cada m\u00e9todo o grupo anticonceptivo. Incluye, adem\u00e1s, cap\u00edtulos sobre anticoncepci\u00f3n de emergencia, m\u00e9todos basados en el conocimiento de la fertilidad y anticoncepci\u00f3n en grupos especiales.<\/p>\t\t\t\t\t\t\t\t<\/div>\n\t\t\t\t<\/div>\n\t\t\t\t\t<\/div>\n\t\t\t\t<\/div>\n\t\t\t\t<\/div>\n\t\t","protected":false},"excerpt":{"rendered":"<p><strong>Autores:<\/strong> Omar Alberto Tirado Aguilar , Mar\u00eda de Lourdes G\u00f3mez Sousa<br \/>\n<strong>ISBN:<\/strong> 9788410022645<br \/>\n<strong>Editorial:<\/strong> Wolters Kluwer<br \/>\n<strong>Edici\u00f3n:<\/strong> 1\u00aa<br \/>\n<strong>Especialidad<\/strong>: Ginecolog\u00eda y Obstetricia<br \/>\n<strong>P\u00e1ginas<\/strong>: 330<\/p>\n<p>\u00a9 2025<\/p>\n","protected":false},"featured_media":17346,"comment_status":"open","ping_status":"closed","template":"","meta":{"_joinchat":[]},"product_cat":[104],"product_tag":[239,105,92],"class_list":{"0":"post-17345","1":"product","2":"type-product","3":"status-publish","4":"has-post-thumbnail","6":"product_cat-ginecologia-y-obstetricia","7":"product_tag-239","8":"product_tag-ginecologia-y-obstetricia","9":"product_tag-wolters-kluwer","11":"first","12":"instock","13":"featured","14":"taxable","15":"shipping-taxable","16":"purchasable","17":"product-type-simple"},"_links":{"self":[{"href":"https:\/\/edimeinter.com\/libreria\/wp-json\/wp\/v2\/product\/17345","targetHints":{"allow":["GET"]}}],"collection":[{"href":"https:\/\/edimeinter.com\/libreria\/wp-json\/wp\/v2\/product"}],"about":[{"href":"https:\/\/edimeinter.com\/libreria\/wp-json\/wp\/v2\/types\/product"}],"replies":[{"embeddable":true,"href":"https:\/\/edimeinter.com\/libreria\/wp-json\/wp\/v2\/comments?post=17345"}],"version-history":[{"count":5,"href":"https:\/\/edimeinter.com\/libreria\/wp-json\/wp\/v2\/product\/17345\/revisions"}],"predecessor-version":[{"id":17442,"href":"https:\/\/edimeinter.com\/libreria\/wp-json\/wp\/v2\/product\/17345\/revisions\/17442"}],"wp:featuredmedia":[{"embeddable":true,"href":"https:\/\/edimeinter.com\/libreria\/wp-json\/wp\/v2\/media\/17346"}],"wp:attachment":[{"href":"https:\/\/edimeinter.com\/libreria\/wp-json\/wp\/v2\/media?parent=17345"}],"wp:term":[{"taxonomy":"product_cat","embeddable":true,"href":"https:\/\/edimeinter.com\/libreria\/wp-json\/wp\/v2\/product_cat?post=17345"},{"taxonomy":"product_tag","embeddable":true,"href":"https:\/\/edimeinter.com\/libreria\/wp-json\/wp\/v2\/product_tag?post=17345"}],"curies":[{"name":"wp","href":"https:\/\/api.w.org\/{rel}","templated":true}]}}