{"id":17351,"date":"2025-10-01T18:42:48","date_gmt":"2025-10-01T18:42:48","guid":{"rendered":"https:\/\/edimeinter.com\/libreria\/?post_type=product&#038;p=17351"},"modified":"2025-10-01T18:51:17","modified_gmt":"2025-10-01T18:51:17","slug":"anestesia-de-bolsillo-5-a-ed","status":"publish","type":"product","link":"https:\/\/edimeinter.com\/libreria\/product\/anestesia-de-bolsillo-5-a-ed\/","title":{"rendered":"Anestesia de bolsillo 5.\u00aa ed."},"content":{"rendered":"\t\t<div data-elementor-type=\"wp-post\" data-elementor-id=\"17351\" class=\"elementor elementor-17351\">\n\t\t\t\t<div class=\"elementor-element elementor-element-2612b12 e-flex e-con-boxed e-con e-parent\" data-id=\"2612b12\" data-element_type=\"container\" data-e-type=\"container\">\n\t\t\t\t\t<div class=\"e-con-inner\">\n\t\t\n\t\t<div class=\"elementor-element elementor-element-498707ae elementor-widget elementor-widget-text-editor\" data-id=\"498707ae\" data-element_type=\"widget\" data-e-type=\"widget\" data-widget_type=\"text-editor.default\">\n\t\t\t\t<div class=\"elementor-widget-container\">\n\t\t\t\t\t\t\t\t\t<p>Dise\u00f1ado para ser port\u00e1til y de consulta r\u00e1pida,\u00a0<b>Anestesia de bolsillo\u00a0<\/b>proporciona la informaci\u00f3n esencial que los profesionales y los estudiantes de anestesiolog\u00eda necesitan a diario. Editado por los doctores Richard D. Urman y Jesse M. Ehrenfeld, este volumen totalmente actualizado proporciona una revisi\u00f3n concisa y centrada de todas las \u00e1reas de la anestesiolog\u00eda en un formato de bolsillo f\u00e1cil de navegar, por lo que es una referencia ideal para residentes, anestesi\u00f3logos y estudiantes en todos los entornos cl\u00ednicos en los que se brindan los cuidados de anestesia.<br \/>Esta 5.\u00aa edici\u00f3n presenta temas cl\u00ednicos b\u00e1sicos totalmente actualizados, que reflejan el conocimiento y los avances m\u00e1s recientes sobre evaluaci\u00f3n del paciente, farmacolog\u00eda, manejo de la v\u00eda a\u00e9rea, anestesia regional, POCUS, monitorizaci\u00f3n perioperatoria, t\u00e9cnicas de ventilaci\u00f3n, manejo del dolor agudo y cr\u00f3nico, ERAS, manejo de traumatismos y cuidados cr\u00edticos, y anestesia pedi\u00e1trica y geri\u00e1trica, entre otros, Asimismo, incluye cap\u00edtulos nuevos y ampliados sobre tratamiento de quemaduras, control de infecciones y consideraciones sobre enfermedades respiratorias (incluyendo COVID-19), y optimizaci\u00f3n del equipo de cuidados anest\u00e9sicos.<\/p>\t\t\t\t\t\t\t\t<\/div>\n\t\t\t\t<\/div>\n\t\t\t\t\t<\/div>\n\t\t\t\t<\/div>\n\t\t\t\t<\/div>\n\t\t","protected":false},"excerpt":{"rendered":"<p><strong>Autores:<\/strong> RICHARD URMAN MD, JESSE EHRENFELD MD<br \/>\n<strong>ISBN:<\/strong> 9788410870253<br \/>\n<strong>Editorial:<\/strong> Wolters Kluwer<br \/>\n<strong>Edici\u00f3n:<\/strong> 5\u00aa<br \/>\n<strong>Especialidad<\/strong>: Anestesiolog\u00eda y reanimaci\u00f3n<br \/>\n<strong>P\u00e1ginas<\/strong>: 444<\/p>\n<p>\u00a9 2025<\/p>\n","protected":false},"featured_media":17352,"comment_status":"open","ping_status":"closed","template":"","meta":{"_joinchat":[]},"product_cat":[86],"product_tag":[239,87,92],"class_list":{"0":"post-17351","1":"product","2":"type-product","3":"status-publish","4":"has-post-thumbnail","6":"product_cat-anestesiologia-y-reanimacion","7":"product_tag-239","8":"product_tag-anestesiologia-y-reanimacion","9":"product_tag-wolters-kluwer","11":"first","12":"instock","13":"featured","14":"taxable","15":"shipping-taxable","16":"purchasable","17":"product-type-simple"},"_links":{"self":[{"href":"https:\/\/edimeinter.com\/libreria\/wp-json\/wp\/v2\/product\/17351","targetHints":{"allow":["GET"]}}],"collection":[{"href":"https:\/\/edimeinter.com\/libreria\/wp-json\/wp\/v2\/product"}],"about":[{"href":"https:\/\/edimeinter.com\/libreria\/wp-json\/wp\/v2\/types\/product"}],"replies":[{"embeddable":true,"href":"https:\/\/edimeinter.com\/libreria\/wp-json\/wp\/v2\/comments?post=17351"}],"version-history":[{"count":4,"href":"https:\/\/edimeinter.com\/libreria\/wp-json\/wp\/v2\/product\/17351\/revisions"}],"predecessor-version":[{"id":17356,"href":"https:\/\/edimeinter.com\/libreria\/wp-json\/wp\/v2\/product\/17351\/revisions\/17356"}],"wp:featuredmedia":[{"embeddable":true,"href":"https:\/\/edimeinter.com\/libreria\/wp-json\/wp\/v2\/media\/17352"}],"wp:attachment":[{"href":"https:\/\/edimeinter.com\/libreria\/wp-json\/wp\/v2\/media?parent=17351"}],"wp:term":[{"taxonomy":"product_cat","embeddable":true,"href":"https:\/\/edimeinter.com\/libreria\/wp-json\/wp\/v2\/product_cat?post=17351"},{"taxonomy":"product_tag","embeddable":true,"href":"https:\/\/edimeinter.com\/libreria\/wp-json\/wp\/v2\/product_tag?post=17351"}],"curies":[{"name":"wp","href":"https:\/\/api.w.org\/{rel}","templated":true}]}}