{"id":17364,"date":"2025-10-01T19:06:01","date_gmt":"2025-10-01T19:06:01","guid":{"rendered":"https:\/\/edimeinter.com\/libreria\/?post_type=product&#038;p=17364"},"modified":"2025-10-01T19:09:23","modified_gmt":"2025-10-01T19:09:23","slug":"microbiologia-con-orientacion-clinica-1-a-ed","status":"publish","type":"product","link":"https:\/\/edimeinter.com\/libreria\/product\/microbiologia-con-orientacion-clinica-1-a-ed\/","title":{"rendered":"Microbiolog\u00eda con orientaci\u00f3n cl\u00ednica 1.\u00aa ed."},"content":{"rendered":"\t\t<div data-elementor-type=\"wp-post\" data-elementor-id=\"17364\" class=\"elementor elementor-17364\">\n\t\t\t\t\n<div class=\"elementor-element elementor-element-2612b12 e-flex e-con-boxed e-con e-parent\" data-id=\"2612b12\" data-element_type=\"container\" data-e-type=\"container\">\n\t\t\t\t\t<div class=\"e-con-inner\">\n\t\t\n\t\t<div class=\"elementor-element elementor-element-498707ae elementor-widget elementor-widget-text-editor\" data-id=\"498707ae\" data-element_type=\"widget\" data-e-type=\"widget\" data-widget_type=\"text-editor.default\">\n\t\t\t\t<div class=\"elementor-widget-container\">\n\t\t\t\t\t\t\t\t\t<p>La microbiolog\u00eda m\u00e9dica es una disciplina esencial en las ciencias de la salud, ya que permite comprender la compleja interacci\u00f3n entre los microorganismos y el ser humano, as\u00ed como su papel en las enfermedades infecciosas. En un mundo cada vez m\u00e1s interconectado, con la aparici\u00f3n constante de nuevos pat\u00f3genos y el resurgimiento de otros previamente controlados, el conocimiento microbiol\u00f3gico adquiere una relevancia cr\u00edtica para la prevenci\u00f3n, diagn\u00f3stico y tratamiento de las enfermedades infecciosas.<br \/><b>Microbiolog\u00eda con orientaci\u00f3n cl\u00ednica<\/b>, una obra creada por las doctoras Rosa Mar\u00eda Wong y Margarita Cabrera, docentes de la Facultad de Medicina de la Universidad Nacional Aut\u00f3noma de M\u00e9xico, cubre de forma integral el panorama microbiol\u00f3gico que se aborda en el pregrado con un enfoque con orientaci\u00f3n a las repercusiones org\u00e1nicas que se desprenden de la infecci\u00f3n o infestaci\u00f3n por los microorganismos.<br \/>La obra se estructura en seis secciones en las que se abordan los factores de patogenicidad de los microorganismos y los factores de defensa del hu\u00e9sped, as\u00ed como los principales s\u00edndromes o padecimientos producidos por la infecci\u00f3n o infestaci\u00f3n de cada uno de los grandes grupos de microorganismos: bacterias, virus, hongos y par\u00e1sitos. Esta obra se enfoca en lo cl\u00ednicamente relevante y trascendental para el estudiante de medicina y de ciencias de la salud.<\/p>\t\t\t\t\t\t\t\t<\/div>\n\t\t\t\t<\/div>\n\t\t\t\t\t<\/div>\n\t\t\t\t<\/div>\n\t\t\t\t<\/div>\n\t\t","protected":false},"excerpt":{"rendered":"<p><strong>Autores:<\/strong> Rosa Mar\u00eda Wong , Margarita Cabrera Bravo<br \/>\n<strong>ISBN:<\/strong> 9788417602086<br \/>\n<strong>Editorial:<\/strong> Wolters Kluwer<br \/>\n<strong>Edici\u00f3n:<\/strong> 1\u00aa<br \/>\n<strong>Especialidad<\/strong>: Microbiolog\u00eda<br \/>\n<strong>P\u00e1ginas<\/strong>: 688<\/p>\n<p>\u00a9 2025<\/p>\n","protected":false},"featured_media":17365,"comment_status":"open","ping_status":"closed","template":"","meta":{"_joinchat":[]},"product_cat":[116],"product_tag":[239,117,92],"class_list":{"0":"post-17364","1":"product","2":"type-product","3":"status-publish","4":"has-post-thumbnail","6":"product_cat-microbiologia","7":"product_tag-239","8":"product_tag-microbiologia","9":"product_tag-wolters-kluwer","11":"first","12":"instock","13":"featured","14":"taxable","15":"shipping-taxable","16":"purchasable","17":"product-type-simple"},"_links":{"self":[{"href":"https:\/\/edimeinter.com\/libreria\/wp-json\/wp\/v2\/product\/17364","targetHints":{"allow":["GET"]}}],"collection":[{"href":"https:\/\/edimeinter.com\/libreria\/wp-json\/wp\/v2\/product"}],"about":[{"href":"https:\/\/edimeinter.com\/libreria\/wp-json\/wp\/v2\/types\/product"}],"replies":[{"embeddable":true,"href":"https:\/\/edimeinter.com\/libreria\/wp-json\/wp\/v2\/comments?post=17364"}],"version-history":[{"count":4,"href":"https:\/\/edimeinter.com\/libreria\/wp-json\/wp\/v2\/product\/17364\/revisions"}],"predecessor-version":[{"id":17369,"href":"https:\/\/edimeinter.com\/libreria\/wp-json\/wp\/v2\/product\/17364\/revisions\/17369"}],"wp:featuredmedia":[{"embeddable":true,"href":"https:\/\/edimeinter.com\/libreria\/wp-json\/wp\/v2\/media\/17365"}],"wp:attachment":[{"href":"https:\/\/edimeinter.com\/libreria\/wp-json\/wp\/v2\/media?parent=17364"}],"wp:term":[{"taxonomy":"product_cat","embeddable":true,"href":"https:\/\/edimeinter.com\/libreria\/wp-json\/wp\/v2\/product_cat?post=17364"},{"taxonomy":"product_tag","embeddable":true,"href":"https:\/\/edimeinter.com\/libreria\/wp-json\/wp\/v2\/product_tag?post=17364"}],"curies":[{"name":"wp","href":"https:\/\/api.w.org\/{rel}","templated":true}]}}