{"id":17370,"date":"2025-10-01T19:16:46","date_gmt":"2025-10-01T19:16:46","guid":{"rendered":"https:\/\/edimeinter.com\/libreria\/?post_type=product&#038;p=17370"},"modified":"2025-10-01T19:24:11","modified_gmt":"2025-10-01T19:24:11","slug":"varcarolis-manual-de-planes-de-cuidado-en-enfermeria-psiquiatrica-7-a-ed","status":"publish","type":"product","link":"https:\/\/edimeinter.com\/libreria\/product\/varcarolis-manual-de-planes-de-cuidado-en-enfermeria-psiquiatrica-7-a-ed\/","title":{"rendered":"Varcarolis. Manual de planes de cuidado en enfermer\u00eda psiqui\u00e1trica 7.\u00aa ed."},"content":{"rendered":"\t\t<div data-elementor-type=\"wp-post\" data-elementor-id=\"17370\" class=\"elementor elementor-17370\">\n\t\t\t\t<div class=\"elementor-element elementor-element-2612b12 e-flex e-con-boxed e-con e-parent\" data-id=\"2612b12\" data-element_type=\"container\" data-e-type=\"container\">\n\t\t\t\t\t<div class=\"e-con-inner\">\n\t\t\n\t\t<div class=\"elementor-element elementor-element-498707ae elementor-widget elementor-widget-text-editor\" data-id=\"498707ae\" data-element_type=\"widget\" data-e-type=\"widget\" data-widget_type=\"text-editor.default\">\n\t\t\t\t<div class=\"elementor-widget-container\">\n\t\t\t\t\t\t\t\t\t<ul style=\"font-weight: 400\"><li>Ofrece la\u00a0<b><strong>\u00faltima informaci\u00f3n disponible para crear planes de cuidados de enfermer\u00eda psiqui\u00e1trica\u00a0<\/strong><\/b>y<b><strong>\u00a0<\/strong><\/b>un acceso r\u00e1pido y f\u00e1cil a las\u00a0<b><strong>\u00faltimas directrices<\/strong><\/b>\u00a0de planificaci\u00f3n de cuidados de salud mental\u00a0<b><strong>para una serie de entornos<\/strong><\/b>, que incluyen la unidad de hospitalizaci\u00f3n, la atenci\u00f3n domiciliaria o el entorno comunitario.<\/li><li>Los diagn\u00f3sticos psiqui\u00e1tricos, los criterios y la organizaci\u00f3n basados en el\u00a0<b><strong>DSM-5<\/strong><\/b>\u00a0ayudan a los estudiantes a realizar una evaluaci\u00f3n y un diagn\u00f3stico precisos.<\/li><li>Los\u00a0<b><strong>diagn\u00f3sticos de la Clasificaci\u00f3n Internacional para la Pr\u00e1ctica de Enfermer\u00eda<\/strong><\/b>\u00a0del Consejo Internacional de Enfermer\u00eda incluyen una terminolog\u00eda sencilla y basada en la evidencia que es f\u00e1cilmente traducible a trav\u00e9s de entornos y disciplinas.<\/li><li>Proporciona planes de cuidados para una\u00a0<b><strong>amplia gama de diagn\u00f3sticos<\/strong><\/b>\u00a0de enfermer\u00eda psiqui\u00e1trica, que contienen el diagn\u00f3stico de enfermer\u00eda y la etiolog\u00eda, as\u00ed como claves diagn\u00f3sticas, resultados, objetivos e intervenciones.<\/li><li>Ofrece la informaci\u00f3n m\u00e1s reciente sobre los diagn\u00f3sticos y las estrategias de evaluaci\u00f3n y tratamiento, incluyendo el\u00a0<b><strong>papel de la tecnolog\u00eda en la atenci\u00f3n psiqui\u00e1trica<\/strong><\/b>.<\/li><\/ul><p>La s\u00e9ptima edici\u00f3n del Manual de cuidados de enfermer\u00eda psiqui\u00e1trica de Varcarolis apoya a los estudiantes en la planificaci\u00f3n de cuidados de enfermer\u00eda realistas, basados en la evidencia e individualizados para los pacientes. Completamente actualizado, este t\u00edtulo ofrece la informaci\u00f3n diagn\u00f3stica de los trastornos psiqui\u00e1tricos m\u00e1s reciente basada en los criterios del DSM-5 y utiliza el sistema de clasificaci\u00f3n de diagn\u00f3sticos de enfermer\u00eda del Consejo Internacional de Enfermer\u00eda para seguir proporcionando una base para el trabajo cl\u00ednico en los entornos psiqui\u00e1tricos contempor\u00e1neos.<\/p>\t\t\t\t\t\t\t\t<\/div>\n\t\t\t\t<\/div>\n\t\t\t\t\t<\/div>\n\t\t\t\t<\/div>\n\t\t\t\t<\/div>\n\t\t","protected":false},"excerpt":{"rendered":"<p><strong>Autores:<\/strong> Margaret Jordan Halter,Christina A. Fratena<br \/>\n<strong>ISBN:<\/strong> 9788413824079<br \/>\n<strong>Editorial:<\/strong> Elsevier<br \/>\n<strong>Edici\u00f3n:<\/strong> 7\u00aa<br \/>\n<strong>Especialidad<\/strong>: Enfermer\u00eda<br \/>\n<strong>P\u00e1ginas<\/strong>: 544<\/p>\n<p>\u00a9 2023<\/p>\n","protected":false},"featured_media":17371,"comment_status":"open","ping_status":"closed","template":"","meta":{"_joinchat":[]},"product_cat":[115],"product_tag":[85,82],"class_list":{"0":"post-17370","1":"product","2":"type-product","3":"status-publish","4":"has-post-thumbnail","6":"product_cat-enfermeria","7":"product_tag-elsevier","8":"product_tag-enfermeria","10":"first","11":"instock","12":"featured","13":"taxable","14":"shipping-taxable","15":"purchasable","16":"product-type-simple"},"_links":{"self":[{"href":"https:\/\/edimeinter.com\/libreria\/wp-json\/wp\/v2\/product\/17370","targetHints":{"allow":["GET"]}}],"collection":[{"href":"https:\/\/edimeinter.com\/libreria\/wp-json\/wp\/v2\/product"}],"about":[{"href":"https:\/\/edimeinter.com\/libreria\/wp-json\/wp\/v2\/types\/product"}],"replies":[{"embeddable":true,"href":"https:\/\/edimeinter.com\/libreria\/wp-json\/wp\/v2\/comments?post=17370"}],"version-history":[{"count":4,"href":"https:\/\/edimeinter.com\/libreria\/wp-json\/wp\/v2\/product\/17370\/revisions"}],"predecessor-version":[{"id":17375,"href":"https:\/\/edimeinter.com\/libreria\/wp-json\/wp\/v2\/product\/17370\/revisions\/17375"}],"wp:featuredmedia":[{"embeddable":true,"href":"https:\/\/edimeinter.com\/libreria\/wp-json\/wp\/v2\/media\/17371"}],"wp:attachment":[{"href":"https:\/\/edimeinter.com\/libreria\/wp-json\/wp\/v2\/media?parent=17370"}],"wp:term":[{"taxonomy":"product_cat","embeddable":true,"href":"https:\/\/edimeinter.com\/libreria\/wp-json\/wp\/v2\/product_cat?post=17370"},{"taxonomy":"product_tag","embeddable":true,"href":"https:\/\/edimeinter.com\/libreria\/wp-json\/wp\/v2\/product_tag?post=17370"}],"curies":[{"name":"wp","href":"https:\/\/api.w.org\/{rel}","templated":true}]}}