{"id":17382,"date":"2025-10-01T19:31:10","date_gmt":"2025-10-01T19:31:10","guid":{"rendered":"https:\/\/edimeinter.com\/libreria\/?post_type=product&#038;p=17382"},"modified":"2026-01-20T18:24:53","modified_gmt":"2026-01-20T18:24:53","slug":"firestein-y-kelley-tratado-de-reumatologia-11-a-ed","status":"publish","type":"product","link":"https:\/\/edimeinter.com\/libreria\/product\/firestein-y-kelley-tratado-de-reumatologia-11-a-ed\/","title":{"rendered":"Firestein y Kelley. Tratado de reumatolog\u00eda 11.\u00aa ed."},"content":{"rendered":"\t\t<div data-elementor-type=\"wp-post\" data-elementor-id=\"17382\" class=\"elementor elementor-17382\">\n\t\t\t\t<div class=\"elementor-element elementor-element-2612b12 e-flex e-con-boxed e-con e-parent\" data-id=\"2612b12\" data-element_type=\"container\" data-e-type=\"container\">\n\t\t\t\t\t<div class=\"e-con-inner\">\n\t\t\n\t\t<div class=\"elementor-element elementor-element-498707ae elementor-widget elementor-widget-text-editor\" data-id=\"498707ae\" data-element_type=\"widget\" data-e-type=\"widget\" data-widget_type=\"text-editor.default\">\n\t\t\t\t<div class=\"elementor-widget-container\">\n\t\t\t\t\t\t\t\t\t<ul><li>Abarca desde la ciencia b\u00e1sica, la inmunolog\u00eda, la anatom\u00eda y la fisiolog\u00eda, hasta las pruebas diagn\u00f3sticas, los procedimientos y los procesos patol\u00f3gicos espec\u00edficos, e incluye datos clave sobre resultados terap\u00e9uticos para tomar decisiones cl\u00ednicas bien documentadas.<\/li><li>Incorpora cap\u00edtulos nuevos: \u00abC\u00e9lulas linfoides innatas y linfocitos citol\u00edticos naturales\u00bb, \u00abPatogenia de las enfermedades mediadas por inflamasomas\u00bb, \u00abBisfosfonatos\u00bb, \u00abEcograf\u00eda en reumatolog\u00eda\u00bb y \u00abEvaluaci\u00f3n de la artritis monoarticular y poliarticular\u00bb.<\/li><li>Incluye 1.200 ilustraciones de alta calidad, tablas de referencia r\u00e1pida y fotograf\u00edas cl\u00ednicas en color.<\/li><li>Comparte el conocimiento y la experiencia de cient\u00edficos de renombre internacional, entre los que se incluye un nuevo editor, el Dr. Gary A. Koretzky, especialista en inmunolog\u00eda y reumatolog\u00eda.<\/li><li>Permite la revisi\u00f3n de los avances en las ciencias b\u00e1sicas y sus aplicaciones cl\u00ednicas, y constituye una gu\u00eda fiable basada en la evidencia de todas las enfermedades y los s\u00edndromes reumatol\u00f3gicos.<\/li><li>Incluye el acceso a la versi\u00f3n electr\u00f3nica en ingl\u00e9s, que permite consultar el texto completo, las figuras y las referencias bibliogr\u00e1ficas de la obra desde diversos dispositivos<\/li><\/ul><p style=\"font-weight: 400\">A lo largo de sus 10 magn\u00edficas ediciones previas, Firestein y Kelley. Tratado de reumatolog\u00eda se\u00a0ha convertido en una gu\u00eda exhaustiva y detallada de reumatolog\u00eda que presenta un equilibrio\u00a0ideal entre las ciencias b\u00e1sicas y la aplicaci\u00f3n cl\u00ednica.<\/p><p style=\"font-weight: 400\">La 11.\u00aa edici\u00f3n de este cl\u00e1sico consolida esta tradici\u00f3n de excelencia y mantiene al lector\u00a0al tanto de los avances recientes en gen\u00e9tica y microbioma, los nuevos tratamientos (como\u00a0las terapias biol\u00f3gicas y biosimilares) y otras novedades en este campo. La obra ofrece una\u00a0amplia cobertura de todos los aspectos del diagn\u00f3stico, el cribado y el tratamiento de\u00a0pacientes adultos y pedi\u00e1tricos, y es una herramienta de consulta f\u00e1cil de usar y a todo\u00a0color.<\/p><p style=\"font-weight: 400\">Incorpora cap\u00edtulos nuevos: \u00abC\u00e9lulas linfoides innatas y linfocitos citol\u00edticos naturales\u00bb,\u00a0\u00abPatogenia de las enfermedades mediadas por inflamasomas\u00bb, \u00abBisfosfonatos\u00bb, \u00abEcograf\u00eda\u00a0en reumatolog\u00eda\u00bb y \u00abEvaluaci\u00f3n de la artritis monoarticular y poliarticular\u00bb e incluye 1.200\u00a0ilustraciones de alta calidad, tablas de referencia r\u00e1pida y fotograf\u00edas cl\u00ednicas en color.<\/p><p style=\"font-weight: 400\">Abarca desde la ciencia b\u00e1sica, la inmunolog\u00eda, la anatom\u00eda y la fisiolog\u00eda, hasta las\u00a0pruebas diagn\u00f3sticas, los procedimientos y los procesos patol\u00f3gicos espec\u00edficos, e incluye\u00a0datos clave sobre resultados terap\u00e9uticos para tomar decisiones cl\u00ednicas bien\u00a0documentadas.<\/p>\t\t\t\t\t\t\t\t<\/div>\n\t\t\t\t<\/div>\n\t\t\t\t\t<\/div>\n\t\t\t\t<\/div>\n\t\t\t\t<\/div>\n\t\t","protected":false},"excerpt":{"rendered":"<p><strong>Autores:<\/strong> Gary S. Firestein,Ralph C. Budd,Sherine E Gabriel,Gary Koretzky,Iain B. McInnes,James R. O&#8217;Dell<br \/>\n<strong>ISBN:<\/strong> 9788413820651<br \/>\n<strong>Editorial:<\/strong> Elsevier<br \/>\n<strong>Edici\u00f3n:<\/strong> 11\u00aa<br \/>\n<strong>Especialidad<\/strong>: Reumatolog\u00eda<br \/>\n<strong>P\u00e1ginas<\/strong>: 2336<\/p>\n<p>\u00a9 2022<\/p>\n","protected":false},"featured_media":17383,"comment_status":"open","ping_status":"closed","template":"","meta":{"_joinchat":[]},"product_cat":[197],"product_tag":[85,198],"class_list":{"0":"post-17382","1":"product","2":"type-product","3":"status-publish","4":"has-post-thumbnail","6":"product_cat-reumatologia","7":"product_tag-elsevier","8":"product_tag-reumatologia","10":"first","11":"instock","12":"featured","13":"taxable","14":"shipping-taxable","15":"purchasable","16":"product-type-simple"},"_links":{"self":[{"href":"https:\/\/edimeinter.com\/libreria\/wp-json\/wp\/v2\/product\/17382","targetHints":{"allow":["GET"]}}],"collection":[{"href":"https:\/\/edimeinter.com\/libreria\/wp-json\/wp\/v2\/product"}],"about":[{"href":"https:\/\/edimeinter.com\/libreria\/wp-json\/wp\/v2\/types\/product"}],"replies":[{"embeddable":true,"href":"https:\/\/edimeinter.com\/libreria\/wp-json\/wp\/v2\/comments?post=17382"}],"version-history":[{"count":5,"href":"https:\/\/edimeinter.com\/libreria\/wp-json\/wp\/v2\/product\/17382\/revisions"}],"predecessor-version":[{"id":17431,"href":"https:\/\/edimeinter.com\/libreria\/wp-json\/wp\/v2\/product\/17382\/revisions\/17431"}],"wp:featuredmedia":[{"embeddable":true,"href":"https:\/\/edimeinter.com\/libreria\/wp-json\/wp\/v2\/media\/17383"}],"wp:attachment":[{"href":"https:\/\/edimeinter.com\/libreria\/wp-json\/wp\/v2\/media?parent=17382"}],"wp:term":[{"taxonomy":"product_cat","embeddable":true,"href":"https:\/\/edimeinter.com\/libreria\/wp-json\/wp\/v2\/product_cat?post=17382"},{"taxonomy":"product_tag","embeddable":true,"href":"https:\/\/edimeinter.com\/libreria\/wp-json\/wp\/v2\/product_tag?post=17382"}],"curies":[{"name":"wp","href":"https:\/\/api.w.org\/{rel}","templated":true}]}}