{"id":17567,"date":"2026-01-09T19:43:04","date_gmt":"2026-01-09T19:43:04","guid":{"rendered":"https:\/\/edimeinter.com\/libreria\/?post_type=product&#038;p=17567"},"modified":"2026-01-09T19:46:31","modified_gmt":"2026-01-09T19:46:31","slug":"electrocardiografia-interpretacion-practica-del-ecg-2a-incluye-ebook","status":"publish","type":"product","link":"https:\/\/edimeinter.com\/libreria\/product\/electrocardiografia-interpretacion-practica-del-ecg-2a-incluye-ebook\/","title":{"rendered":"Electrocardiograf\u00eda Interpretaci\u00f3n pr\u00e1ctica del ECG. 2\u00aa. Incluye eBook"},"content":{"rendered":"\t\t<div data-elementor-type=\"wp-post\" data-elementor-id=\"17567\" class=\"elementor elementor-17567\">\n\t\t\t\t<div class=\"elementor-element elementor-element-2612b12 e-flex e-con-boxed e-con e-parent\" data-id=\"2612b12\" data-element_type=\"container\" data-e-type=\"container\">\n\t\t\t\t\t<div class=\"e-con-inner\">\n\t\t\n\t\t<div class=\"elementor-element elementor-element-498707ae elementor-widget elementor-widget-text-editor\" data-id=\"498707ae\" data-element_type=\"widget\" data-e-type=\"widget\" data-widget_type=\"text-editor.default\">\n\t\t\t\t<div class=\"elementor-widget-container\">\n\t\t\t\t\t\t\t\t\t<p class=\"font-light !leading-[22px] tracking-[1.12px] text-base mb-3 text-gray-500\">La electrocardiograf\u00eda sigue siendo una herramienta complementaria b\u00e1sica en el diagn\u00f3stico y manejo de pacientes con enfermedades cardiovasculares. Y, para garantizar una correcta interpretaci\u00f3n del electrocardiograma (ECG) es fundamental un continuo entrenamiento.<\/p><p class=\"font-light !leading-[22px] tracking-[1.12px] text-base mb-3 text-gray-500\">La segunda edici\u00f3n de esta gu\u00eda mantiene su sencillez y accesibilidad, con seis secciones estructuradas para ayudar al m\u00e9dico en la toma de decisiones en su actividad cl\u00ednica diaria.<\/p>\t\t\t\t\t\t\t\t<\/div>\n\t\t\t\t<\/div>\n\t\t\t\t\t<\/div>\n\t\t\t\t<\/div>\n\t\t\t\t<\/div>\n\t\t","protected":false},"excerpt":{"rendered":"<p><strong>Autores:<\/strong> Fernando Cabrera Bueno,Juan Jos\u00e9 G\u00f3mez Doblas<br \/>\n<strong>ISBN:<\/strong> 9788411063814<br \/>\n<strong>Editorial:<\/strong> Panamericana<br \/>\n<strong>Edici\u00f3n:<\/strong> 2\u00aa<br \/>\n<strong>Especialidad<\/strong>: Cardiolog\u00eda y Cirug\u00eda Vascular<br \/>\n<strong>P\u00e1ginas<\/strong>: 392<\/p>\n<p>\u00a9 2025<\/p>\n","protected":false},"featured_media":17568,"comment_status":"open","ping_status":"closed","template":"","meta":{"_joinchat":[]},"product_cat":[181],"product_tag":[239,182,70],"class_list":{"0":"post-17567","1":"product","2":"type-product","3":"status-publish","4":"has-post-thumbnail","6":"product_cat-cardiologia-y-cirugia-vascular","7":"product_tag-239","8":"product_tag-cardiologia-y-cirugia-vascular","9":"product_tag-panamericana","11":"first","12":"instock","13":"featured","14":"taxable","15":"shipping-taxable","16":"purchasable","17":"product-type-simple"},"_links":{"self":[{"href":"https:\/\/edimeinter.com\/libreria\/wp-json\/wp\/v2\/product\/17567","targetHints":{"allow":["GET"]}}],"collection":[{"href":"https:\/\/edimeinter.com\/libreria\/wp-json\/wp\/v2\/product"}],"about":[{"href":"https:\/\/edimeinter.com\/libreria\/wp-json\/wp\/v2\/types\/product"}],"replies":[{"embeddable":true,"href":"https:\/\/edimeinter.com\/libreria\/wp-json\/wp\/v2\/comments?post=17567"}],"version-history":[{"count":4,"href":"https:\/\/edimeinter.com\/libreria\/wp-json\/wp\/v2\/product\/17567\/revisions"}],"predecessor-version":[{"id":17572,"href":"https:\/\/edimeinter.com\/libreria\/wp-json\/wp\/v2\/product\/17567\/revisions\/17572"}],"wp:featuredmedia":[{"embeddable":true,"href":"https:\/\/edimeinter.com\/libreria\/wp-json\/wp\/v2\/media\/17568"}],"wp:attachment":[{"href":"https:\/\/edimeinter.com\/libreria\/wp-json\/wp\/v2\/media?parent=17567"}],"wp:term":[{"taxonomy":"product_cat","embeddable":true,"href":"https:\/\/edimeinter.com\/libreria\/wp-json\/wp\/v2\/product_cat?post=17567"},{"taxonomy":"product_tag","embeddable":true,"href":"https:\/\/edimeinter.com\/libreria\/wp-json\/wp\/v2\/product_tag?post=17567"}],"curies":[{"name":"wp","href":"https:\/\/api.w.org\/{rel}","templated":true}]}}