{"id":17623,"date":"2026-01-09T20:37:16","date_gmt":"2026-01-09T20:37:16","guid":{"rendered":"https:\/\/edimeinter.com\/libreria\/?post_type=product&#038;p=17623"},"modified":"2026-01-10T15:59:45","modified_gmt":"2026-01-10T15:59:45","slug":"ventilacion-mecanica-para-noveles-desde-la-fisiologia-pulmonar-al-manejo-del-respirador-1a-incluye-ebook","status":"publish","type":"product","link":"https:\/\/edimeinter.com\/libreria\/product\/ventilacion-mecanica-para-noveles-desde-la-fisiologia-pulmonar-al-manejo-del-respirador-1a-incluye-ebook\/","title":{"rendered":"Ventilaci\u00f3n Mec\u00e1nica para noveles. Desde la fisiolog\u00eda pulmonar al manejo del respirador. 1\u00aa. Incluye eBook."},"content":{"rendered":"\t\t<div data-elementor-type=\"wp-post\" data-elementor-id=\"17623\" class=\"elementor elementor-17623\">\n\t\t\t\t<div class=\"elementor-element elementor-element-2612b12 e-flex e-con-boxed e-con e-parent\" data-id=\"2612b12\" data-element_type=\"container\" data-e-type=\"container\">\n\t\t\t\t\t<div class=\"e-con-inner\">\n\t\t\n\t\t<div class=\"elementor-element elementor-element-498707ae elementor-widget elementor-widget-text-editor\" data-id=\"498707ae\" data-element_type=\"widget\" data-e-type=\"widget\" data-widget_type=\"text-editor.default\">\n\t\t\t\t<div class=\"elementor-widget-container\">\n\t\t\t\t\t\t\t\t\t<article id=\"description\" class=\"text-lg font-normal text-gray-500 lg:p-4 w-full mb-0\"><div class=\"overflow-hidden h-auto\"><p class=\"font-light !leading-[22px] tracking-[1.12px] text-base mb-3 text-gray-500\">Este manual es una completa gu\u00eda para saber\u00a0<strong class=\"\">qu\u00e9<\/strong>\u00a0hacer,\u00a0<strong class=\"\">c\u00f3mo<\/strong>\u00a0hacerlo y\u00a0<strong class=\"\">por qu\u00e9<\/strong> se hace, al proporcionar informaci\u00f3n \u00fatil y rigurosa al personal sanitario que trata a enfermos con insuficiencia respiratoria aguda e indicaci\u00f3n de ventilaci\u00f3n mec\u00e1nica invasiva o no invasiva.<\/p><\/div><\/article>\t\t\t\t\t\t\t\t<\/div>\n\t\t\t\t<\/div>\n\t\t\t\t\t<\/div>\n\t\t\t\t<\/div>\n\t\t\t\t<\/div>\n\t\t","protected":false},"excerpt":{"rendered":"<p><strong>Autores:<\/strong> Manuel Herrera Carranza<br \/>\n<strong>ISBN:<\/strong> 9788411063524<br \/>\n<strong>Editorial:<\/strong> Panamericana<br \/>\n<strong>Edici\u00f3n:<\/strong> 1\u00aa<br \/>\n<strong>Especialidad<\/strong>: Neumolog\u00eda<br \/>\n<strong>P\u00e1ginas<\/strong>: 248<\/p>\n<p>\u00a9 2025<\/p>\n","protected":false},"featured_media":17624,"comment_status":"open","ping_status":"closed","template":"","meta":{"_joinchat":[]},"product_cat":[223],"product_tag":[239,224,70],"class_list":{"0":"post-17623","1":"product","2":"type-product","3":"status-publish","4":"has-post-thumbnail","6":"product_cat-neumologia","7":"product_tag-239","8":"product_tag-neumologia","9":"product_tag-panamericana","11":"first","12":"instock","13":"featured","14":"taxable","15":"shipping-taxable","16":"purchasable","17":"product-type-simple"},"_links":{"self":[{"href":"https:\/\/edimeinter.com\/libreria\/wp-json\/wp\/v2\/product\/17623","targetHints":{"allow":["GET"]}}],"collection":[{"href":"https:\/\/edimeinter.com\/libreria\/wp-json\/wp\/v2\/product"}],"about":[{"href":"https:\/\/edimeinter.com\/libreria\/wp-json\/wp\/v2\/types\/product"}],"replies":[{"embeddable":true,"href":"https:\/\/edimeinter.com\/libreria\/wp-json\/wp\/v2\/comments?post=17623"}],"version-history":[{"count":5,"href":"https:\/\/edimeinter.com\/libreria\/wp-json\/wp\/v2\/product\/17623\/revisions"}],"predecessor-version":[{"id":17629,"href":"https:\/\/edimeinter.com\/libreria\/wp-json\/wp\/v2\/product\/17623\/revisions\/17629"}],"wp:featuredmedia":[{"embeddable":true,"href":"https:\/\/edimeinter.com\/libreria\/wp-json\/wp\/v2\/media\/17624"}],"wp:attachment":[{"href":"https:\/\/edimeinter.com\/libreria\/wp-json\/wp\/v2\/media?parent=17623"}],"wp:term":[{"taxonomy":"product_cat","embeddable":true,"href":"https:\/\/edimeinter.com\/libreria\/wp-json\/wp\/v2\/product_cat?post=17623"},{"taxonomy":"product_tag","embeddable":true,"href":"https:\/\/edimeinter.com\/libreria\/wp-json\/wp\/v2\/product_tag?post=17623"}],"curies":[{"name":"wp","href":"https:\/\/api.w.org\/{rel}","templated":true}]}}

Ventilación Mecánica para noveles. Desde la fisiología pulmonar al manejo del respirador. 1ª. Incluye eBook.

<div data-elementor-type="wp-post" data-elementor-id="17623" class="elementor elementor-17623">
				<div class="elementor-element elementor-element-2612b12 e-flex e-con-boxed e-con e-parent" data-id="2612b12" data-element_type="container" data-e-type="container">
					<div class="e-con-inner">
		
		<div class="elementor-element elementor-element-498707ae elementor-widget elementor-widget-text-editor" data-id="498707ae" data-element_type="widget" data-e-type="widget" data-widget_type="text-editor.default">
				<div class="elementor-widget-container">
									<article id="description" class="text-lg font-normal text-gray-500 lg:p-4 w-full mb-0"><div class="overflow-hidden h-auto"><p class="font-light !leading-[22px] tracking-[1.12px] text-base mb-3 text-gray-500">Este manual es una completa guía para saber <strong class="">qué</strong> hacer, <strong class="">cómo</strong> hacerlo y <strong class="">por qué</strong> se hace, al proporcionar información útil y rigurosa al personal sanitario que trata a enfermos con insuficiencia respiratoria aguda e indicación de ventilación mecánica invasiva o no invasiva.</p></div></article>								</div>
				</div>
					</div>
				</div>
				</div>

<p><strong>Autores:</strong> Manuel Herrera Carranza<br />
<strong>ISBN:</strong> 9788411063524<br />
<strong>Editorial:</strong> Panamericana<br />
<strong>Edición:</strong> 1ª<br />
<strong>Especialidad</strong>: Neumología<br />
<strong>Páginas</strong>: 248</p>
<p>© 2025</p>
