{"id":17667,"date":"2026-01-10T16:42:15","date_gmt":"2026-01-10T16:42:15","guid":{"rendered":"https:\/\/edimeinter.com\/libreria\/?post_type=product&#038;p=17667"},"modified":"2026-01-11T19:57:48","modified_gmt":"2026-01-11T19:57:48","slug":"fisiopatologia-para-ciencias-biomedicas-1a-incluye-ebook","status":"publish","type":"product","link":"https:\/\/edimeinter.com\/libreria\/product\/fisiopatologia-para-ciencias-biomedicas-1a-incluye-ebook\/","title":{"rendered":"Fisiopatolog\u00eda para ciencias biom\u00e9dicas. 1\u00aa. Incluye eBook."},"content":{"rendered":"\t\t<div data-elementor-type=\"wp-post\" data-elementor-id=\"17667\" class=\"elementor elementor-17667\">\n\t\t\t\t\n<div class=\"elementor-element elementor-element-2612b12 e-flex e-con-boxed e-con e-parent\" data-id=\"2612b12\" data-element_type=\"container\" data-e-type=\"container\">\n\t\t\t\t\t<div class=\"e-con-inner\">\n\t\t\n\t\t<div class=\"elementor-element elementor-element-498707ae elementor-widget elementor-widget-text-editor\" data-id=\"498707ae\" data-element_type=\"widget\" data-e-type=\"widget\" data-widget_type=\"text-editor.default\">\n\t\t\t\t<div class=\"elementor-widget-container\">\n\t\t\t\t\t\t\t\t\t<p class=\"font-light !leading-[22px] tracking-[1.12px] text-base mb-3 text-gray-500\">Esta obra pretende aportar un nuevo enfoque traslacional de la fisiopatolog\u00eda, desde la investigaci\u00f3n b\u00e1sica, el desarrollo de t\u00e9cnicas y dispositivos m\u00e9dicos hasta la pr\u00e1ctica cl\u00ednica asistencial, explicando las alteraciones moleculares, gen\u00e9ticas y bioqu\u00edmicas que participan en los procesos fisiol\u00f3gicos que se ven alterados en algunas enfermedades<span class=\"\">\u00a0<\/span>y c\u00f3mo estos derivan en las manifestaciones cl\u00ednicas, aportando informaci\u00f3n para el diagn\u00f3stico y desarrollo de dianas terap\u00e9uticas.<\/p>\t\t\t\t\t\t\t\t<\/div>\n\t\t\t\t<\/div>\n\t\t\t\t\t<\/div>\n\t\t\t\t<\/div>\n\t\t\t\t<\/div>\n\t\t","protected":false},"excerpt":{"rendered":"<p><strong>Autores:<\/strong> Jaime Ruiz-Tovar Polo,Isabel Olazabal Olarreaga<br \/>\n<strong>ISBN: <\/strong>9788491101321<br \/>\n<strong>Editorial:<\/strong> Panamericana<br \/>\n<strong>Edici\u00f3n:<\/strong> 1\u00aa<br \/>\n<strong>Especialidad<\/strong>: Fisiopatolog\u00eda<br \/>\n<strong>P\u00e1ginas<\/strong>: 564<\/p>\n<p>\u00a9 2025<\/p>\n","protected":false},"featured_media":17668,"comment_status":"open","ping_status":"closed","template":"","meta":{"_joinchat":[]},"product_cat":[170],"product_tag":[239,171,70],"class_list":{"0":"post-17667","1":"product","2":"type-product","3":"status-publish","4":"has-post-thumbnail","6":"product_cat-fisiopatologia","7":"product_tag-239","8":"product_tag-fisiopatologia","9":"product_tag-panamericana","11":"first","12":"instock","13":"featured","14":"taxable","15":"shipping-taxable","16":"purchasable","17":"product-type-simple"},"_links":{"self":[{"href":"https:\/\/edimeinter.com\/libreria\/wp-json\/wp\/v2\/product\/17667","targetHints":{"allow":["GET"]}}],"collection":[{"href":"https:\/\/edimeinter.com\/libreria\/wp-json\/wp\/v2\/product"}],"about":[{"href":"https:\/\/edimeinter.com\/libreria\/wp-json\/wp\/v2\/types\/product"}],"replies":[{"embeddable":true,"href":"https:\/\/edimeinter.com\/libreria\/wp-json\/wp\/v2\/comments?post=17667"}],"version-history":[{"count":5,"href":"https:\/\/edimeinter.com\/libreria\/wp-json\/wp\/v2\/product\/17667\/revisions"}],"predecessor-version":[{"id":17791,"href":"https:\/\/edimeinter.com\/libreria\/wp-json\/wp\/v2\/product\/17667\/revisions\/17791"}],"wp:featuredmedia":[{"embeddable":true,"href":"https:\/\/edimeinter.com\/libreria\/wp-json\/wp\/v2\/media\/17668"}],"wp:attachment":[{"href":"https:\/\/edimeinter.com\/libreria\/wp-json\/wp\/v2\/media?parent=17667"}],"wp:term":[{"taxonomy":"product_cat","embeddable":true,"href":"https:\/\/edimeinter.com\/libreria\/wp-json\/wp\/v2\/product_cat?post=17667"},{"taxonomy":"product_tag","embeddable":true,"href":"https:\/\/edimeinter.com\/libreria\/wp-json\/wp\/v2\/product_tag?post=17667"}],"curies":[{"name":"wp","href":"https:\/\/api.w.org\/{rel}","templated":true}]}}