{"id":17893,"date":"2026-03-17T23:28:36","date_gmt":"2026-03-17T23:28:36","guid":{"rendered":"https:\/\/edimeinter.com\/libreria\/?post_type=product&#038;p=17893"},"modified":"2026-03-30T20:39:04","modified_gmt":"2026-03-30T20:39:04","slug":"ecografia-dermatologica-incluye-ebook","status":"publish","type":"product","link":"https:\/\/edimeinter.com\/libreria\/product\/ecografia-dermatologica-incluye-ebook\/","title":{"rendered":"Ecograf\u00eda Dermatol\u00f3gica. Incluye eBook"},"content":{"rendered":"\t\t<div data-elementor-type=\"wp-post\" data-elementor-id=\"17893\" class=\"elementor elementor-17893\">\n\t\t\t\t\n<div class=\"elementor-element elementor-element-2612b12 e-flex e-con-boxed e-con e-parent\" data-id=\"2612b12\" data-element_type=\"container\" data-e-type=\"container\">\n\t\t\t\t\t<div class=\"e-con-inner\">\n\t\t\n\t\t<div class=\"elementor-element elementor-element-498707ae elementor-widget elementor-widget-text-editor\" data-id=\"498707ae\" data-element_type=\"widget\" data-e-type=\"widget\" data-widget_type=\"text-editor.default\">\n\t\t\t\t<div class=\"elementor-widget-container\">\n\t\t\t\t\t\t\t\t\t<p><em>Ecograf\u00eda dermatol\u00f3gica<\/em>\u00a0re\u00fane el conocimiento y los avances esenciales en este campo. Ofrece una amplia variedad de temas pr\u00e1cticos que incluyen la anatom\u00eda normal, protocolos y ajustes, patolog\u00edas dermatol\u00f3gicas frecuentes, procedimientos intervencionistas y consejos para el informe de los ex\u00e1menes. Incluye, adem\u00e1s, la correlaci\u00f3n cl\u00ednica, ecogr\u00e1fica e histol\u00f3gica de diferentes patolog\u00edas de la piel, junto con algoritmos \u00fatiles para discernirlas, 150 preguntas de autoevaluaci\u00f3n, videos ecogr\u00e1ficos y una gran cantidad de im\u00e1genes de \u00faltima generaci\u00f3n obtenidas con transductores de entre 18 y 70\u00a0MHz.<\/p><p>El libro se divide en tres secciones.<\/p>\t\t\t\t\t\t\t\t<\/div>\n\t\t\t\t<\/div>\n\t\t\t\t\t<\/div>\n\t\t\t\t<\/div>\n\t\t\t\t<\/div>\n\t\t","protected":false},"excerpt":{"rendered":"<p><strong>Autores:<\/strong> Ximena Wortsman<br \/>\n<strong>ISBN: <\/strong>9786319090994<br \/>\n<strong>Editorial:<\/strong> Ediciones Journal<br \/>\n<strong>Edici\u00f3n:<\/strong> 1\u00aa<br \/>\n<strong>Especialidad<\/strong>: Diagnostico por im\u00e1genes<br \/>\n<strong>P\u00e1ginas<\/strong>: 432<\/p>\n<p>\u00a9 2026<\/p>\n","protected":false},"featured_media":17894,"comment_status":"open","ping_status":"closed","template":"","meta":{"_joinchat":[]},"product_cat":[80],"product_tag":[254,81,110],"class_list":{"0":"post-17893","1":"product","2":"type-product","3":"status-publish","4":"has-post-thumbnail","6":"product_cat-diagnostico-por-imagenes","7":"product_tag-254","8":"product_tag-diagnostico-por-imagenes","9":"product_tag-ediciones-journal","11":"first","12":"instock","13":"featured","14":"taxable","15":"shipping-taxable","16":"purchasable","17":"product-type-simple"},"_links":{"self":[{"href":"https:\/\/edimeinter.com\/libreria\/wp-json\/wp\/v2\/product\/17893","targetHints":{"allow":["GET"]}}],"collection":[{"href":"https:\/\/edimeinter.com\/libreria\/wp-json\/wp\/v2\/product"}],"about":[{"href":"https:\/\/edimeinter.com\/libreria\/wp-json\/wp\/v2\/types\/product"}],"replies":[{"embeddable":true,"href":"https:\/\/edimeinter.com\/libreria\/wp-json\/wp\/v2\/comments?post=17893"}],"version-history":[{"count":5,"href":"https:\/\/edimeinter.com\/libreria\/wp-json\/wp\/v2\/product\/17893\/revisions"}],"predecessor-version":[{"id":17899,"href":"https:\/\/edimeinter.com\/libreria\/wp-json\/wp\/v2\/product\/17893\/revisions\/17899"}],"wp:featuredmedia":[{"embeddable":true,"href":"https:\/\/edimeinter.com\/libreria\/wp-json\/wp\/v2\/media\/17894"}],"wp:attachment":[{"href":"https:\/\/edimeinter.com\/libreria\/wp-json\/wp\/v2\/media?parent=17893"}],"wp:term":[{"taxonomy":"product_cat","embeddable":true,"href":"https:\/\/edimeinter.com\/libreria\/wp-json\/wp\/v2\/product_cat?post=17893"},{"taxonomy":"product_tag","embeddable":true,"href":"https:\/\/edimeinter.com\/libreria\/wp-json\/wp\/v2\/product_tag?post=17893"}],"curies":[{"name":"wp","href":"https:\/\/api.w.org\/{rel}","templated":true}]}}