{"id":17932,"date":"2026-03-20T00:48:45","date_gmt":"2026-03-20T00:48:45","guid":{"rendered":"https:\/\/edimeinter.com\/libreria\/?post_type=product&#038;p=17932"},"modified":"2026-03-30T20:36:38","modified_gmt":"2026-03-30T20:36:38","slug":"anomalias-vasculares-en-la-infancia-un-abordaje-multidisciplinario-incluye-ebook","status":"publish","type":"product","link":"https:\/\/edimeinter.com\/libreria\/product\/anomalias-vasculares-en-la-infancia-un-abordaje-multidisciplinario-incluye-ebook\/","title":{"rendered":"Anomal\u00edas vasculares en la infancia: Un abordaje multidisciplinario. Incluye eBook"},"content":{"rendered":"\t\t<div data-elementor-type=\"wp-post\" data-elementor-id=\"17932\" class=\"elementor elementor-17932\">\n\t\t\t\t<div class=\"elementor-element elementor-element-2612b12 e-flex e-con-boxed e-con e-parent\" data-id=\"2612b12\" data-element_type=\"container\" data-e-type=\"container\">\n\t\t\t\t\t<div class=\"e-con-inner\">\n\t\t\n\t\t<div class=\"elementor-element elementor-element-498707ae elementor-widget elementor-widget-text-editor\" data-id=\"498707ae\" data-element_type=\"widget\" data-e-type=\"widget\" data-widget_type=\"text-editor.default\">\n\t\t\t\t<div class=\"elementor-widget-container\">\n\t\t\t\t\t\t\t\t\t<p>Anomal\u00edas vasculares en la infancia | Un abordaje multidisciplinario es el resultado del trabajo interdisciplinario entre especialistas de dermatolog\u00eda, radiolog\u00eda, gen\u00e9tica, cirug\u00eda, hematolog\u00eda y patolog\u00eda. Los m\u00e1s recientes hallazgos gen\u00e9ticos han abierto un nuevo horizonte para la atenci\u00f3n de estas complejas entidades con la utilizaci\u00f3n de novedosas terapias dirigidas, lo que permite obtener mejores resultados y ofrecer a los pacientes una mejor calidad de vida.<\/p><p>Anomal\u00edas vasculares en la infancia | Un abordaje multidisciplinario est\u00e1 dirigido a dermat\u00f3logos, pediatras, radi\u00f3logos, cirujanos, pat\u00f3logos, hemat\u00f3logos, genetistas y a los especialistas de otras \u00e1reas interesados en el manejo interdisciplinario de estas enigm\u00e1ticas patolog\u00edas. Su aporte tambi\u00e9n es relevante para investigadores acad\u00e9micos en el campo de la medicina vascular.<\/p>\t\t\t\t\t\t\t\t<\/div>\n\t\t\t\t<\/div>\n\t\t\t\t\t<\/div>\n\t\t\t\t<\/div>\n\t\t\t\t<\/div>\n\t\t","protected":false},"excerpt":{"rendered":"<p><strong>Autores:<\/strong> Dar\u00edo Teplisky, Natalia Torres, Mar\u00eda R. Cordisco<br \/>\n<strong>ISBN: <\/strong>9789878452906<br \/>\n<strong>Editorial:<\/strong> Ediciones Journal<br \/>\n<strong>Edici\u00f3n:<\/strong> 1\u00aa<br \/>\n<strong>Especialidad<\/strong>: Pediatr\u00eda y Neonatolog\u00eda<br \/>\n<strong>P\u00e1ginas<\/strong>: 451<\/p>\n<p>\u00a9 2025<\/p>\n","protected":false},"featured_media":17933,"comment_status":"open","ping_status":"closed","template":"","meta":{"_joinchat":[]},"product_cat":[130],"product_tag":[239,110,131],"class_list":{"0":"post-17932","1":"product","2":"type-product","3":"status-publish","4":"has-post-thumbnail","6":"product_cat-pediatria-y-neonatologia","7":"product_tag-239","8":"product_tag-ediciones-journal","9":"product_tag-pediatria-y-neonatologia","11":"first","12":"instock","13":"featured","14":"taxable","15":"shipping-taxable","16":"purchasable","17":"product-type-simple"},"_links":{"self":[{"href":"https:\/\/edimeinter.com\/libreria\/wp-json\/wp\/v2\/product\/17932","targetHints":{"allow":["GET"]}}],"collection":[{"href":"https:\/\/edimeinter.com\/libreria\/wp-json\/wp\/v2\/product"}],"about":[{"href":"https:\/\/edimeinter.com\/libreria\/wp-json\/wp\/v2\/types\/product"}],"replies":[{"embeddable":true,"href":"https:\/\/edimeinter.com\/libreria\/wp-json\/wp\/v2\/comments?post=17932"}],"version-history":[{"count":4,"href":"https:\/\/edimeinter.com\/libreria\/wp-json\/wp\/v2\/product\/17932\/revisions"}],"predecessor-version":[{"id":17937,"href":"https:\/\/edimeinter.com\/libreria\/wp-json\/wp\/v2\/product\/17932\/revisions\/17937"}],"wp:featuredmedia":[{"embeddable":true,"href":"https:\/\/edimeinter.com\/libreria\/wp-json\/wp\/v2\/media\/17933"}],"wp:attachment":[{"href":"https:\/\/edimeinter.com\/libreria\/wp-json\/wp\/v2\/media?parent=17932"}],"wp:term":[{"taxonomy":"product_cat","embeddable":true,"href":"https:\/\/edimeinter.com\/libreria\/wp-json\/wp\/v2\/product_cat?post=17932"},{"taxonomy":"product_tag","embeddable":true,"href":"https:\/\/edimeinter.com\/libreria\/wp-json\/wp\/v2\/product_tag?post=17932"}],"curies":[{"name":"wp","href":"https:\/\/api.w.org\/{rel}","templated":true}]}}