{"id":17944,"date":"2026-03-20T01:01:36","date_gmt":"2026-03-20T01:01:36","guid":{"rendered":"https:\/\/edimeinter.com\/libreria\/?post_type=product&#038;p=17944"},"modified":"2026-03-30T20:35:54","modified_gmt":"2026-03-30T20:35:54","slug":"oxigenoterapia-incluye-ebook","status":"publish","type":"product","link":"https:\/\/edimeinter.com\/libreria\/product\/oxigenoterapia-incluye-ebook\/","title":{"rendered":"Oxigenoterapia. Incluye eBook"},"content":{"rendered":"\t\t<div data-elementor-type=\"wp-post\" data-elementor-id=\"17944\" class=\"elementor elementor-17944\">\n\t\t\t\t<div class=\"elementor-element elementor-element-2612b12 e-flex e-con-boxed e-con e-parent\" data-id=\"2612b12\" data-element_type=\"container\" data-e-type=\"container\">\n\t\t\t\t\t<div class=\"e-con-inner\">\n\t\t\n\t\t<div class=\"elementor-element elementor-element-498707ae elementor-widget elementor-widget-text-editor\" data-id=\"498707ae\" data-element_type=\"widget\" data-e-type=\"widget\" data-widget_type=\"text-editor.default\">\n\t\t\t\t<div class=\"elementor-widget-container\">\n\t\t\t\t\t\t\t\t\t<p>Oxigenoterapia: Usos m\u00e9dicos en situaciones agudas y cr\u00f3nicas (segunda edici\u00f3n) describe los avances m\u00e9dicos actuales sobre los usos del ox\u00edgeno medicinal en la pr\u00e1ctica diaria. Expertos de Espa\u00f1a y Argentina han redactado cada cap\u00edtulo, en donde se han detallado los fundamentos del uso terap\u00e9utico del ox\u00edgeno medicinal y los aspectos pr\u00e1cticos de los sistemas de administraci\u00f3n, seg\u00fan sea el caso: prehospitalario en urgencias, cr\u00f3nico a trav\u00e9s de dispositivos domiciliarios, o en situaciones especiales (como el uso ambulatorio de ox\u00edgeno y la reciente pandemia COVID-19).<\/p>\t\t\t\t\t\t\t\t<\/div>\n\t\t\t\t<\/div>\n\t\t\t\t\t<\/div>\n\t\t\t\t<\/div>\n\t\t\t\t<\/div>\n\t\t","protected":false},"excerpt":{"rendered":"<p><strong>Autores:<\/strong> Carlos A. J. Codinardo<br \/>\n<strong>ISBN: <\/strong>9789878452838<br \/>\n<strong>Editorial:<\/strong> Ediciones Journal<br \/>\n<strong>Edici\u00f3n:<\/strong> 2\u00aa<br \/>\n<strong>Especialidad<\/strong>: Neumolog\u00eda<br \/>\n<strong>P\u00e1ginas<\/strong>: 233<\/p>\n<p>\u00a9 2025<\/p>\n","protected":false},"featured_media":17945,"comment_status":"open","ping_status":"closed","template":"","meta":{"_joinchat":[]},"product_cat":[223],"product_tag":[239,110,224],"class_list":{"0":"post-17944","1":"product","2":"type-product","3":"status-publish","4":"has-post-thumbnail","6":"product_cat-neumologia","7":"product_tag-239","8":"product_tag-ediciones-journal","9":"product_tag-neumologia","11":"first","12":"instock","13":"featured","14":"taxable","15":"shipping-taxable","16":"purchasable","17":"product-type-simple"},"_links":{"self":[{"href":"https:\/\/edimeinter.com\/libreria\/wp-json\/wp\/v2\/product\/17944","targetHints":{"allow":["GET"]}}],"collection":[{"href":"https:\/\/edimeinter.com\/libreria\/wp-json\/wp\/v2\/product"}],"about":[{"href":"https:\/\/edimeinter.com\/libreria\/wp-json\/wp\/v2\/types\/product"}],"replies":[{"embeddable":true,"href":"https:\/\/edimeinter.com\/libreria\/wp-json\/wp\/v2\/comments?post=17944"}],"version-history":[{"count":5,"href":"https:\/\/edimeinter.com\/libreria\/wp-json\/wp\/v2\/product\/17944\/revisions"}],"predecessor-version":[{"id":17951,"href":"https:\/\/edimeinter.com\/libreria\/wp-json\/wp\/v2\/product\/17944\/revisions\/17951"}],"wp:featuredmedia":[{"embeddable":true,"href":"https:\/\/edimeinter.com\/libreria\/wp-json\/wp\/v2\/media\/17945"}],"wp:attachment":[{"href":"https:\/\/edimeinter.com\/libreria\/wp-json\/wp\/v2\/media?parent=17944"}],"wp:term":[{"taxonomy":"product_cat","embeddable":true,"href":"https:\/\/edimeinter.com\/libreria\/wp-json\/wp\/v2\/product_cat?post=17944"},{"taxonomy":"product_tag","embeddable":true,"href":"https:\/\/edimeinter.com\/libreria\/wp-json\/wp\/v2\/product_tag?post=17944"}],"curies":[{"name":"wp","href":"https:\/\/api.w.org\/{rel}","templated":true}]}}

<div data-elementor-type="wp-post" data-elementor-id="17944" class="elementor elementor-17944">
				<div class="elementor-element elementor-element-2612b12 e-flex e-con-boxed e-con e-parent" data-id="2612b12" data-element_type="container" data-e-type="container">
					<div class="e-con-inner">
		
		<div class="elementor-element elementor-element-498707ae elementor-widget elementor-widget-text-editor" data-id="498707ae" data-element_type="widget" data-e-type="widget" data-widget_type="text-editor.default">
				<div class="elementor-widget-container">
									<p>Oxigenoterapia: Usos médicos en situaciones agudas y crónicas (segunda edición) describe los avances médicos actuales sobre los usos del oxígeno medicinal en la práctica diaria. Expertos de España y Argentina han redactado cada capítulo, en donde se han detallado los fundamentos del uso terapéutico del oxígeno medicinal y los aspectos prácticos de los sistemas de administración, según sea el caso: prehospitalario en urgencias, crónico a través de dispositivos domiciliarios, o en situaciones especiales (como el uso ambulatorio de oxígeno y la reciente pandemia COVID-19).</p>								</div>
				</div>
					</div>
				</div>
				</div>

<p><strong>Autores:</strong> Carlos A. J. Codinardo<br />
<strong>ISBN: </strong>9789878452838<br />
<strong>Editorial:</strong> Ediciones Journal<br />
<strong>Edición:</strong> 2ª<br />
<strong>Especialidad</strong>: Neumología<br />
<strong>Páginas</strong>: 233</p>
<p>© 2025</p>
